{"id":943,"date":"2021-02-19T10:46:22","date_gmt":"2021-02-19T13:46:22","guid":{"rendered":"https:\/\/sites.usp.br\/pgonco\/?page_id=943"},"modified":"2025-08-11T12:54:35","modified_gmt":"2025-08-11T15:54:35","slug":"producoes","status":"publish","type":"page","link":"https:\/\/sites.usp.br\/pgonco\/producoes\/","title":{"rendered":"Produ\u00e7\u00f5es"},"content":{"rendered":"<p><span style=\"font-weight: 400;\">&#8211; Acesso \u00e0 <\/span><a href=\"http:\/\/www.usp.br\/sibi\/\"><span style=\"font-weight: 400;\">SIBi (Sistema Integrado de Bibliotecas USP )<\/span><\/a><\/p>\n<p><span style=\"font-weight: 400;\">&#8211; Acesso \u00e0s disserta\u00e7\u00f5es\/teses: <\/span><a href=\"http:\/\/www.teses.usp.br\/\"><span style=\"font-weight: 400;\">http:\/\/www.teses.usp.br\/<\/span><\/a><\/p>\n<p><span style=\"font-weight: 400;\">EGRESSOS e TESES<\/span><a href=\"https:\/\/teses.usp.br\/index.php?option=com_jumi&amp;fileid=9&amp;Itemid=159&amp;lang=pt-br&amp;id=17154&amp;prog=17022&amp;exp=0\"><span style=\"font-weight: 400;\"> Diferencia\u00e7\u00e3o Celular Normal e Neopl\u00e1sicas<\/span><\/a><span style=\"font-weight: 400;\"> e <\/span><a href=\"https:\/\/teses.usp.br\/index.php?option=com_jumi&amp;fileid=9&amp;Itemid=159&amp;lang=pt-br&amp;id=17153&amp;prog=17022&amp;exp=0\"><span style=\"font-weight: 400;\">C\u00e9lulas-Tronco e Terapia Celular<\/span><\/a><\/p>\n<p>&nbsp;<\/p>\n<h3><span style=\"font-weight: 400;\">DISSERTA\u00c7\u00d5ES DE MESTRADO<\/span><\/h3>\n<p><a href=\"https:\/\/www.teses.usp.br\/teses\/disponiveis\/17\/17153\/tde-14072025-145632\/pt-br.php\">Gabriel Montenegro de Campos<\/a> &#8211; 4\/25\/2025<\/p>\n<p><a href=\"https:\/\/www.teses.usp.br\/teses\/disponiveis\/17\/17154\/tde-14072025-145431\/pt-br.php\">Viviane Oliveira Marcacine<\/a> &#8211; 4\/25\/2025<\/p>\n<p><a href=\"https:\/\/www.teses.usp.br\/teses\/disponiveis\/17\/17154\/tde-24062025-110558\/pt-br.php\">Bianca Naomi de Carvalho<\/a> &#8211; 3\/11\/2025<\/p>\n<p><a href=\"https:\/\/www.teses.usp.br\/teses\/disponiveis\/17\/17154\/tde-23012025-093202\/pt-br.php\">Mariana Andrade Costa<\/a> &#8211; 9\/25\/2024<\/p>\n<p><a href=\"https:\/\/www.teses.usp.br\/teses\/disponiveis\/17\/17154\/tde-23012025-092947\/pt-br.php\">Maria Jul\u00eda Pagliarone<\/a> &#8211; 9\/19\/2024<\/p>\n<p><a href=\"https:\/\/www.teses.usp.br\/teses\/disponiveis\/17\/17153\/tde-22012025-164616\/pt-br.php\">Anielly Sarana da Silva<\/a> &#8211; 9\/6\/2024<\/p>\n<p><a href=\"https:\/\/www.teses.usp.br\/teses\/disponiveis\/17\/17154\/tde-26092024-135948\/pt-br.php\">Milena Rodrigues Vasconcelos<\/a> &#8211; 6\/20\/2024<\/p>\n<p><a href=\"https:\/\/www.teses.usp.br\/teses\/disponiveis\/17\/17153\/tde-10062024-091814\/pt-br.php\">Nath\u00e1lia Araujo Macedo<\/a> &#8211; 3\/22\/2024<\/p>\n<p><a href=\"https:\/\/www.teses.usp.br\/teses\/disponiveis\/17\/17153\/tde-13052024-144054\/pt-br.php\">Sarah Caroline Gomes de Lima<\/a> &#8211; 2\/20\/2024<\/p>\n<p><a href=\"https:\/\/www.teses.usp.br\/teses\/disponiveis\/17\/17153\/tde-13052024-152548\/pt-br.php\">Maria Luiza Arrojo<\/a> &#8211; 2\/8\/2024<\/p>\n<p><a href=\"https:\/\/www.teses.usp.br\/teses\/disponiveis\/17\/17153\/tde-12042024-093103\/pt-br.php\">Felipe Haddad<\/a> &#8211; 1\/18\/2024<\/p>\n<p><a href=\"https:\/\/www.teses.usp.br\/teses\/disponiveis\/17\/17154\/tde-15022024-103230\/pt-br.php\">Thiago de Carvalho Reis<\/a> &#8211; 11\/27\/2023<\/p>\n<p><a href=\"https:\/\/www.teses.usp.br\/teses\/disponiveis\/17\/17154\/tde-15022024-102949\/pt-br.php\">Vanessa Tonetto Marques Galves<\/a> &#8211; 10\/19\/2023<\/p>\n<p><a href=\"https:\/\/www.teses.usp.br\/teses\/disponiveis\/17\/17154\/tde-05012024-142422\/pt-br.php\">Manuela Albuquerque de Melo<\/a> &#8211; 9\/28\/2023<\/p>\n<p><a href=\"https:\/\/www.teses.usp.br\/teses\/disponiveis\/17\/17153\/tde-16102023-115348\/pt-br.php\">Victoria Simionatto Zucherato<\/a> &#8211; 6\/6\/2023<\/p>\n<p><a href=\"https:\/\/www.teses.usp.br\/teses\/disponiveis\/17\/17154\/tde-03022023-144951\/pt-br.php\">Victor Augusto Minari<\/a> &#8211; 11\/7\/2022<\/p>\n<p><a href=\"https:\/\/www.teses.usp.br\/teses\/disponiveis\/17\/17154\/tde-03012023-122349\/pt-br.php\">Mariama Gentil Mussolin<\/a> &#8211; 10\/13\/2022<\/p>\n<p><a href=\"https:\/\/www.teses.usp.br\/teses\/disponiveis\/17\/17153\/tde-01122022-114546\/pt-br.php\">Heloisa Brand<\/a> &#8211; 9\/27\/2022<\/p>\n<p><a href=\"https:\/\/www.teses.usp.br\/teses\/disponiveis\/17\/17154\/tde-08112022-125609\/pt-br.php\">Anna Beatriz Machado Vercesi<\/a> &#8211; 8\/19\/2022<\/p>\n<p><a href=\"https:\/\/www.teses.usp.br\/teses\/disponiveis\/17\/17154\/tde-08092022-163720\/pt-br.php\">Anny Alves Pereira<\/a> Trevisan &#8211; 6\/28\/2022<\/p>\n<p><a href=\"https:\/\/www.teses.usp.br\/teses\/disponiveis\/17\/17154\/tde-08092022-163528\/pt-br.php\">Kaique Ferreira Costa de Almeida<\/a> &#8211; 6\/27\/2022<\/p>\n<p><a href=\"https:\/\/www.teses.usp.br\/teses\/disponiveis\/17\/17154\/tde-06122021-124241\/pt-br.php\">Fernanda Bortolotto<\/a> &#8211; 9\/2\/2021<\/p>\n<p><a href=\"https:\/\/www.teses.usp.br\/teses\/disponiveis\/17\/17153\/tde-04102021-161934\/pt-br.php\">Rafael dos Santos Bezerra<\/a> &#8211; 7\/16\/2021<\/p>\n<p><a href=\"https:\/\/www.teses.usp.br\/teses\/disponiveis\/17\/17153\/tde-04102021-161614\/pt-br.php\">Felipe Augusto R\u00f3s<\/a> &#8211; 7\/7\/2021<\/p>\n<p><a href=\"https:\/\/www.teses.usp.br\/teses\/disponiveis\/17\/17154\/tde-09092021-085045\/pt-br.php\">Gabriel Carlos Baldissera<\/a> &#8211; 7\/5\/2021<\/p>\n<p><a href=\"https:\/\/www.teses.usp.br\/teses\/disponiveis\/17\/17153\/tde-09092021-084735\/pt-br.php\">Ian Nunes Valen\u00e7a<\/a> &#8211; 6\/14\/2021<\/p>\n<p><a href=\"https:\/\/www.teses.usp.br\/teses\/disponiveis\/17\/17154\/tde-10052021-142751\/pt-br.php\">Graziela de Moura Aguiar<\/a> &#8211; 2\/4\/2021<\/p>\n<p><a href=\"https:\/\/www.teses.usp.br\/teses\/disponiveis\/17\/17153\/tde-09042021-095438\/pt-br.php\">Juliana de Matos Ma\u00e7onetto<\/a> &#8211; 1\/4\/2021<\/p>\n<p><a href=\"https:\/\/www.teses.usp.br\/teses\/disponiveis\/17\/17154\/tde-09042021-094846\/pt-br.php\">Matheus de Aquino Moreira Guimar\u00e3es<\/a> &#8211; 12\/8\/2020<\/p>\n<p><a href=\"https:\/\/www.teses.usp.br\/teses\/disponiveis\/17\/17154\/tde-02122020-095720\/pt-br.php\">Talita Perez Sanches<\/a> &#8211; 9\/16\/2020<\/p>\n<p><a href=\"https:\/\/www.teses.usp.br\/teses\/disponiveis\/17\/17153\/tde-05102020-093149\/pt-br.php\">Antonio Bruno Alves da Silva<\/a> &#8211; 7\/8\/2020<\/p>\n<p><a href=\"https:\/\/www.teses.usp.br\/teses\/disponiveis\/17\/17153\/tde-19082020-093414\/pt-br.php\">Rafaela Rossetti<\/a> &#8211; 3\/20\/2020<\/p>\n<p><a href=\"https:\/\/teses.usp.br\/teses\/disponiveis\/17\/17154\/tde-13042020-152858\/pt-br.php\">Carolina Estevam Martinez<\/a> &#8211; 12\/10\/2019<\/p>\n<p><a href=\"https:\/\/www.teses.usp.br\/teses\/disponiveis\/17\/17153\/tde-19012021-120625\/pt-br.php\">Alexander Rodrigo Ferreira<\/a> &#8211; 10\/4\/2019<\/p>\n<p><a href=\"https:\/\/teses.usp.br\/teses\/disponiveis\/17\/17154\/tde-12112019-102150\/pt-br.php\">Larissa Guerra Nammur <\/a>\u00a0&#8211; 8\/7\/2019<\/p>\n<p><a href=\"https:\/\/teses.usp.br\/teses\/disponiveis\/17\/17153\/tde-22072019-131627\/pt-br.php\">Mariane Cristina do Nascimento<\/a> &#8211; 12\/12\/2018<\/p>\n<p><a href=\"https:\/\/teses.usp.br\/teses\/disponiveis\/17\/17153\/tde-12022019-110525\/pt-br.php\">Andr\u00e9 Luiz Pinto Santos <\/a> &#8211; 12\/10\/2018<\/p>\n<p><a href=\"https:\/\/teses.usp.br\/teses\/disponiveis\/17\/17153\/tde-08012019-153231\/pt-br.php\">Jenny Manzano Romero<\/a> &#8211; 11\/9\/2018<\/p>\n<p><a href=\"https:\/\/teses.usp.br\/teses\/disponiveis\/17\/17153\/tde-08012019-151743\/pt-br.php\">B\u00e1rbara Cristina Martins Fernandes Paes<\/a> &#8211; 10\/18\/2018<\/p>\n<p><a href=\"https:\/\/teses.usp.br\/teses\/disponiveis\/17\/17154\/tde-08062017-085309\/pt-br.php\">Juliana Yumi Sakita Ozawa<\/a> &#8211; 8\/20\/2018<\/p>\n<p><a href=\"https:\/\/teses.usp.br\/teses\/disponiveis\/17\/17153\/tde-13092018-153935\/pt-br.php\">Pablo Diego Mo\u00e7o<\/a> &#8211; 7\/23\/2018<\/p>\n<p><a href=\"https:\/\/teses.usp.br\/teses\/disponiveis\/17\/17154\/tde-13092018-145344\/pt-br.php\">Izabela Aparecida Lopes<\/a> &#8211; 7\/5\/2018<\/p>\n<p><a href=\"https:\/\/www.teses.usp.br\/teses\/disponiveis\/17\/17154\/tde-26042018-172449\/pt-br.php\">Victor Domingos Lisita Rosa<\/a> &#8211; 12\/15\/2017<\/p>\n<p><a href=\"https:\/\/teses.usp.br\/teses\/disponiveis\/17\/17154\/tde-02042018-110056\/pt-br.php\">Bianca Gasparotto<\/a> &#8211; 11\/14\/2017<\/p>\n<p><a href=\"https:\/\/teses.usp.br\/teses\/disponiveis\/17\/17154\/tde-23032018-112408\/pt-br.php\">Adriana Queiroz Arantes Rocha<\/a> &#8211; 10\/19\/2017<\/p>\n<p><a href=\"https:\/\/teses.usp.br\/teses\/disponiveis\/17\/17154\/tde-17042018-161612\/pt-br.php\">Jessica Rodrigues Pla\u00e7a<\/a>\u00a0 &#8211; 10\/11\/2017<\/p>\n<p><a href=\"https:\/\/teses.usp.br\/teses\/disponiveis\/17\/17154\/tde-06042018-114114\/pt-br.php\">Cristina Tavares Leal<\/a> &#8211; 9\/1\/2017<\/p>\n<p><a href=\"https:\/\/teses.usp.br\/teses\/disponiveis\/17\/17154\/tde-12042018-120108\/pt-br.php\">Gabriela Molinari Roberto<\/a> &#8211; 7\/20\/2017<\/p>\n<p><a href=\"https:\/\/teses.usp.br\/teses\/disponiveis\/17\/17154\/tde-08062017-085309\/pt-br.php\">Juliana Poltronieri de Oliveira<\/a> &#8211; 3\/3\/2017<\/p>\n<p><a href=\"https:\/\/teses.usp.br\/teses\/disponiveis\/17\/17154\/tde-07062017-103827\/pt-br.php\">Gustavo Borges <\/a> &#8211; 12\/16\/2016<\/p>\n<p><a href=\"https:\/\/teses.usp.br\/teses\/disponiveis\/17\/17153\/tde-07062017-103201\/pt-br.php\">Lucas Ferioli Catelli<\/a> &#8211; 11\/28\/2016<\/p>\n<p><a href=\"https:\/\/teses.usp.br\/teses\/disponiveis\/17\/17154\/tde-30032017-112908\/pt-br.php\">Felipe Canto de Souza<\/a> &#8211; 11\/24\/2016<\/p>\n<p><a href=\"https:\/\/teses.usp.br\/teses\/disponiveis\/17\/17154\/tde-30032017-112031\/pt-br.php\">Nayara Rezende<\/a> &#8211; 11\/18\/2016<\/p>\n<p><a href=\"https:\/\/teses.usp.br\/teses\/disponiveis\/17\/17154\/tde-29032017-164341\/pt-br.php\">Fernanda Borges da Silva<\/a> &#8211; 11\/1\/2016<\/p>\n<p><a href=\"https:\/\/teses.usp.br\/teses\/disponiveis\/17\/17154\/tde-29032017-164552\/pt-br.php\">Jaqueline Cristina Fernandes<\/a> &#8211; 10\/11\/2016<\/p>\n<p><a href=\"https:\/\/www.teses.usp.br\/teses\/disponiveis\/17\/17153\/tde-19012021-124935\/pt-br.php\">Juliana Bernardes Elias Dias<\/a> &#8211; 11\/11\/2015<\/p>\n<p><a href=\"https:\/\/teses.usp.br\/teses\/disponiveis\/17\/17153\/tde-02022016-100332\/pt-br.php\">Tha\u00eds Val\u00e9ria Costa de Andrade Pimentel<\/a> &#8211; 10\/16\/2015<\/p>\n<p>Daianne Maciely Carvalho Fantacini &#8211; 5\/25\/2015<\/p>\n<p><a href=\"https:\/\/www.teses.usp.br\/teses\/disponiveis\/17\/17153\/tde-21012021-110311\/pt-br.php\">Liziane Raquel Beckenkamp<\/a> &#8211; 3\/26\/2015<\/p>\n<p><a href=\"https:\/\/teses.usp.br\/teses\/disponiveis\/17\/17154\/tde-15062015-090143\/pt-br.php\">Fabianna Pansani &#8211; 1\/30\/2015<\/a><\/p>\n<p><a href=\"https:\/\/www.teses.usp.br\/teses\/disponiveis\/17\/17154\/tde-19012021-123151\/pt-br.php\">Mirella Baroni Milan<\/a> &#8211; 11\/4\/2014<\/p>\n<p>Andr\u00e9 Tomaz Terra Junior &#8211; 9\/22\/2014<\/p>\n<p>&nbsp;<\/p>\n<h3><span style=\"font-weight: 400;\">TESES DE DOUTORADO<\/span><\/h3>\n<p>&nbsp;<\/p>\n<p><a href=\"https:\/\/www.teses.usp.br\/teses\/disponiveis\/17\/17154\/tde-26052025-105114\/pt-br.php\">Natasha Peixoto Fonseca<\/a> &#8211; 2\/21\/2025<\/p>\n<p><a href=\"https:\/\/www.teses.usp.br\/teses\/disponiveis\/17\/17153\/tde-04042025-101024\/pt-br.php\">Rafaela Rossetti<\/a> &#8211; 12\/18\/2024<\/p>\n<p><a href=\"https:\/\/www.teses.usp.br\/teses\/disponiveis\/17\/17153\/tde-18022025-135518\/pt-br.php\">Kauan Ribeiro de Sena Gomes<\/a> &#8211; 10\/14\/2024<\/p>\n<p><a href=\"https:\/\/www.teses.usp.br\/teses\/disponiveis\/17\/17154\/tde-22012025-152814\/pt-br.php\">Izabela Aparecida Lopes<\/a> &#8211; 9\/18\/2024<\/p>\n<p><a href=\"https:\/\/www.teses.usp.br\/teses\/disponiveis\/17\/17154\/tde-17012025-120209\/pt-br.php\">Liane Rapatoni<\/a>\u00a0 &#8211; 8\/26\/2024<\/p>\n<p><a href=\"https:\/\/www.teses.usp.br\/teses\/disponiveis\/17\/17154\/tde-25072024-153611\/pt-br.php\">Willian R\u00f3bert Gomes<\/a> &#8211; 5\/10\/2024<\/p>\n<p><a href=\"https:\/\/www.teses.usp.br\/teses\/disponiveis\/17\/17154\/tde-12042024-093342\/pt-br.php\">Andr\u00e9 Luiz Pinto Santos<\/a> &#8211; 2\/5\/2024<\/p>\n<p><a href=\"https:\/\/www.teses.usp.br\/teses\/disponiveis\/17\/17153\/tde-05022024-153204\/pt-br.php\">Roberta Maraninchi Silveira<\/a> &#8211; 11\/27\/2023<\/p>\n<p><a href=\"https:\/\/www.teses.usp.br\/teses\/disponiveis\/17\/17154\/tde-10102023-110058\/pt-br.php\">Leticia Olops Marani &#8211;<\/a> 6\/26\/2023<\/p>\n<p><a href=\"https:\/\/www.teses.usp.br\/teses\/disponiveis\/17\/17153\/tde-05062023-135252\/pt-br.php\">P\u00e9ricles Natan Mendes da Costa<\/a> &#8211; 3\/20\/2023<\/p>\n<p><a href=\"https:\/\/www.teses.usp.br\/teses\/disponiveis\/17\/17154\/tde-03022023-102300\/pt-br.php\">Amanda Fernandes de Oliveira Costa<\/a> &#8211; 11\/23\/2022<\/p>\n<p><a href=\"https:\/\/www.teses.usp.br\/teses\/disponiveis\/17\/17154\/tde-08092022-163315\/pt-br.php\">Jessica Rodrigues Pla\u00e7a<\/a>\u00a0 &#8211; 6\/15\/2022<\/p>\n<p><a href=\"https:\/\/www.teses.usp.br\/teses\/disponiveis\/17\/17153\/tde-08082022-094847\/pt-br.php\">Renata Nacasaki Silvestre<\/a> &#8211; 5\/18\/2022<\/p>\n<p><a href=\"https:\/\/www.teses.usp.br\/teses\/disponiveis\/17\/17153\/tde-17082022-155446\/pt-br.php\">Fernanda Ursoli Ferreira Rodrigues<\/a> &#8211; 4\/29\/2022<\/p>\n<p><a href=\"https:\/\/www.teses.usp.br\/teses\/disponiveis\/17\/17154\/tde-09052022-101934\/pt-br.php\">Fernanda Borges da Silva<\/a> &#8211; 2\/17\/2022<\/p>\n<p><a href=\"https:\/\/www.teses.usp.br\/teses\/disponiveis\/17\/17154\/tde-08092021-135736\/pt-br.php\">Jaqueline Cristina Fernandes<\/a> &#8211; 6\/11\/2021<\/p>\n<p><a href=\"https:\/\/www.teses.usp.br\/teses\/disponiveis\/17\/17154\/tde-11062021-082258\/pt-br.php\">Juan Luiz Coelho da Silva<\/a> &#8211; 3\/17\/2021<\/p>\n<p><a href=\"https:\/\/www.teses.usp.br\/teses\/disponiveis\/17\/17154\/tde-11062021-081432\/pt-br.php\">Thiago Mantello Bianco<\/a> &#8211; 3\/2\/2021<\/p>\n<p><a href=\"https:\/\/www.teses.usp.br\/teses\/disponiveis\/17\/17154\/tde-03112020-120145\/pt-br.php\">Renato Mendes Rossi de Lucca\u00a0 <\/a>&#8211; 8\/17\/2020<\/p>\n<p>Daianne Maciely Carvalho Fantacini &#8211; 9\/6\/2019<\/p>\n<p><a href=\"https:\/\/teses.usp.br\/teses\/disponiveis\/17\/17153\/tde-12112019-100212\/pt-br.php\">Benedito de Pina Almeida Prado Junior<\/a> &#8211; 8\/26\/2019<\/p>\n<p><a href=\"https:\/\/teses.usp.br\/teses\/disponiveis\/17\/17153\/tde-06092019-144820\/pt-br.php\">Leonardo Campos Zanelatto<\/a> &#8211; 6\/7\/2019<\/p>\n<p><a href=\"https:\/\/teses.usp.br\/teses\/disponiveis\/17\/17154\/tde-22112018-081731\/pt-br.php\">Daiane Fernanda dos Santos<\/a> &#8211; 9\/11\/2018<\/p>\n<p><a href=\"https:\/\/teses.usp.br\/teses\/disponiveis\/17\/17153\/tde-19072018-135504\/pt-br.php\">Helder Teixeira de Freitas<\/a> &#8211; 5\/2\/2018<\/p>\n<p><a href=\"https:\/\/teses.usp.br\/teses\/disponiveis\/17\/17153\/tde-23072018-105437\/pt-br.php\">Priscilla Carnavale Gomes Ferreira<\/a> &#8211; 3\/2\/2018<\/p>\n<p><a href=\"https:\/\/teses.usp.br\/teses\/disponiveis\/17\/17154\/tde-25072018-110641\/pt-br.php\">Fernanda Gutierrez Rodrigues<\/a> &#8211; 11\/16\/2017<\/p>\n<p><a href=\"https:\/\/teses.usp.br\/teses\/disponiveis\/17\/17154\/tde-25042018-161724\/pt-br.php\">Renata Scopim Ribeiro<\/a> &#8211; 9\/19\/2017<\/p>\n<p><a href=\"https:\/\/teses.usp.br\/teses\/disponiveis\/17\/17153\/tde-05012017-125735\/pt-br.php\">Everton de Brito Oliveira Costa<\/a> &#8211; 8\/1\/2016<\/p>\n<p><a href=\"https:\/\/www.teses.usp.br\/teses\/disponiveis\/17\/17153\/tde-19012021-155416\/pt-br.php\">Lucas Eduardo Botelho de Souza<\/a> &#8211; 7\/29\/2016<\/p>\n<p><a href=\"https:\/\/teses.usp.br\/teses\/disponiveis\/17\/17153\/tde-06012017-103806\/pt-br.php\">Amanda Mizukami<\/a> &#8211; 7\/8\/2016<\/p>\n<p>&nbsp;<\/p>\n<h3><span style=\"font-weight: 400;\">TESES DE DOUTORADO DIRETO<\/span><\/h3>\n<p><a href=\"https:\/\/www.teses.usp.br\/teses\/disponiveis\/17\/17154\/tde-21012025-114323\/pt-br.php\">Marina Candido Visontai Cormedi Lemos<\/a> &#8211; 7\/31\/2024<\/p>\n<p><a href=\"https:\/\/www.teses.usp.br\/teses\/disponiveis\/17\/17153\/tde-25072024-153325\/pt-br.php\">Jonathan Milhomens dos Santos Lima<\/a> &#8211; 4\/5\/2024<\/p>\n<p><a href=\"https:\/\/www.teses.usp.br\/teses\/disponiveis\/17\/17153\/tde-11042023-093527\/pt-br.php\">Luiz Fernando Bazzo Catto<\/a> &#8211; 1\/26\/2023<\/p>\n<p><a href=\"https:\/\/teses.usp.br\/teses\/disponiveis\/17\/17154\/tde-25042018-150914\/pt-br.php\">Pedro Henrique de Lima Prata<\/a> &#8211; 10\/6\/2022<\/p>\n<p><a href=\"https:\/\/www.teses.usp.br\/teses\/disponiveis\/17\/17154\/tde-01122022-105546\/pt-br.php\">C\u00e9sar Alexander Ortiz Rojas<\/a> &#8211; 9\/6\/2022<\/p>\n<p><a href=\"https:\/\/www.teses.usp.br\/teses\/disponiveis\/17\/17154\/tde-07022022-174003\/pt-br.php\">Isabel Weinh\u00e4user<\/a> &#8211; 11\/26\/2021<\/p>\n<p><a href=\"https:\/\/www.teses.usp.br\/teses\/disponiveis\/17\/17154\/tde-07022022-172446\/pt-br.php\">Mariana de Paiva Batista<\/a>-11\/12\/2021<\/p>\n<p><a href=\"https:\/\/www.teses.usp.br\/teses\/disponiveis\/17\/17153\/tde-23062022-094634\/pt-br.php\">Thalita Cristina de Mello Costa<\/a> &#8211; 9\/22\/2021<\/p>\n<p><a href=\"https:\/\/www.teses.usp.br\/teses\/disponiveis\/17\/17153\/tde-11062021-081805\/pt-br.php\">Fl\u00e1via Leite Souza Santos<\/a> -3\/9\/2021<\/p>\n<p><a href=\"https:\/\/teses.usp.br\/teses\/disponiveis\/17\/17154\/tde-12072019-090313\/pt-br.php\">Gerson Hiroshi Yoshinari J\u00fanior<\/a> &#8211; 4\/17\/2019<\/p>\n<p><a href=\"https:\/\/www.teses.usp.br\/teses\/disponiveis\/17\/17153\/tde-19082020-094004\/pt-br.php\">Marcos Roberto Pedron Oltramari<\/a> &#8211; 3\/27\/2020<\/p>\n<p><a href=\"https:\/\/teses.usp.br\/teses\/disponiveis\/17\/17153\/tde-17122019-151356\/pt-br.php\">Karina Tozatto Maio<\/a> &#8211; 6\/26\/2019<\/p>\n<p><a href=\"https:\/\/teses.usp.br\/teses\/disponiveis\/17\/17154\/tde-12072019-092310\/pt-br.php\">Silvia Elena Sanchez Mendoza<\/a> &#8211; 4\/22\/2019<\/p>\n<p><a href=\"https:\/\/teses.usp.br\/teses\/disponiveis\/17\/17154\/tde-12072019-090313\/pt-br.php\">Gerson Hiroshi Yoshinari J\u00fanior<\/a> &#8211; 4\/17\/2019<\/p>\n<p><a href=\"https:\/\/teses.usp.br\/teses\/disponiveis\/17\/17154\/tde-07022019-134502\/pt-br.php\">Antonio Carlos Cavalcante Godoy<\/a> &#8211; 11\/23\/2018<\/p>\n<p><a href=\"https:\/\/teses.usp.br\/teses\/disponiveis\/17\/17154\/tde-26042018-163315\/pt-br.php\">Tiago Chedraoui Silva<\/a> &#8211; 2\/1\/2018<\/p>\n<p><a href=\"https:\/\/teses.usp.br\/teses\/disponiveis\/17\/17154\/tde-25042018-150914\/pt-br.php\">Pedro Henrique Padilha<\/a> &#8211; 1\/9\/2018<\/p>\n<p><a href=\"https:\/\/teses.usp.br\/teses\/disponiveis\/17\/17154\/tde-19072016-165003\/pt-br.php\">Jos\u00e9 Mauricio Segundo Correia Mota<\/a> &#8211; 11\/30\/2015<\/p>\n","protected":false},"excerpt":{"rendered":"<p>&#8211; Acesso \u00e0 SIBi (Sistema Integrado de Bibliotecas USP ) &#8211; Acesso \u00e0s disserta\u00e7\u00f5es\/teses: http:\/\/www.teses.usp.br\/ EGRESSOS e TESES Diferencia\u00e7\u00e3o Celular Normal e Neopl\u00e1sicas e C\u00e9lulas-Tronco e Terapia Celular &nbsp; DISSERTA\u00c7\u00d5ES DE MESTRADO Gabriel Montenegro de Campos &#8211; 4\/25\/2025 Viviane Oliveira Marcacine &#8211; 4\/25\/2025 Bianca Naomi de Carvalho &#8211; 3\/11\/2025 Mariana Andrade Costa &#8211; 9\/25\/2024 Maria<a href=\"https:\/\/sites.usp.br\/pgonco\/producoes\/\">[&#8230;]<\/a><\/p>\n","protected":false},"author":457,"featured_media":0,"parent":0,"menu_order":0,"comment_status":"closed","ping_status":"closed","template":"","meta":{"footnotes":"","_links_to":"","_links_to_target":""},"class_list":["post-943","page","type-page","status-publish","hentry"],"_links":{"self":[{"href":"https:\/\/sites.usp.br\/pgonco\/wp-json\/wp\/v2\/pages\/943","targetHints":{"allow":["GET"]}}],"collection":[{"href":"https:\/\/sites.usp.br\/pgonco\/wp-json\/wp\/v2\/pages"}],"about":[{"href":"https:\/\/sites.usp.br\/pgonco\/wp-json\/wp\/v2\/types\/page"}],"author":[{"embeddable":true,"href":"https:\/\/sites.usp.br\/pgonco\/wp-json\/wp\/v2\/users\/457"}],"replies":[{"embeddable":true,"href":"https:\/\/sites.usp.br\/pgonco\/wp-json\/wp\/v2\/comments?post=943"}],"version-history":[{"count":5,"href":"https:\/\/sites.usp.br\/pgonco\/wp-json\/wp\/v2\/pages\/943\/revisions"}],"predecessor-version":[{"id":1421,"href":"https:\/\/sites.usp.br\/pgonco\/wp-json\/wp\/v2\/pages\/943\/revisions\/1421"}],"wp:attachment":[{"href":"https:\/\/sites.usp.br\/pgonco\/wp-json\/wp\/v2\/media?parent=943"}],"curies":[{"name":"wp","href":"https:\/\/api.w.org\/{rel}","templated":true}]}}