{"id":2930,"date":"2026-03-31T10:17:43","date_gmt":"2026-03-31T13:17:43","guid":{"rendered":"https:\/\/sites.usp.br\/pme-prototipo\/?page_id=2930"},"modified":"2026-04-21T18:45:52","modified_gmt":"2026-04-21T21:45:52","slug":"intercambio","status":"publish","type":"page","link":"https:\/\/sites.usp.br\/pme\/intercambio\/","title":{"rendered":"Interc\u00e2mbio"},"content":{"rendered":"\t\t<div data-elementor-type=\"wp-page\" data-elementor-id=\"2930\" class=\"elementor elementor-2930\" data-elementor-post-type=\"page\">\n\t\t\t\t\t\t<section class=\"elementor-section elementor-top-section elementor-element elementor-element-fc7de5d elementor-section-boxed elementor-section-height-default elementor-section-height-default\" data-id=\"fc7de5d\" data-element_type=\"section\">\n\t\t\t\t\t\t<div class=\"elementor-container elementor-column-gap-default\">\n\t\t\t\t\t<div class=\"elementor-column elementor-col-100 elementor-top-column elementor-element elementor-element-2273c7b\" data-id=\"2273c7b\" data-element_type=\"column\">\n\t\t\t<div class=\"elementor-widget-wrap elementor-element-populated\">\n\t\t\t\t\t\t<div class=\"elementor-element elementor-element-3318f02 elementor-widget elementor-widget-text-editor\" data-id=\"3318f02\" data-element_type=\"widget\" data-widget_type=\"text-editor.default\">\n\t\t\t\t<div class=\"elementor-widget-container\">\n\t\t\t\t\t\t\t<p>Na Poli-USP, h\u00e1 uma quantidade extensa de oportunidades de interc\u00e2mbio tanto para os alunos de gradua\u00e7\u00e3o quanto para os de p\u00f3s-gradua\u00e7\u00e3o, incluindo diversas parcerias com escolas de engenharia renomadas internacionalmente.<\/p>\t\t\t\t\t\t<\/div>\n\t\t\t\t<\/div>\n\t\t\t\t\t<\/div>\n\t\t<\/div>\n\t\t\t\t\t<\/div>\n\t\t<\/section>\n\t\t\t\t<section class=\"elementor-section elementor-top-section elementor-element elementor-element-6f07d42 elementor-section-boxed elementor-section-height-default elementor-section-height-default\" data-id=\"6f07d42\" data-element_type=\"section\">\n\t\t\t\t\t\t<div class=\"elementor-container elementor-column-gap-default\">\n\t\t\t\t\t<div class=\"elementor-column elementor-col-100 elementor-top-column elementor-element elementor-element-67085da\" data-id=\"67085da\" data-element_type=\"column\">\n\t\t\t<div class=\"elementor-widget-wrap elementor-element-populated\">\n\t\t\t\t\t\t<div class=\"elementor-element elementor-element-5340ad8 elementor-widget elementor-widget-heading\" data-id=\"5340ad8\" data-element_type=\"widget\" data-widget_type=\"heading.default\">\n\t\t\t\t<div class=\"elementor-widget-container\">\n\t\t\t<h2 class=\"elementor-heading-title elementor-size-default\">GRADUA\u00c7\u00c3O<\/h2>\t\t<\/div>\n\t\t\t\t<\/div>\n\t\t\t\t\t<\/div>\n\t\t<\/div>\n\t\t\t\t\t<\/div>\n\t\t<\/section>\n\t\t\t\t<section class=\"elementor-section elementor-top-section elementor-element elementor-element-f6721f5 elementor-section-boxed elementor-section-height-default elementor-section-height-default\" data-id=\"f6721f5\" data-element_type=\"section\">\n\t\t\t\t\t\t<div class=\"elementor-container elementor-column-gap-default\">\n\t\t\t\t\t<div class=\"elementor-column elementor-col-100 elementor-top-column elementor-element elementor-element-135b583\" data-id=\"135b583\" data-element_type=\"column\">\n\t\t\t<div class=\"elementor-widget-wrap elementor-element-populated\">\n\t\t\t\t\t\t<div class=\"elementor-element elementor-element-e8557b3 elementor-widget elementor-widget-text-editor\" data-id=\"e8557b3\" data-element_type=\"widget\" data-widget_type=\"text-editor.default\">\n\t\t\t\t<div class=\"elementor-widget-container\">\n\t\t\t\t\t\t\t<p>No curso de gradua\u00e7\u00e3o em Engenharia Mec\u00e2nica do PME, h\u00e1 duas modalidades principais de interc\u00e2mbio, o Duplo Diploma (DD) e o Aproveitamento de Estudos (AE).<\/p>\t\t\t\t\t\t<\/div>\n\t\t\t\t<\/div>\n\t\t\t\t<div class=\"elementor-element elementor-element-ef9b19d elementor-widget-divider--view-line elementor-widget elementor-widget-divider\" data-id=\"ef9b19d\" data-element_type=\"widget\" data-widget_type=\"divider.default\">\n\t\t\t\t<div class=\"elementor-widget-container\">\n\t\t\t\t\t<div class=\"elementor-divider\">\n\t\t\t<span class=\"elementor-divider-separator\">\n\t\t\t\t\t\t<\/span>\n\t\t<\/div>\n\t\t\t\t<\/div>\n\t\t\t\t<\/div>\n\t\t\t\t\t<\/div>\n\t\t<\/div>\n\t\t\t\t\t<\/div>\n\t\t<\/section>\n\t\t\t\t<section class=\"elementor-section elementor-top-section elementor-element elementor-element-9842ae1 elementor-section-boxed elementor-section-height-default elementor-section-height-default\" data-id=\"9842ae1\" data-element_type=\"section\">\n\t\t\t\t\t\t<div class=\"elementor-container elementor-column-gap-default\">\n\t\t\t\t\t<div class=\"elementor-column elementor-col-100 elementor-top-column elementor-element elementor-element-f9a2c13\" data-id=\"f9a2c13\" data-element_type=\"column\">\n\t\t\t<div class=\"elementor-widget-wrap elementor-element-populated\">\n\t\t\t\t\t\t<div class=\"elementor-element elementor-element-2ebca47 elementor-widget elementor-widget-heading\" data-id=\"2ebca47\" data-element_type=\"widget\" data-widget_type=\"heading.default\">\n\t\t\t\t<div class=\"elementor-widget-container\">\n\t\t\t<h2 class=\"elementor-heading-title elementor-size-default\">Duplo Diploma (DD)<\/h2>\t\t<\/div>\n\t\t\t\t<\/div>\n\t\t\t\t\t<\/div>\n\t\t<\/div>\n\t\t\t\t\t<\/div>\n\t\t<\/section>\n\t\t\t\t<section class=\"elementor-section elementor-top-section elementor-element elementor-element-f01f9a8 elementor-section-boxed elementor-section-height-default elementor-section-height-default\" data-id=\"f01f9a8\" data-element_type=\"section\">\n\t\t\t\t\t\t<div class=\"elementor-container elementor-column-gap-default\">\n\t\t\t\t\t<div class=\"elementor-column elementor-col-100 elementor-top-column elementor-element elementor-element-6bd3933\" data-id=\"6bd3933\" data-element_type=\"column\">\n\t\t\t<div class=\"elementor-widget-wrap elementor-element-populated\">\n\t\t\t\t\t\t<div class=\"elementor-element elementor-element-e1acde7 elementor-widget elementor-widget-text-editor\" data-id=\"e1acde7\" data-element_type=\"widget\" data-widget_type=\"text-editor.default\">\n\t\t\t\t<div class=\"elementor-widget-container\">\n\t\t\t\t\t\t\t<p>Na modalidade de Duplo Diploma, o aluno obt\u00e9m, ao final do interc\u00e2mbio, um diploma oficial da Institui\u00e7\u00e3o escolhida para o programa de estudos, adicionalmente ao diploma da Poli-USP.<\/p><p>O programa tem dura\u00e7\u00e3o de 2 anos (em alguns casos podendo chegar a 3 anos a depender da Institui\u00e7\u00e3o escolhida), e tipicamente se inicia no oitavo per\u00edodo do curso de gradua\u00e7\u00e3o. Devido \u00e0 dura\u00e7\u00e3o prolongada, \u00e9 esperado que a gradua\u00e7\u00e3o se estenda em 1 ano.<\/p><p>As inscri\u00e7\u00f5es para o programa de Duplo Diploma devem ser feitas no sexto per\u00edodo do curso, e s\u00e3o seguidas das etapas abaixo:<\/p><ol><li><strong>Envio de documentos<\/strong> (Hist\u00f3rico Escolar, Curr\u00edculo, Carta de Motiva\u00e7\u00e3o, etc) e <strong>Sele\u00e7\u00e3o da Institui\u00e7\u00e3o de Ensino<\/strong> desejada para o programa de interc\u00e2mbio (tipicamente pode-se escolher mais de uma op\u00e7\u00e3o, at\u00e9 um certo limite, com ordem de prioridade).<\/li><li><strong>Entrevista do candidato<\/strong> com membros da equipe de jurados da Poli-USP.<\/li><li><strong>An\u00e1lise interna<\/strong> da nota na entrevista, documentos e Hist\u00f3rico Escolar (nota geral no curso \u00e9 um crit\u00e9rio importante para sele\u00e7\u00e3o).<\/li><li><strong>Divulga\u00e7\u00e3o dos candidatos pr\u00e9-selecionados<\/strong>.<\/li><li><strong>Etapas adicionais <\/strong>(como entrevistas em ingl\u00eas ou na l\u00edngua nativa do pa\u00eds escolhido, envio de cartas de recomenda\u00e7\u00e3o, etc), a depender da Institui\u00e7\u00e3o escolhida.<\/li><li><strong>Divulga\u00e7\u00e3o do resultado final<\/strong> (a decis\u00e3o final \u00e9 da Institui\u00e7\u00e3o escolhida).<\/li><\/ol><div>H\u00e1 diversas bolsas de estudo oferecidas para os alunos selecionados para o programa de Duplo Diploma, e elas variam de acordo com o pa\u00eds e\/ou Institui\u00e7\u00e3o de Ensino escolhida. Mais informa\u00e7\u00f5es sobre as bolsas podem ser encontradas <em><strong><a href=\"https:\/\/sites.usp.br\/pme-prototipo\/outras-bolsas\/\">aqui<\/a>.\u00a0<\/strong><\/em><\/div><div>\u00a0<\/div><div><p>A Poli-USP possui parceria com diversas faculdades renomadas em engenharia mec\u00e2nica no exterior, incluindo:<\/p><\/div><ul><li><strong>Fran\u00e7a<\/strong>: <em>\u00c9cole polytechnique<\/em>, <em>\u00c9coles Centrales<\/em> (CentraleSup\u00e9lec, \u00c9cole Centrale de Nantes, \u00c9cole Centrale de Lyon, \u00c9cole Centrale de Lille, \u00c9cole Centrale Mediterran\u00e9e)<em>, ParisTech\u00a0<\/em>(Art e M\u00e9tier ParisTech, Mines ParisTech), <em>Grenoble INP, \u00c9cole Nationale Sup\u00e9rieure des Mines de Saint-Etienne, ISAE-SUPAERO.<\/em><\/li><li><strong>Alemanha:\u00a0<\/strong><em>Technische Universit\u00e4t Darmstadt, Technische Universit\u00e4t M\u00fcnchen.<\/em><\/li><li><strong>B\u00e9lgica:\u00a0<\/strong><em>Universit\u00e9 Catholique de Louvain.<\/em><\/li><li><strong>It\u00e1lia:<\/strong> <em>Politecnico di Milano, Politecnico di Torino.<\/em><\/li><li><strong>Portugal:<\/strong> <em>Instituto Superior T\u00e9cnico.<\/em><\/li><\/ul><div><i>\u00a0<\/i><\/div><div>\u00a0Para inscri\u00e7\u00f5es e informa\u00e7\u00f5es mais detalhadas, visite o site oficial e leia o edital:<\/div>\t\t\t\t\t\t<\/div>\n\t\t\t\t<\/div>\n\t\t\t\t\t<\/div>\n\t\t<\/div>\n\t\t\t\t\t<\/div>\n\t\t<\/section>\n\t\t\t\t<section class=\"elementor-section elementor-top-section elementor-element elementor-element-2108124 elementor-section-boxed elementor-section-height-default elementor-section-height-default\" data-id=\"2108124\" data-element_type=\"section\">\n\t\t\t\t\t\t<div class=\"elementor-container elementor-column-gap-default\">\n\t\t\t\t\t<div class=\"elementor-column elementor-col-25 elementor-top-column elementor-element elementor-element-43894e3\" data-id=\"43894e3\" data-element_type=\"column\">\n\t\t\t<div class=\"elementor-widget-wrap elementor-element-populated\">\n\t\t\t\t\t\t<div class=\"elementor-element elementor-element-7ed19a3 elementor-widget elementor-widget-heading\" data-id=\"7ed19a3\" data-element_type=\"widget\" data-widget_type=\"heading.default\">\n\t\t\t\t<div class=\"elementor-widget-container\">\n\t\t\t<h2 class=\"elementor-heading-title elementor-size-default\">Site Oficial DD:<\/h2>\t\t<\/div>\n\t\t\t\t<\/div>\n\t\t\t\t\t<\/div>\n\t\t<\/div>\n\t\t\t\t<div class=\"elementor-column elementor-col-25 elementor-top-column elementor-element elementor-element-e811b6a\" data-id=\"e811b6a\" data-element_type=\"column\">\n\t\t\t<div class=\"elementor-widget-wrap elementor-element-populated\">\n\t\t\t\t\t\t<div class=\"elementor-element elementor-element-14b9336 elementor-align-center elementor-widget elementor-widget-button\" data-id=\"14b9336\" data-element_type=\"widget\" data-widget_type=\"button.default\">\n\t\t\t\t<div class=\"elementor-widget-container\">\n\t\t\t\t\t\t\t<div class=\"elementor-button-wrapper\">\n\t\t\t\t\t<a class=\"elementor-button elementor-button-link elementor-size-sm\" href=\"https:\/\/www.poli.usp.br\/internacional\/intercambios-e-procedimentos\/programas-de-intercambio\" target=\"_blank\">\n\t\t\t\t\t\t<span class=\"elementor-button-content-wrapper\">\n\t\t\t\t\t\t\t\t\t<span class=\"elementor-button-text\">poli.usp.br<\/span>\n\t\t\t\t\t<\/span>\n\t\t\t\t\t<\/a>\n\t\t\t\t<\/div>\n\t\t\t\t\t\t<\/div>\n\t\t\t\t<\/div>\n\t\t\t\t\t<\/div>\n\t\t<\/div>\n\t\t\t\t<div class=\"elementor-column elementor-col-25 elementor-top-column elementor-element elementor-element-116b58c\" data-id=\"116b58c\" data-element_type=\"column\">\n\t\t\t<div class=\"elementor-widget-wrap elementor-element-populated\">\n\t\t\t\t\t\t<div class=\"elementor-element elementor-element-926e395 elementor-widget elementor-widget-heading\" data-id=\"926e395\" data-element_type=\"widget\" data-widget_type=\"heading.default\">\n\t\t\t\t<div class=\"elementor-widget-container\">\n\t\t\t<h2 class=\"elementor-heading-title elementor-size-default\">Edital DD 2025:<\/h2>\t\t<\/div>\n\t\t\t\t<\/div>\n\t\t\t\t\t<\/div>\n\t\t<\/div>\n\t\t\t\t<div class=\"elementor-column elementor-col-25 elementor-top-column elementor-element elementor-element-8742262\" data-id=\"8742262\" data-element_type=\"column\">\n\t\t\t<div class=\"elementor-widget-wrap elementor-element-populated\">\n\t\t\t\t\t\t<div class=\"elementor-element elementor-element-12bb7e2 elementor-align-center elementor-widget elementor-widget-button\" data-id=\"12bb7e2\" data-element_type=\"widget\" data-widget_type=\"button.default\">\n\t\t\t\t<div class=\"elementor-widget-container\">\n\t\t\t\t\t\t\t<div class=\"elementor-button-wrapper\">\n\t\t\t\t\t<a class=\"elementor-button elementor-button-link elementor-size-sm\" href=\"https:\/\/sites.usp.br\/pme-prototipo\/wp-content\/uploads\/sites\/1806\/2026\/04\/Edital-2136_DD-2025_Unificado.pdf\" target=\"_blank\">\n\t\t\t\t\t\t<span class=\"elementor-button-content-wrapper\">\n\t\t\t\t\t\t\t\t\t<span class=\"elementor-button-text\">Baixar edital<\/span>\n\t\t\t\t\t<\/span>\n\t\t\t\t\t<\/a>\n\t\t\t\t<\/div>\n\t\t\t\t\t\t<\/div>\n\t\t\t\t<\/div>\n\t\t\t\t\t<\/div>\n\t\t<\/div>\n\t\t\t\t\t<\/div>\n\t\t<\/section>\n\t\t\t\t<section class=\"elementor-section elementor-top-section elementor-element elementor-element-d223a19 elementor-section-boxed elementor-section-height-default elementor-section-height-default\" data-id=\"d223a19\" data-element_type=\"section\">\n\t\t\t\t\t\t<div class=\"elementor-container elementor-column-gap-default\">\n\t\t\t\t\t<div class=\"elementor-column elementor-col-100 elementor-top-column elementor-element elementor-element-9ef9183\" data-id=\"9ef9183\" data-element_type=\"column\">\n\t\t\t<div class=\"elementor-widget-wrap elementor-element-populated\">\n\t\t\t\t\t\t<div class=\"elementor-element elementor-element-f9aa776 elementor-widget-divider--view-line elementor-widget elementor-widget-divider\" data-id=\"f9aa776\" data-element_type=\"widget\" data-widget_type=\"divider.default\">\n\t\t\t\t<div class=\"elementor-widget-container\">\n\t\t\t\t\t<div class=\"elementor-divider\">\n\t\t\t<span class=\"elementor-divider-separator\">\n\t\t\t\t\t\t<\/span>\n\t\t<\/div>\n\t\t\t\t<\/div>\n\t\t\t\t<\/div>\n\t\t\t\t\t<\/div>\n\t\t<\/div>\n\t\t\t\t\t<\/div>\n\t\t<\/section>\n\t\t\t\t<section class=\"elementor-section elementor-top-section elementor-element elementor-element-69adac6 elementor-section-boxed elementor-section-height-default elementor-section-height-default\" data-id=\"69adac6\" data-element_type=\"section\">\n\t\t\t\t\t\t<div class=\"elementor-container elementor-column-gap-default\">\n\t\t\t\t\t<div class=\"elementor-column elementor-col-100 elementor-top-column elementor-element elementor-element-bedd664\" data-id=\"bedd664\" data-element_type=\"column\">\n\t\t\t<div class=\"elementor-widget-wrap elementor-element-populated\">\n\t\t\t\t\t\t<div class=\"elementor-element elementor-element-a950fe7 elementor-widget elementor-widget-heading\" data-id=\"a950fe7\" data-element_type=\"widget\" data-widget_type=\"heading.default\">\n\t\t\t\t<div class=\"elementor-widget-container\">\n\t\t\t<h2 class=\"elementor-heading-title elementor-size-default\">Aproveitamento de Estudos (AE)<\/h2>\t\t<\/div>\n\t\t\t\t<\/div>\n\t\t\t\t\t<\/div>\n\t\t<\/div>\n\t\t\t\t\t<\/div>\n\t\t<\/section>\n\t\t\t\t<section class=\"elementor-section elementor-top-section elementor-element elementor-element-72a869d elementor-section-boxed elementor-section-height-default elementor-section-height-default\" data-id=\"72a869d\" data-element_type=\"section\">\n\t\t\t\t\t\t<div class=\"elementor-container elementor-column-gap-default\">\n\t\t\t\t\t<div class=\"elementor-column elementor-col-100 elementor-top-column elementor-element elementor-element-22f56fb\" data-id=\"22f56fb\" data-element_type=\"column\">\n\t\t\t<div class=\"elementor-widget-wrap elementor-element-populated\">\n\t\t\t\t\t\t<div class=\"elementor-element elementor-element-f4a8c26 elementor-widget elementor-widget-text-editor\" data-id=\"f4a8c26\" data-element_type=\"widget\" data-widget_type=\"text-editor.default\">\n\t\t\t\t<div class=\"elementor-widget-container\">\n\t\t\t\t\t\t\t<p>Na modalidade de Aproveitamento de Estudos, o aluno cursa um ou dois semestres em uma universidade parceira no exterior, com equival\u00eancia de disciplinas cursadas na institui\u00e7\u00e3o de destino para o curr\u00edculo do curso na Poli-USP. Diferentemente do Duplo Diploma, o aluno n\u00e3o obt\u00e9m um diploma da institui\u00e7\u00e3o estrangeira ao final do programa.<\/p><p>O programa tem dura\u00e7\u00e3o t\u00edpica de 1 a 2 semestres, e geralmente se inicia entre o quinto e o s\u00e9timo per\u00edodo do curso de gradua\u00e7\u00e3o. Devido \u00e0 dura\u00e7\u00e3o mais curta, o interc\u00e2mbio normalmente n\u00e3o estende o tempo total de gradua\u00e7\u00e3o, desde que haja planejamento adequado das disciplinas.<\/p><p>As inscri\u00e7\u00f5es para o programa de Aproveitamento de Estudos devem ser feitas conforme os prazos estabelecidos pelos editais da AUCANI, e s\u00e3o seguidas das etapas abaixo:<\/p><ol><li><strong>Envio de documentos<\/strong> (Hist\u00f3rico Escolar, Curr\u00edculo, Carta de Motiva\u00e7\u00e3o, comprovante de profici\u00eancia no idioma, etc.) e escolha das universidades de destino (tipicamente pode-se escolher mais de uma op\u00e7\u00e3o, com ordem de prioridade).<\/li><li><strong>Entrevista<\/strong> (quando exigida pelo edital ou pela universidade de destino).<\/li><li><strong>An\u00e1lise interna.<\/strong><\/li><li><strong>Divulga\u00e7\u00e3o dos candidatos pr\u00e9-selecionados<\/strong> pela comiss\u00e3o da Poli-USP.<\/li><li><strong>Etapas adicionais<\/strong> (entrevistas com a universidade estrangeira, envio de documenta\u00e7\u00e3o espec\u00edfica, etc.), a depender da institui\u00e7\u00e3o escolhida.<\/li><li><strong>Divulga\u00e7\u00e3o do resultado final<\/strong> (a decis\u00e3o final \u00e9 da universidade parceira).<\/li><\/ol><p>H\u00e1 diversas bolsas de estudo oferecidas para os alunos selecionados para o programa de Aproveitamento de Estudos, e elas variam de acordo com o pa\u00eds e\/ou institui\u00e7\u00e3o de ensino escolhida. Mais informa\u00e7\u00f5es sobre as bolsas podem ser encontradas <a href=\"https:\/\/sites.usp.br\/pme-prototipo\/outras-bolsas\/\"><em><strong>aqui<\/strong><\/em><\/a>.<\/p>\t\t\t\t\t\t<\/div>\n\t\t\t\t<\/div>\n\t\t\t\t\t<\/div>\n\t\t<\/div>\n\t\t\t\t\t<\/div>\n\t\t<\/section>\n\t\t\t\t<section class=\"elementor-section elementor-top-section elementor-element elementor-element-78d9b9a elementor-section-boxed elementor-section-height-default elementor-section-height-default\" data-id=\"78d9b9a\" data-element_type=\"section\">\n\t\t\t\t\t\t<div class=\"elementor-container elementor-column-gap-default\">\n\t\t\t\t\t<div class=\"elementor-column elementor-col-25 elementor-top-column elementor-element elementor-element-40c6d6c\" data-id=\"40c6d6c\" data-element_type=\"column\">\n\t\t\t<div class=\"elementor-widget-wrap elementor-element-populated\">\n\t\t\t\t\t\t<div class=\"elementor-element elementor-element-6d6c1ea elementor-widget elementor-widget-heading\" data-id=\"6d6c1ea\" data-element_type=\"widget\" data-widget_type=\"heading.default\">\n\t\t\t\t<div class=\"elementor-widget-container\">\n\t\t\t<h2 class=\"elementor-heading-title elementor-size-default\">Site Oficial AE:<\/h2>\t\t<\/div>\n\t\t\t\t<\/div>\n\t\t\t\t\t<\/div>\n\t\t<\/div>\n\t\t\t\t<div class=\"elementor-column elementor-col-25 elementor-top-column elementor-element elementor-element-e653eb8\" data-id=\"e653eb8\" data-element_type=\"column\">\n\t\t\t<div class=\"elementor-widget-wrap elementor-element-populated\">\n\t\t\t\t\t\t<div class=\"elementor-element elementor-element-59260fb elementor-align-center elementor-widget elementor-widget-button\" data-id=\"59260fb\" data-element_type=\"widget\" data-widget_type=\"button.default\">\n\t\t\t\t<div class=\"elementor-widget-container\">\n\t\t\t\t\t\t\t<div class=\"elementor-button-wrapper\">\n\t\t\t\t\t<a class=\"elementor-button elementor-button-link elementor-size-sm\" href=\"https:\/\/www.poli.usp.br\/internacional\/intercambios-e-procedimentos\/programas-de-intercambio\/\" target=\"_blank\">\n\t\t\t\t\t\t<span class=\"elementor-button-content-wrapper\">\n\t\t\t\t\t\t\t\t\t<span class=\"elementor-button-text\">poli.usp.br<\/span>\n\t\t\t\t\t<\/span>\n\t\t\t\t\t<\/a>\n\t\t\t\t<\/div>\n\t\t\t\t\t\t<\/div>\n\t\t\t\t<\/div>\n\t\t\t\t\t<\/div>\n\t\t<\/div>\n\t\t\t\t<div class=\"elementor-column elementor-col-25 elementor-top-column elementor-element elementor-element-ffa0d8d\" data-id=\"ffa0d8d\" data-element_type=\"column\">\n\t\t\t<div class=\"elementor-widget-wrap elementor-element-populated\">\n\t\t\t\t\t\t<div class=\"elementor-element elementor-element-9c19f61 elementor-widget elementor-widget-heading\" data-id=\"9c19f61\" data-element_type=\"widget\" data-widget_type=\"heading.default\">\n\t\t\t\t<div class=\"elementor-widget-container\">\n\t\t\t<h2 class=\"elementor-heading-title elementor-size-default\">Edital AE 2025:<\/h2>\t\t<\/div>\n\t\t\t\t<\/div>\n\t\t\t\t\t<\/div>\n\t\t<\/div>\n\t\t\t\t<div class=\"elementor-column elementor-col-25 elementor-top-column elementor-element elementor-element-55f7519\" data-id=\"55f7519\" data-element_type=\"column\">\n\t\t\t<div class=\"elementor-widget-wrap elementor-element-populated\">\n\t\t\t\t\t\t<div class=\"elementor-element elementor-element-76f77c8 elementor-align-center elementor-widget elementor-widget-button\" data-id=\"76f77c8\" data-element_type=\"widget\" data-widget_type=\"button.default\">\n\t\t\t\t<div class=\"elementor-widget-container\">\n\t\t\t\t\t\t\t<div class=\"elementor-button-wrapper\">\n\t\t\t\t\t<a class=\"elementor-button elementor-button-link elementor-size-sm\" href=\"https:\/\/sites.usp.br\/pme-prototipo\/wp-content\/uploads\/sites\/1806\/2026\/04\/EDITAL-2208-AE-UNIFICADO-2026_retificada_v2.pdf\" target=\"_blank\">\n\t\t\t\t\t\t<span class=\"elementor-button-content-wrapper\">\n\t\t\t\t\t\t\t\t\t<span class=\"elementor-button-text\">Baixar edital<\/span>\n\t\t\t\t\t<\/span>\n\t\t\t\t\t<\/a>\n\t\t\t\t<\/div>\n\t\t\t\t\t\t<\/div>\n\t\t\t\t<\/div>\n\t\t\t\t\t<\/div>\n\t\t<\/div>\n\t\t\t\t\t<\/div>\n\t\t<\/section>\n\t\t\t\t<section class=\"elementor-section elementor-top-section elementor-element elementor-element-df2daa3 elementor-section-boxed elementor-section-height-default elementor-section-height-default\" data-id=\"df2daa3\" data-element_type=\"section\">\n\t\t\t\t\t\t<div class=\"elementor-container elementor-column-gap-default\">\n\t\t\t\t\t<div class=\"elementor-column elementor-col-100 elementor-top-column elementor-element elementor-element-3c9174b\" data-id=\"3c9174b\" data-element_type=\"column\">\n\t\t\t<div class=\"elementor-widget-wrap elementor-element-populated\">\n\t\t\t\t\t\t<div class=\"elementor-element elementor-element-ab55d71 elementor-widget-divider--view-line elementor-widget elementor-widget-divider\" data-id=\"ab55d71\" data-element_type=\"widget\" data-widget_type=\"divider.default\">\n\t\t\t\t<div class=\"elementor-widget-container\">\n\t\t\t\t\t<div class=\"elementor-divider\">\n\t\t\t<span class=\"elementor-divider-separator\">\n\t\t\t\t\t\t<\/span>\n\t\t<\/div>\n\t\t\t\t<\/div>\n\t\t\t\t<\/div>\n\t\t\t\t<div class=\"elementor-element elementor-element-01dc227 elementor-widget elementor-widget-heading\" data-id=\"01dc227\" data-element_type=\"widget\" data-widget_type=\"heading.default\">\n\t\t\t\t<div class=\"elementor-widget-container\">\n\t\t\t<h2 class=\"elementor-heading-title elementor-size-default\">OBSERVA\u00c7\u00d5ES<\/h2>\t\t<\/div>\n\t\t\t\t<\/div>\n\t\t\t\t\t<\/div>\n\t\t<\/div>\n\t\t\t\t\t<\/div>\n\t\t<\/section>\n\t\t\t\t<section class=\"elementor-section elementor-top-section elementor-element elementor-element-f32bf74 elementor-section-boxed elementor-section-height-default elementor-section-height-default\" data-id=\"f32bf74\" data-element_type=\"section\">\n\t\t\t\t\t\t<div class=\"elementor-container elementor-column-gap-default\">\n\t\t\t\t\t<div class=\"elementor-column elementor-col-100 elementor-top-column elementor-element elementor-element-f1a2590\" data-id=\"f1a2590\" data-element_type=\"column\">\n\t\t\t<div class=\"elementor-widget-wrap elementor-element-populated\">\n\t\t\t\t\t\t<div class=\"elementor-element elementor-element-7405491 elementor-widget elementor-widget-text-editor\" data-id=\"7405491\" data-element_type=\"widget\" data-widget_type=\"text-editor.default\">\n\t\t\t\t<div class=\"elementor-widget-container\">\n\t\t\t\t\t\t\t<p>Para informa\u00e7\u00f5es mais aprofundadas, consultar o site: <a href=\"https:\/\/www.poli.usp.br\/internacional\/intercambios-e-procedimentos\/\" target=\"_blank\" rel=\"noopener\">https:\/\/www.poli.usp.br\/internacional\/intercambios-e-procedimentos\/<\/a><\/p>\t\t\t\t\t\t<\/div>\n\t\t\t\t<\/div>\n\t\t\t\t\t<\/div>\n\t\t<\/div>\n\t\t\t\t\t<\/div>\n\t\t<\/section>\n\t\t\t\t<\/div>\n\t\t","protected":false},"excerpt":{"rendered":"<p>Na Poli-USP, h\u00e1 uma quantidade extensa de oportunidades de interc\u00e2mbio tanto para os alunos de gradua\u00e7\u00e3o quanto para os de p\u00f3s-gradua\u00e7\u00e3o, incluindo diversas parcerias com escolas de engenharia renomadas internacionalmente. GRADUA\u00c7\u00c3O No curso de gradua\u00e7\u00e3o em Engenharia Mec\u00e2nica do PME, h\u00e1 duas modalidades principais de interc\u00e2mbio, o Duplo Diploma (DD) e o Aproveitamento de Estudos [&hellip;]<\/p>\n","protected":false},"author":25194,"featured_media":0,"parent":0,"menu_order":0,"comment_status":"closed","ping_status":"closed","template":"","meta":{"_monsterinsights_skip_tracking":false,"_monsterinsights_sitenote_active":false,"_monsterinsights_sitenote_note":"","_monsterinsights_sitenote_category":0,"footnotes":"","_links_to":"","_links_to_target":""},"class_list":["post-2930","page","type-page","status-publish","hentry","entry"],"_links":{"self":[{"href":"https:\/\/sites.usp.br\/pme\/wp-json\/wp\/v2\/pages\/2930","targetHints":{"allow":["GET"]}}],"collection":[{"href":"https:\/\/sites.usp.br\/pme\/wp-json\/wp\/v2\/pages"}],"about":[{"href":"https:\/\/sites.usp.br\/pme\/wp-json\/wp\/v2\/types\/page"}],"author":[{"embeddable":true,"href":"https:\/\/sites.usp.br\/pme\/wp-json\/wp\/v2\/users\/25194"}],"replies":[{"embeddable":true,"href":"https:\/\/sites.usp.br\/pme\/wp-json\/wp\/v2\/comments?post=2930"}],"version-history":[{"count":4,"href":"https:\/\/sites.usp.br\/pme\/wp-json\/wp\/v2\/pages\/2930\/revisions"}],"predecessor-version":[{"id":3717,"href":"https:\/\/sites.usp.br\/pme\/wp-json\/wp\/v2\/pages\/2930\/revisions\/3717"}],"wp:attachment":[{"href":"https:\/\/sites.usp.br\/pme\/wp-json\/wp\/v2\/media?parent=2930"}],"curies":[{"name":"wp","href":"https:\/\/api.w.org\/{rel}","templated":true}]}}