{"id":3009,"date":"2026-03-31T10:59:36","date_gmt":"2026-03-31T13:59:36","guid":{"rendered":"https:\/\/sites.usp.br\/pme-prototipo\/?page_id=3009"},"modified":"2026-05-04T23:08:29","modified_gmt":"2026-05-05T02:08:29","slug":"cam","status":"publish","type":"page","link":"https:\/\/sites.usp.br\/pme\/cam\/","title":{"rendered":"CAM"},"content":{"rendered":"\t\t<div data-elementor-type=\"wp-page\" data-elementor-id=\"3009\" class=\"elementor elementor-3009\" data-elementor-post-type=\"page\">\n\t\t\t\t\t\t<section class=\"elementor-section elementor-top-section elementor-element elementor-element-a22e461 elementor-section-boxed elementor-section-height-default elementor-section-height-default\" data-id=\"a22e461\" data-element_type=\"section\">\n\t\t\t\t\t\t<div class=\"elementor-container elementor-column-gap-default\">\n\t\t\t\t\t<div class=\"elementor-column elementor-col-100 elementor-top-column elementor-element elementor-element-3a93adc\" data-id=\"3a93adc\" data-element_type=\"column\">\n\t\t\t<div class=\"elementor-widget-wrap elementor-element-populated\">\n\t\t\t\t\t\t<section class=\"elementor-section elementor-inner-section elementor-element elementor-element-ea4d98c elementor-section-boxed elementor-section-height-default elementor-section-height-default\" data-id=\"ea4d98c\" data-element_type=\"section\">\n\t\t\t\t\t\t<div class=\"elementor-container elementor-column-gap-default\">\n\t\t\t\t\t<div class=\"elementor-column elementor-col-100 elementor-inner-column elementor-element elementor-element-110a053\" data-id=\"110a053\" data-element_type=\"column\">\n\t\t\t<div class=\"elementor-widget-wrap elementor-element-populated\">\n\t\t\t\t\t\t<div class=\"elementor-element elementor-element-5343df6 elementor-widget elementor-widget-text-editor\" data-id=\"5343df6\" data-element_type=\"widget\" data-widget_type=\"text-editor.default\">\n\t\t\t\t<div class=\"elementor-widget-container\">\n\t\t\t\t\t\t\t<h1><span style=\"text-decoration: underline;\"><span style=\"color: #000000;\"><b>O que s\u00e3o Centros Acad\u00eamicos?<\/b><\/span><\/span><\/h1><p><span style=\"font-weight: 400;\">Centros Acad\u00eamicos (CAs) s\u00e3o entidades formadas por alunos que representam os estudantes dentro da universidade. Eles atuam como uma ponte entre os alunos e a institui\u00e7\u00e3o, ajudando na comunica\u00e7\u00e3o de demandas acad\u00eamicas, na organiza\u00e7\u00e3o de atividades e no fortalecimento da vida universit\u00e1ria.<\/span><\/p><p><span style=\"font-weight: 400;\">Al\u00e9m da representa\u00e7\u00e3o, os CAs promovem integra\u00e7\u00e3o, acolhimento e iniciativas que tornam a experi\u00eancia universit\u00e1ria mais completa, indo al\u00e9m da sala de aula.<\/span><\/p><p><span style=\"font-weight: 400;\">Na Mec\u00e2nica e Mecatr\u00f4nica da Escola Polit\u00e9cnica da USP, essa representa\u00e7\u00e3o \u00e9 feita pelo CAM.<\/span><\/p>\t\t\t\t\t\t<\/div>\n\t\t\t\t<\/div>\n\t\t\t\t<div class=\"elementor-element elementor-element-3d19b4e elementor-widget elementor-widget-text-editor\" data-id=\"3d19b4e\" data-element_type=\"widget\" data-widget_type=\"text-editor.default\">\n\t\t\t\t<div class=\"elementor-widget-container\">\n\t\t\t\t\t\t\t<h1><span style=\"text-decoration: underline; color: #000000;\"><b>O que \u00e9 o CAM?<\/b><\/span><\/h1><p><span style=\"font-weight: 400;\">O CAM \u00e9 o Centro Acad\u00eamico das Engenharias Mec\u00e2nica e Mecatr\u00f4nica da Escola Polit\u00e9cnica da Universidade de S\u00e3o Paulo.<\/span><\/p><p><span style=\"font-weight: 400;\">Sua atua\u00e7\u00e3o envolve a representa\u00e7\u00e3o dos alunos em quest\u00f5es acad\u00eamicas, al\u00e9m do acolhimento e orienta\u00e7\u00e3o ao longo da gradua\u00e7\u00e3o. O CAM tamb\u00e9m oferece um espa\u00e7o f\u00edsico voltado ao descanso, estudo e conviv\u00eancia, contribuindo para o bem-estar dos estudantes no dia a dia.<\/span><\/p>\t\t\t\t\t\t<\/div>\n\t\t\t\t<\/div>\n\t\t\t\t<div class=\"elementor-element elementor-element-a7c0c6a elementor-widget elementor-widget-text-editor\" data-id=\"a7c0c6a\" data-element_type=\"widget\" data-widget_type=\"text-editor.default\">\n\t\t\t\t<div class=\"elementor-widget-container\">\n\t\t\t\t\t\t\t<h1><span style=\"text-decoration: underline; color: #000000;\"><b>Como o CAM atua?<\/b><\/span><\/h1><ul><li><span style=\"color: #000000;\"><strong>Representa\u00e7\u00e3o estudantil<\/strong><\/span><b><br \/><\/b><span style=\"font-weight: 400;\">Atua na comunica\u00e7\u00e3o entre alunos, representantes discentes e inst\u00e2ncias acad\u00eamicas.<\/span><\/li><li><b>Apoio acad\u00eamico<\/b><b><br \/><\/b><span style=\"font-weight: 400;\">Organiza revis\u00f5es, orienta\u00e7\u00f5es e iniciativas de suporte ao desempenho dos alunos.<\/span><\/li><li><b>Perman\u00eancia estudantil<\/b><b><br \/><\/b><span style=\"font-weight: 400;\">Oferece recursos como biblioteca, empr\u00e9stimo de calculadoras, aventais e \u00f3culos.<\/span><\/li><li><b>Integra\u00e7\u00e3o e conviv\u00eancia<\/b><b><br \/><\/b><span style=\"font-weight: 400;\">Promove espa\u00e7os e atividades que fortalecem a comunidade entre os estudantes.<\/span><\/li><\/ul>\t\t\t\t\t\t<\/div>\n\t\t\t\t<\/div>\n\t\t\t\t<div class=\"elementor-element elementor-element-e7eeb96 elementor-widget elementor-widget-text-editor\" data-id=\"e7eeb96\" data-element_type=\"widget\" data-widget_type=\"text-editor.default\">\n\t\t\t\t<div class=\"elementor-widget-container\">\n\t\t\t\t\t\t\t<h1><span style=\"text-decoration: underline;\"><span style=\"color: #000000;\"><b>Projetos internos<\/b><\/span><\/span><\/h1><p><span style=\"font-weight: 400;\">Entre as iniciativas voltadas aos alunos, o CAM desenvolve:<\/span><\/p><ul><li style=\"font-weight: 400;\" aria-level=\"1\"><span style=\"font-weight: 400;\">Oficina pr\u00f3-aluno<\/span><\/li><li style=\"font-weight: 400;\" aria-level=\"1\"><span style=\"font-weight: 400;\">Biblioteca<\/span><\/li><li style=\"font-weight: 400;\" aria-level=\"1\"><span style=\"font-weight: 400;\">Empr\u00e9stimo de calculadoras, aventais e \u00f3culos<\/span><\/li><li style=\"font-weight: 400;\" aria-level=\"1\"><span style=\"font-weight: 400;\">Contato com Representantes Discentes (RDs)<\/span><\/li><li style=\"font-weight: 400;\" aria-level=\"1\"><span style=\"font-weight: 400;\">\u201cFujas\u201d, revis\u00f5es organizadas antes das provas<\/span><\/li><\/ul><p><span style=\"font-weight: 400;\">Essas a\u00e7\u00f5es buscam apoiar os estudantes durante a gradua\u00e7\u00e3o e contribuir para sua perman\u00eancia, organiza\u00e7\u00e3o e desempenho acad\u00eamico.<\/span><\/p>\t\t\t\t\t\t<\/div>\n\t\t\t\t<\/div>\n\t\t\t\t<div class=\"elementor-element elementor-element-28c1550 elementor-widget elementor-widget-text-editor\" data-id=\"28c1550\" data-element_type=\"widget\" data-widget_type=\"text-editor.default\">\n\t\t\t\t<div class=\"elementor-widget-container\">\n\t\t\t\t\t\t\t<h1><span style=\"text-decoration: underline;\"><span style=\"color: #000000;\"><b>Extens\u00e3o e conex\u00e3o com o mercado<\/b><\/span><\/span><\/h1><p><span style=\"font-weight: 400;\">O CAM tamb\u00e9m atua em iniciativas de extens\u00e3o e desenvolvimento profissional.<\/span><\/p><p><span style=\"font-weight: 400;\">Em parceria com a Poli Cidad\u00e3, organiza a Oficina de Brinquedos e a Oficina de Carrinhos, que recebem crian\u00e7as de escolas p\u00fablicas da regi\u00e3o da USP para atividades pr\u00e1ticas na Escola Polit\u00e9cnica.<\/span><\/p><p><span style=\"font-weight: 400;\">Al\u00e9m disso, o CAM organiza a SEMOV, Semana de Engenharia Mec\u00e2nica e Mecatr\u00f4nica, evento que aproxima alunos de empresas por meio de palestras, workshops, visitas t\u00e9cnicas e estandes.<\/span><\/p>\t\t\t\t\t\t<\/div>\n\t\t\t\t<\/div>\n\t\t\t\t<div class=\"elementor-element elementor-element-4aec4fc elementor-widget elementor-widget-text-editor\" data-id=\"4aec4fc\" data-element_type=\"widget\" data-widget_type=\"text-editor.default\">\n\t\t\t\t<div class=\"elementor-widget-container\">\n\t\t\t\t\t\t\t<h1><span style=\"text-decoration: underline; color: #000000;\"><b>Por que isso importa?<\/b><\/span><\/h1><p><span style=\"font-weight: 400;\">A atua\u00e7\u00e3o do CAM contribui para uma forma\u00e7\u00e3o mais completa, combinando representa\u00e7\u00e3o, apoio acad\u00eamico, integra\u00e7\u00e3o, extens\u00e3o universit\u00e1ria e aproxima\u00e7\u00e3o com o mercado.<\/span><\/p><p><span style=\"font-weight: 400;\">Assim, o Centro Acad\u00eamico fortalece a experi\u00eancia dos alunos e refor\u00e7a o papel da universidade como espa\u00e7o de forma\u00e7\u00e3o t\u00e9cnica, cidad\u00e3 e profissional.<\/span><\/p>\t\t\t\t\t\t<\/div>\n\t\t\t\t<\/div>\n\t\t\t\t\t<\/div>\n\t\t<\/div>\n\t\t\t\t\t<\/div>\n\t\t<\/section>\n\t\t\t\t<div class=\"elementor-element elementor-element-eeb0dd5 elementor-widget elementor-widget-image\" data-id=\"eeb0dd5\" data-element_type=\"widget\" data-widget_type=\"image.default\">\n\t\t\t\t<div class=\"elementor-widget-container\">\n\t\t\t\t\t\t\t\t\t\t\t\t\t<img decoding=\"async\" width=\"150\" height=\"150\" src=\"https:\/\/sites.usp.br\/pme\/wp-content\/uploads\/sites\/1806\/2026\/04\/CAM.jpg\" class=\"attachment-medium_large size-medium_large wp-image-3711\" alt=\"\" srcset=\"https:\/\/sites.usp.br\/pme\/wp-content\/uploads\/sites\/1806\/2026\/04\/CAM.jpg 150w, https:\/\/sites.usp.br\/pme\/wp-content\/uploads\/sites\/1806\/2026\/04\/CAM-45x45.jpg 45w\" sizes=\"(max-width: 150px) 100vw, 150px\" \/>\t\t\t\t\t\t\t\t\t\t\t\t\t<\/div>\n\t\t\t\t<\/div>\n\t\t\t\t<div class=\"elementor-element elementor-element-1cfe690 elementor-shape-circle elementor-grid-0 e-grid-align-center elementor-widget elementor-widget-social-icons\" data-id=\"1cfe690\" data-element_type=\"widget\" data-widget_type=\"social-icons.default\">\n\t\t\t\t<div class=\"elementor-widget-container\">\n\t\t\t\t\t<div class=\"elementor-social-icons-wrapper elementor-grid\">\n\t\t\t\t\t\t\t<span class=\"elementor-grid-item\">\n\t\t\t\t\t<a class=\"elementor-icon elementor-social-icon elementor-social-icon-youtube elementor-animation-shrink elementor-repeater-item-9699f2b\" href=\"https:\/\/www.youtube.com\/@CAMPoliUsp\/videos\" target=\"_blank\">\n\t\t\t\t\t\t<span class=\"elementor-screen-only\">Youtube<\/span>\n\t\t\t\t\t\t<i class=\"fab fa-youtube\"><\/i>\t\t\t\t\t<\/a>\n\t\t\t\t<\/span>\n\t\t\t\t\t\t\t<span class=\"elementor-grid-item\">\n\t\t\t\t\t<a class=\"elementor-icon elementor-social-icon elementor-social-icon-instagram elementor-animation-shrink elementor-repeater-item-c3dbaf3\" href=\"https:\/\/www.instagram.com\/campoliusp\/\" target=\"_blank\">\n\t\t\t\t\t\t<span class=\"elementor-screen-only\">Instagram<\/span>\n\t\t\t\t\t\t<i class=\"fab fa-instagram\"><\/i>\t\t\t\t\t<\/a>\n\t\t\t\t<\/span>\n\t\t\t\t\t\t\t<span class=\"elementor-grid-item\">\n\t\t\t\t\t<a class=\"elementor-icon elementor-social-icon elementor-social-icon-linkedin elementor-animation-shrink elementor-repeater-item-918e03f\" href=\"https:\/\/www.linkedin.com\/company\/campoliusp\/?originalSubdomain=br\" target=\"_blank\">\n\t\t\t\t\t\t<span class=\"elementor-screen-only\">Linkedin<\/span>\n\t\t\t\t\t\t<i class=\"fab fa-linkedin\"><\/i>\t\t\t\t\t<\/a>\n\t\t\t\t<\/span>\n\t\t\t\t\t<\/div>\n\t\t\t\t<\/div>\n\t\t\t\t<\/div>\n\t\t\t\t<div class=\"elementor-element elementor-element-3ff7512 elementor-widget-divider--view-line elementor-widget elementor-widget-divider\" data-id=\"3ff7512\" data-element_type=\"widget\" data-widget_type=\"divider.default\">\n\t\t\t\t<div class=\"elementor-widget-container\">\n\t\t\t\t\t<div class=\"elementor-divider\">\n\t\t\t<span class=\"elementor-divider-separator\">\n\t\t\t\t\t\t<\/span>\n\t\t<\/div>\n\t\t\t\t<\/div>\n\t\t\t\t<\/div>\n\t\t\t\t\t<\/div>\n\t\t<\/div>\n\t\t\t\t\t<\/div>\n\t\t<\/section>\n\t\t\t\t<\/div>\n\t\t","protected":false},"excerpt":{"rendered":"<p>O que s\u00e3o Centros Acad\u00eamicos? Centros Acad\u00eamicos (CAs) s\u00e3o entidades formadas por alunos que representam os estudantes dentro da universidade. Eles atuam como uma ponte entre os alunos e a institui\u00e7\u00e3o, ajudando na comunica\u00e7\u00e3o de demandas acad\u00eamicas, na organiza\u00e7\u00e3o de atividades e no fortalecimento da vida universit\u00e1ria. Al\u00e9m da representa\u00e7\u00e3o, os CAs promovem integra\u00e7\u00e3o, acolhimento [&hellip;]<\/p>\n","protected":false},"author":25194,"featured_media":0,"parent":0,"menu_order":0,"comment_status":"closed","ping_status":"closed","template":"","meta":{"_monsterinsights_skip_tracking":false,"_monsterinsights_sitenote_active":false,"_monsterinsights_sitenote_note":"","_monsterinsights_sitenote_category":0,"footnotes":"","_links_to":"","_links_to_target":""},"class_list":["post-3009","page","type-page","status-publish","hentry","entry"],"_links":{"self":[{"href":"https:\/\/sites.usp.br\/pme\/wp-json\/wp\/v2\/pages\/3009","targetHints":{"allow":["GET"]}}],"collection":[{"href":"https:\/\/sites.usp.br\/pme\/wp-json\/wp\/v2\/pages"}],"about":[{"href":"https:\/\/sites.usp.br\/pme\/wp-json\/wp\/v2\/types\/page"}],"author":[{"embeddable":true,"href":"https:\/\/sites.usp.br\/pme\/wp-json\/wp\/v2\/users\/25194"}],"replies":[{"embeddable":true,"href":"https:\/\/sites.usp.br\/pme\/wp-json\/wp\/v2\/comments?post=3009"}],"version-history":[{"count":4,"href":"https:\/\/sites.usp.br\/pme\/wp-json\/wp\/v2\/pages\/3009\/revisions"}],"predecessor-version":[{"id":3967,"href":"https:\/\/sites.usp.br\/pme\/wp-json\/wp\/v2\/pages\/3009\/revisions\/3967"}],"wp:attachment":[{"href":"https:\/\/sites.usp.br\/pme\/wp-json\/wp\/v2\/media?parent=3009"}],"curies":[{"name":"wp","href":"https:\/\/api.w.org\/{rel}","templated":true}]}}