{"id":1778,"date":"2023-08-31T11:15:52","date_gmt":"2023-08-31T13:15:52","guid":{"rendered":"https:\/\/sites.usp.br\/pmg\/?page_id=1778"},"modified":"2023-11-13T16:33:51","modified_gmt":"2023-11-13T18:33:51","slug":"edital","status":"publish","type":"page","link":"https:\/\/sites.usp.br\/pmg\/edital\/","title":{"rendered":"Edital"},"content":{"rendered":"\t\t<div data-elementor-type=\"wp-page\" data-elementor-id=\"1778\" class=\"elementor elementor-1778\" data-elementor-post-type=\"page\">\n\t\t\t\t\t\t<section class=\"elementor-section elementor-top-section elementor-element elementor-element-c141834 elementor-section-boxed elementor-section-height-default elementor-section-height-default\" data-id=\"c141834\" data-element_type=\"section\">\n\t\t\t\t\t\t<div class=\"elementor-container elementor-column-gap-default\">\n\t\t\t\t\t<div class=\"elementor-column elementor-col-100 elementor-top-column elementor-element elementor-element-d570bb5\" data-id=\"d570bb5\" data-element_type=\"column\">\n\t\t\t<div class=\"elementor-widget-wrap elementor-element-populated\">\n\t\t\t\t\t\t<div class=\"elementor-element elementor-element-b5eb60e elementor-widget elementor-widget-toggle\" data-id=\"b5eb60e\" data-element_type=\"widget\" data-widget_type=\"toggle.default\">\n\t\t\t\t<div class=\"elementor-widget-container\">\n\t\t\t\t\t<div class=\"elementor-toggle\">\n\t\t\t\t\t\t\t<div class=\"elementor-toggle-item\">\n\t\t\t\t\t<div id=\"elementor-tab-title-1901\" class=\"elementor-tab-title\" data-tab=\"1\" role=\"button\" aria-controls=\"elementor-tab-content-1901\" aria-expanded=\"false\">\n\t\t\t\t\t\t\t\t\t\t\t\t<span class=\"elementor-toggle-icon elementor-toggle-icon-left\" aria-hidden=\"true\">\n\t\t\t\t\t\t\t\t\t\t\t\t\t\t\t<i class=\"elementor-toggle-icon-closed fa fa-caret-right\"><\/i>\n\t\t\t\t\t\t\t\t<i class=\"elementor-toggle-icon-opened fa fa-caret-up\"><\/i>\n\t\t\t\t\t\t\t\t\t\t\t\t\t<\/span>\n\t\t\t\t\t\t\t\t\t\t\t\t<a class=\"elementor-toggle-title\" tabindex=\"0\">EDITAL PMG-USP N.\u00b0 01\/2023 (FECHADO)<\/a>\n\t\t\t\t\t<\/div>\n\n\t\t\t\t\t<div id=\"elementor-tab-content-1901\" class=\"elementor-tab-content elementor-clearfix\" data-tab=\"1\" role=\"region\" aria-labelledby=\"elementor-tab-title-1901\"><p>A Escola Polit\u00e9cnica da USP (Poli-USP), por meio do Grupo Gestor do <strong>Projeto Institucional de Moderniza\u00e7\u00e3o do Ensino de Engenharia<\/strong> para o curso de Engenharia Qu\u00edmica abre as inscri\u00e7\u00f5es para o <span style=\"text-decoration: underline;\"><strong><a href=\"https:\/\/drive.google.com\/file\/d\/1TV0g7BL0cMJKIjtGnP02XLB-YhBY2zls\/view\">edital PMG-USP N.\u00b0 01\/2023<\/a><\/strong><\/span>.<\/p><p>Poder\u00e3o se inscrever estudantes que sejam bolsistas de Doutorado e P\u00f3s-Doutorado no Brasil e na USP para atuarem como Assistentes no Projeto Institucional de Moderniza\u00e7\u00e3o (PIM) da Poli-USP. <span style=\"text-decoration: underline;\"><strong><a href=\"https:\/\/drive.google.com\/file\/d\/1TV0g7BL0cMJKIjtGnP02XLB-YhBY2zls\/view\">Confira o edital completo<\/a><\/strong><\/span>.<\/p><p>O projeto \u00e9 uma parceria do Programa Brasil-Estados Unidos de Moderniza\u00e7\u00e3o da Educa\u00e7\u00e3o Superior na Gradua\u00e7\u00e3o (PMG &#8211; EUA) da CAPES-CNE-Comiss\u00e3o Fulbright.<\/p><\/div>\n\t\t\t\t<\/div>\n\t\t\t\t\t\t\t\t<\/div>\n\t\t\t\t<\/div>\n\t\t\t\t<\/div>\n\t\t\t\t\t<\/div>\n\t\t<\/div>\n\t\t\t\t\t<\/div>\n\t\t<\/section>\n\t\t\t\t<\/div>\n\t\t","protected":false},"excerpt":{"rendered":"<p>EDITAL PMG-USP N.\u00b0 01\/2023 (FECHADO) A Escola Polit\u00e9cnica da USP (Poli-USP), por meio do Grupo Gestor do Projeto Institucional de Moderniza\u00e7\u00e3o do Ensino de Engenharia para o curso de Engenharia Qu\u00edmica abre as inscri\u00e7\u00f5es para o edital PMG-USP N.\u00b0 01\/2023. Poder\u00e3o se inscrever estudantes que sejam bolsistas de Doutorado e P\u00f3s-Doutorado no Brasil e na [&hellip;]<\/p>\n","protected":false},"author":22917,"featured_media":0,"parent":0,"menu_order":0,"comment_status":"closed","ping_status":"closed","template":"","meta":{"_monsterinsights_skip_tracking":false,"_monsterinsights_sitenote_active":false,"_monsterinsights_sitenote_note":"","_monsterinsights_sitenote_category":0,"footnotes":"","_links_to":"","_links_to_target":""},"class_list":["post-1778","page","type-page","status-publish","hentry","entry"],"_links":{"self":[{"href":"https:\/\/sites.usp.br\/pmg\/wp-json\/wp\/v2\/pages\/1778","targetHints":{"allow":["GET"]}}],"collection":[{"href":"https:\/\/sites.usp.br\/pmg\/wp-json\/wp\/v2\/pages"}],"about":[{"href":"https:\/\/sites.usp.br\/pmg\/wp-json\/wp\/v2\/types\/page"}],"author":[{"embeddable":true,"href":"https:\/\/sites.usp.br\/pmg\/wp-json\/wp\/v2\/users\/22917"}],"replies":[{"embeddable":true,"href":"https:\/\/sites.usp.br\/pmg\/wp-json\/wp\/v2\/comments?post=1778"}],"version-history":[{"count":4,"href":"https:\/\/sites.usp.br\/pmg\/wp-json\/wp\/v2\/pages\/1778\/revisions"}],"predecessor-version":[{"id":1936,"href":"https:\/\/sites.usp.br\/pmg\/wp-json\/wp\/v2\/pages\/1778\/revisions\/1936"}],"wp:attachment":[{"href":"https:\/\/sites.usp.br\/pmg\/wp-json\/wp\/v2\/media?parent=1778"}],"curies":[{"name":"wp","href":"https:\/\/api.w.org\/{rel}","templated":true}]}}