{"id":724,"date":"2022-07-22T13:26:11","date_gmt":"2022-07-22T15:26:11","guid":{"rendered":"https:\/\/sites.usp.br\/pmg\/?page_id=724"},"modified":"2022-09-06T16:14:36","modified_gmt":"2022-09-06T18:14:36","slug":"palestras","status":"publish","type":"page","link":"https:\/\/sites.usp.br\/pmg\/palestras\/","title":{"rendered":"Palestras"},"content":{"rendered":"\t\t<div data-elementor-type=\"wp-page\" data-elementor-id=\"724\" class=\"elementor elementor-724\" data-elementor-post-type=\"page\">\n\t\t\t\t\t\t<section class=\"elementor-section elementor-top-section elementor-element elementor-element-d046e65 elementor-section-boxed elementor-section-height-default elementor-section-height-default\" data-id=\"d046e65\" data-element_type=\"section\">\n\t\t\t\t\t\t<div class=\"elementor-container elementor-column-gap-default\">\n\t\t\t\t\t<div class=\"elementor-column elementor-col-100 elementor-top-column elementor-element elementor-element-28430b0\" data-id=\"28430b0\" data-element_type=\"column\">\n\t\t\t<div class=\"elementor-widget-wrap elementor-element-populated\">\n\t\t\t\t\t\t<div class=\"elementor-element elementor-element-6b755bb elementor-widget elementor-widget-toggle\" data-id=\"6b755bb\" data-element_type=\"widget\" data-widget_type=\"toggle.default\">\n\t\t\t\t<div class=\"elementor-widget-container\">\n\t\t\t\t\t<div class=\"elementor-toggle\">\n\t\t\t\t\t\t\t<div class=\"elementor-toggle-item\">\n\t\t\t\t\t<div id=\"elementor-tab-title-1121\" class=\"elementor-tab-title\" data-tab=\"1\" role=\"button\" aria-controls=\"elementor-tab-content-1121\" aria-expanded=\"false\">\n\t\t\t\t\t\t\t\t\t\t\t\t<span class=\"elementor-toggle-icon elementor-toggle-icon-left\" aria-hidden=\"true\">\n\t\t\t\t\t\t\t\t\t\t\t\t\t\t\t<i class=\"elementor-toggle-icon-closed fa fa-caret-right\"><\/i>\n\t\t\t\t\t\t\t\t<i class=\"elementor-toggle-icon-opened fa fa-caret-up\"><\/i>\n\t\t\t\t\t\t\t\t\t\t\t\t\t<\/span>\n\t\t\t\t\t\t\t\t\t\t\t\t<a class=\"elementor-toggle-title\" tabindex=\"0\">Palestra (30\/08\/2022) - Implanta\u00e7\u00e3o de curr\u00edculo por compet\u00eancias no Curso de Engenharia Qu\u00edmica<\/a>\n\t\t\t\t\t<\/div>\n\n\t\t\t\t\t<div id=\"elementor-tab-content-1121\" class=\"elementor-tab-content elementor-clearfix\" data-tab=\"1\" role=\"region\" aria-labelledby=\"elementor-tab-title-1121\"><p>Na ter\u00e7a-feira do dia 30 de agosto de 2022 foi promovida a discuss\u00e3o aberta para a Escola Polit\u00e9cnica sobre o Projeto de Moderniza\u00e7\u00e3o do Curso de Engenharia Qu\u00edmica, apresentado pelo Prof. Dr. Marcelo Seckler.<\/p><p>Confira a <span style=\"text-decoration: underline;\"><a href=\"https:\/\/usp-br.zoom.us\/rec\/play\/hlQOULPAOxo5O9eC6pkk-ryiVoRvdEFih5vCbllOhWhWcavgrMGXRbrOOn_VBJai_tNXTfHO1SFYLxY4.ZKUNDKw-c9UQktw-?startTime=1661870034000&amp;_x_zm_rtaid=JTRHPS7uR5GKNUNMyV6Eig.1662485721740.4ac6f6229f3dd0f88d4a78b10fb7c995&amp;_x_zm_rhtaid=520\">grava\u00e7\u00e3o<\/a><\/span> e o material referente \u00e0 reuni\u00e3o (<span style=\"text-decoration: underline;\"><a href=\"https:\/\/docs.google.com\/presentation\/d\/182K1GDJM00-_LNqrCjpPoDzcCZKoyfcI\/edit?usp=sharing&amp;ouid=109312509163393659354&amp;rtpof=true&amp;sd=true\">apresenta\u00e7\u00e3o<\/a><\/span> e <span style=\"text-decoration: underline;\"><a href=\"https:\/\/drive.google.com\/file\/d\/1tkkIFgtGTgFVL3-SYGX1WY6uVZv2t-pq\/view?usp=sharing\">documento de apoio \u00e0 implanta\u00e7\u00e3o das DCNs<\/a><\/span>).<\/p><\/div>\n\t\t\t\t<\/div>\n\t\t\t\t\t\t\t<div class=\"elementor-toggle-item\">\n\t\t\t\t\t<div id=\"elementor-tab-title-1122\" class=\"elementor-tab-title\" data-tab=\"2\" role=\"button\" aria-controls=\"elementor-tab-content-1122\" aria-expanded=\"false\">\n\t\t\t\t\t\t\t\t\t\t\t\t<span class=\"elementor-toggle-icon elementor-toggle-icon-left\" aria-hidden=\"true\">\n\t\t\t\t\t\t\t\t\t\t\t\t\t\t\t<i class=\"elementor-toggle-icon-closed fa fa-caret-right\"><\/i>\n\t\t\t\t\t\t\t\t<i class=\"elementor-toggle-icon-opened fa fa-caret-up\"><\/i>\n\t\t\t\t\t\t\t\t\t\t\t\t\t<\/span>\n\t\t\t\t\t\t\t\t\t\t\t\t<a class=\"elementor-toggle-title\" tabindex=\"0\">Palestra (15\/07\/2022) - Novo Curr\u00edculo Baseado em Compet\u00eancias<\/a>\n\t\t\t\t\t<\/div>\n\n\t\t\t\t\t<div id=\"elementor-tab-content-1122\" class=\"elementor-tab-content elementor-clearfix\" data-tab=\"2\" role=\"region\" aria-labelledby=\"elementor-tab-title-1122\"><p>A Escola Polit\u00e9cnica da USP convida o Prof. Luis Mercier para uma palestra sobre o novo curr\u00edculo baseado em compet\u00eancias. O Prof. Luis Mercier Coordenador da Gradua\u00e7\u00e3o da Faculdade de Engenharia Qu\u00edmica da UNICAMP. O evento tem organiza\u00e7\u00e3o do Prof. Marcelo Seckler, que \u00e9 professor titular do curso de engenharia qu\u00edmica da Poli, e tamb\u00e9m faz parte da comiss\u00e3o de coordena\u00e7\u00e3o dos cursos de gradua\u00e7\u00e3o da EPUSP.<\/p><p><strong>Confira:<\/strong><iframe title=\"YouTube video player\" src=\"https:\/\/www.youtube.com\/embed\/TTUm1jmYuQo\" width=\"560\" height=\"315\" frameborder=\"0\" allowfullscreen=\"allowfullscreen\"><\/iframe><\/p><\/div>\n\t\t\t\t<\/div>\n\t\t\t\t\t\t\t\t<\/div>\n\t\t\t\t<\/div>\n\t\t\t\t<\/div>\n\t\t\t\t\t<\/div>\n\t\t<\/div>\n\t\t\t\t\t<\/div>\n\t\t<\/section>\n\t\t\t\t<\/div>\n\t\t","protected":false},"excerpt":{"rendered":"<p>Palestra (30\/08\/2022) &#8211; Implanta\u00e7\u00e3o de curr\u00edculo por compet\u00eancias no Curso de Engenharia Qu\u00edmica Na ter\u00e7a-feira do dia 30 de agosto de 2022 foi promovida a discuss\u00e3o aberta para a Escola Polit\u00e9cnica sobre o Projeto de Moderniza\u00e7\u00e3o do Curso de Engenharia Qu\u00edmica, apresentado pelo Prof. Dr. Marcelo Seckler. Confira a grava\u00e7\u00e3o e o material referente \u00e0 [&hellip;]<\/p>\n","protected":false},"author":22917,"featured_media":0,"parent":0,"menu_order":0,"comment_status":"closed","ping_status":"closed","template":"","meta":{"_monsterinsights_skip_tracking":false,"_monsterinsights_sitenote_active":false,"_monsterinsights_sitenote_note":"","_monsterinsights_sitenote_category":0,"footnotes":"","_links_to":"","_links_to_target":""},"class_list":["post-724","page","type-page","status-publish","hentry","entry"],"_links":{"self":[{"href":"https:\/\/sites.usp.br\/pmg\/wp-json\/wp\/v2\/pages\/724","targetHints":{"allow":["GET"]}}],"collection":[{"href":"https:\/\/sites.usp.br\/pmg\/wp-json\/wp\/v2\/pages"}],"about":[{"href":"https:\/\/sites.usp.br\/pmg\/wp-json\/wp\/v2\/types\/page"}],"author":[{"embeddable":true,"href":"https:\/\/sites.usp.br\/pmg\/wp-json\/wp\/v2\/users\/22917"}],"replies":[{"embeddable":true,"href":"https:\/\/sites.usp.br\/pmg\/wp-json\/wp\/v2\/comments?post=724"}],"version-history":[{"count":4,"href":"https:\/\/sites.usp.br\/pmg\/wp-json\/wp\/v2\/pages\/724\/revisions"}],"predecessor-version":[{"id":1377,"href":"https:\/\/sites.usp.br\/pmg\/wp-json\/wp\/v2\/pages\/724\/revisions\/1377"}],"wp:attachment":[{"href":"https:\/\/sites.usp.br\/pmg\/wp-json\/wp\/v2\/media?parent=724"}],"curies":[{"name":"wp","href":"https:\/\/api.w.org\/{rel}","templated":true}]}}