{"id":3042,"date":"2025-07-30T15:19:22","date_gmt":"2025-07-30T18:19:22","guid":{"rendered":"https:\/\/sites.usp.br\/pmlog\/?page_id=3042"},"modified":"2025-12-18T15:02:43","modified_gmt":"2025-12-18T18:02:43","slug":"processo-seletivo","status":"publish","type":"page","link":"https:\/\/sites.usp.br\/pmlog\/processo-seletivo\/","title":{"rendered":"Processo Seletivo"},"content":{"rendered":"\t\t<div data-elementor-type=\"wp-page\" data-elementor-id=\"3042\" class=\"elementor elementor-3042\" data-elementor-post-type=\"page\">\n\t\t\t\t\t\t<section class=\"elementor-section elementor-top-section elementor-element elementor-element-b35b793 elementor-section-full_width elementor-section-height-default elementor-section-height-default\" data-id=\"b35b793\" data-element_type=\"section\">\n\t\t\t\t\t\t<div class=\"elementor-container elementor-column-gap-default\">\n\t\t\t\t\t<div class=\"elementor-column elementor-col-100 elementor-top-column elementor-element elementor-element-345a4520\" data-id=\"345a4520\" data-element_type=\"column\">\n\t\t\t<div class=\"elementor-widget-wrap elementor-element-populated\">\n\t\t\t\t\t\t<div class=\"elementor-element elementor-element-4a8db29c elementor-widget__width-initial elementor-widget elementor-widget-text-editor\" data-id=\"4a8db29c\" data-element_type=\"widget\" data-widget_type=\"text-editor.default\">\n\t\t\t\t<div class=\"elementor-widget-container\">\n\t\t\t\t\t\t\t<h1><span style=\"color: #0000ff;\">Processo Seletivo para Ingresso no Programa de Mestrado em Engenharia de Sistemas Log\u00edsticos &#8211; MLog\/USP &#8211; 2026<\/span><\/h1><p class=\"pane-title\"><span style=\"font-size: 16px;\">O curso de Mestrado em Engenharia de Sistemas Log\u00edsticos (MLog) <\/span><em style=\"font-size: 16px;\">stricto sensu<\/em><span style=\"font-size: 16px;\">. Ao concluir todos os requisitos do curso o(a) aluno(a) receber\u00e1 o t\u00edtulo de Mestre em Ci\u00eancias.<\/span><\/p><div class=\"pane-content\"><div class=\"fieldable-panels-pane\"><div class=\"field field-name-field-basic-text-text field-type-text-long field-label-hidden\"><div class=\"field-items\"><div class=\"field-item even\"><p>O ingresso no MLog ser\u00e1 por meio de processo seletivo normatizado por edital espec\u00edfico a ser elaborado pela Comiss\u00e3o Coordenadora do Mestrado em Engenharia de Sistemas Log\u00edsticos (CCP-MLog) e publicado no Di\u00e1rio Oficial do Estado de S\u00e3o Paulo e nesta p\u00e1gina.<\/p><p>A CCP-MLog torna p\u00fablica a abertura das inscri\u00e7\u00f5es para os Processos Seletivos do curso de Mestrado para in\u00edcio em 2026, respectivamente,\u00a0<strong><a href=\"http:\/\/www.usp.br\/sistemas.logisticos\/sites\/default\/files\/editalassinado_mlog.pdf\" target=\"_blank\" rel=\"noopener\">Edital 01\/2025 \u2013 MLog\/EPUSP<\/a><\/strong>, publicado no Di\u00e1rio Oficial do Estado de S\u00e3o Paulo, em 28 de julho de 2025.<\/p><p><strong>(<span style=\"color: #ff0000;\">Em andamento<\/span>)<\/strong> EDITAL 01-2025 \u2013 MLog-EPUSP \u2013 MESTRADO.<br \/><strong><a href=\"https:\/\/www.doe.sp.gov.br\/executivo\/universidade-de-sao-paulo\/edital-n-01-de-22-de-julho-de-2025-2025072513412961224745\" target=\"_blank\" rel=\"noopener\">Publica\u00e7\u00e3o do Edital 01\/2025 \u2013 MLog\/EPUSP no DOE 28\/07\/2025.<\/a><\/strong><\/p><h3><span style=\"text-decoration: underline;\"><span style=\"color: #ffcc00;\"><strong>Inscri\u00e7\u00f5es Finalizadas:<\/strong><\/span><\/span><\/h3><ul><li>Leia o Edital 01\/2025 \u2013 MLog\/EPUSP antes de se inscrever;<\/li><li>Digitalize\u00a0os documentos necess\u00e1rios;<\/li><li>Per\u00edodo de inscri\u00e7\u00f5es: das\u00a0<strong>08h00<\/strong>\u00a0do dia\u00a0<strong>04-08-2025<\/strong>\u00a0(segunda-feira) at\u00e9 \u00e0s\u00a0<strong>23h59<\/strong>\u00a0do dia\u00a0<strong>02-10-2025 <\/strong>(quinta-feira);<\/li><li>O Formul\u00e1rio n\u00e3o poder\u00e1 ser editado;<\/li><li>Ao enviar o Formul\u00e1rio, o candidato receber\u00e1 um recibo do sistema com as respostas, por isso verifique se recebeu no e-mail informado. Caso n\u00e3o receba esse comprovante, solicitamos que entre em contato pelo endere\u00e7o:\u00a0<a href=\"mailto:sislog@usp.br\">sislog@usp.br<\/a>.<\/li><li><strong><a href=\"https:\/\/forms.gle\/xk6GCrUBW5J4wfb98\" target=\"_blank\" rel=\"noopener\">Formul\u00e1rio para inscri\u00e7\u00e3o \u2013 Mestrado (link).<\/a><\/strong><\/li><\/ul><p><strong>EXAME DE PROFICI\u00caNCIA EM L\u00cdNGUA INGLESA<\/strong><br \/>O Exame de Profici\u00eancia em L\u00edngua Inglesa ser\u00e1 aplicado pela equipe do Centro de L\u00ednguas da Faculdade de Filosofia, Letras e Ci\u00eancias Humanas (FFLCH) da USP. O exame \u00e9 espec\u00edfico para o n\u00edvel de Mestrado.<\/p><p>Informa\u00e7\u00f5es sobre o\u00a0<strong>Edital 2510 POLI-SISTEMAS LOG\u00cdSTICOS\u00a0<\/strong>est\u00e1 dispon\u00edvel em\u00a0<a href=\"https:\/\/clinguas.fflch.usp.br\/files\/inline-files\/2510%20Poli%20-%20Sistemas%20Log%C3%ADsticos%20EDITAL.docx_1.pdf\" target=\"_blank\" rel=\"noopener\">2510 Poli &#8211; Sistemas Log\u00edsticos EDITAL.docx &#8211; 2510 Poli &#8211; Sistemas Log\u00edsticos EDITAL<\/a><br \/>Per\u00edodo de inscri\u00e7\u00f5es: das <strong>14h<\/strong>\u00a0do dia\u00a0<strong>04\/08\/2025<\/strong>\u00a0\u00e0s\u00a0<strong>23h59<\/strong>\u00a0dia\u00a0<strong>02\/10\/2025<\/strong><br \/>Link para inscri\u00e7\u00e3o: <a href=\"https:\/\/clinguas.fflch.usp.br\/form\/2510sislog\" target=\"_blank\" rel=\"noopener\">Exame de Profici\u00eancia em Ingl\u00eas &#8211; 2510 Poli &#8211; Sistemas Log\u00edsticos<\/a><br \/>Data do Exame de Profici\u00eancia em L\u00edngua Inglesa: <strong>16\/10\/2025<\/strong>\u00a0das\u00a0<strong>14h30<\/strong>\u00a0com dura\u00e7\u00e3o de\u00a0<strong>2 horas<\/strong>, presencial.<\/p><p><strong>EXAME DE CONHECIMENTOS GERAIS E OUTROS B\u00c1SICOS DA \u00c1REA DE ENGENHARIA DE SISTEMAS LOG\u00cdSTICOS<\/strong><br \/>Data: 17\/10\/2025 (sexta-feira) \u2013 <em><strong>\u00e0 dist\u00e2ncia<\/strong><\/em><br \/>Hor\u00e1rio: das\u00a0<strong>17h30<\/strong>\u00a0\u00e0s\u00a0<strong>19h00<\/strong>\u00a0forma n\u00e3o presencial pelo sistema Moodle de Cultura e Extens\u00e3o da USP.<\/p><h3><span style=\"color: #ffcc00;\">Refer\u00eancias:<\/span><\/h3><ul><li style=\"list-style-type: none;\"><ul><li><a href=\"https:\/\/www.usp.br\/sistemas.logisticos\/sites\/default\/files\/edital01_20250722.pdf\" target=\"_blank\" rel=\"noopener\">EDITAL N\u00ba 01, DE 22 DE JULHO DE 2025 (DOE)<\/a><\/li><\/ul><\/li><\/ul><ul><li style=\"list-style-type: none;\"><ul><li><a href=\"https:\/\/clinguas.fflch.usp.br\/sites\/clinguas.fflch.usp.br\/files\/inline-files\/2510%20Poli%20-%20Sistemas%20Log%C3%ADsticos%20EDITAL.docx_1.pdf\" target=\"_blank\" rel=\"noopener\">EDITAL PARA O EXAME DE PROFICI\u00caNCIA EM INGL\u00caS 2510 POLI-SISTEMAS LOG\u00cdSTICOS PRESENCIAL<\/a><\/li><\/ul><\/li><\/ul><ul><li style=\"list-style-type: none;\"><ul><li><a href=\"https:\/\/www.usp.br\/sistemas.logisticos\/sites\/default\/files\/editalassinado_mlog.pdf\" target=\"_blank\" rel=\"noopener\">EDITAL N\u00ba 01\/2025 \u2013 MLog\/EPUSP (assinado)<\/a><\/li><\/ul><\/li><\/ul><\/div><h2><span style=\"color: #ff0000;\"><strong>ATEN\u00c7\u00c3O!<\/strong><\/span><\/h2><p>A prova ser\u00e1 realizada pela Plataforma Moodle de Cultura e Extens\u00e3o da USP. As instru\u00e7\u00f5es para cadastro na Plataforma ser\u00e3o encaminhadas para o endere\u00e7o eletr\u00f4nico do candidato informado\u00a0<strong>no ato da inscri\u00e7\u00e3o<\/strong>.<\/p><p><strong><span style=\"color: #333399;\"><span style=\"color: #000000;\">08.10.2025 &#8211;<\/span><\/span><a href=\"https:\/\/sites.usp.br\/pmlog\/wp-content\/uploads\/sites\/1695\/2025\/10\/Lista-de-documetacao-deferida_MLog.pdf\"><span style=\"color: #333399;\"> Lista de inscri\u00e7\u00f5es deferidas &#8211; 2<\/span><\/a><\/strong><strong><span style=\"color: #333399;\">025<\/span><\/strong><br \/><strong>23.10.2025<\/strong> &#8211; <a href=\"https:\/\/sites.usp.br\/pmlog\/wp-content\/uploads\/sites\/1695\/2025\/10\/Lista-Aprovados-Proficiencia-lingua-inglesa-FFLCH_2025-2026.pdf\"><span style=\"color: #333399;\"><strong> Lista de aprovados no Exame de Profici\u00eancia em Ingl\u00eas<\/strong><\/span><\/a><br \/><strong>11.11.2025<\/strong> &#8211; <a href=\"https:\/\/sites.usp.br\/pmlog\/wp-content\/uploads\/sites\/1695\/2025\/11\/Lista-de-Selecionados-Arguicao-MLog.pdf\"><span style=\"color: #333399;\"><strong> Lista de selecionados para Argui\u00e7\u00e3o &#8211; 2\u00aa Etapa do processo seletivo<\/strong><\/span><\/a>\u00a0<br \/><strong>28.11.2025<\/strong> &#8211; <a href=\"https:\/\/sites.usp.br\/pmlog\/wp-content\/uploads\/sites\/1695\/2025\/11\/Lista-de-Selecionados-para-Arguicao-com-horarios.pdf\"><span style=\"color: #333399;\"><strong> Lista de selecionados para Argui\u00e7\u00e3o &#8211; 2\u00aa Etapa do processo seletivo &#8211; Data e hor\u00e1rio<\/strong><\/span><\/a><strong><br \/>18.12.2025 &#8211; <span style=\"color: #333399;\"><a style=\"color: #333399;\" href=\"https:\/\/sites.usp.br\/pmlog\/wp-content\/uploads\/sites\/1695\/2025\/12\/Resultado-2a-Etapa-Ingresso-2026.pdf\">Lista de selecionados &#8211; 2\u00aa Etapa\u00a0<\/a> \u00a0\u00a0<\/span><\/strong><\/p><\/div><\/div><\/div><\/div>\t\t\t\t\t\t<\/div>\n\t\t\t\t<\/div>\n\t\t\t\t\t<\/div>\n\t\t<\/div>\n\t\t\t\t\t<\/div>\n\t\t<\/section>\n\t\t\t\t<section class=\"elementor-section elementor-top-section elementor-element elementor-element-47b2ee6 elementor-section-boxed elementor-section-height-default elementor-section-height-default\" data-id=\"47b2ee6\" data-element_type=\"section\" data-settings=\"{&quot;background_background&quot;:&quot;classic&quot;}\">\n\t\t\t\t\t\t\t<div class=\"elementor-background-overlay\"><\/div>\n\t\t\t\t\t\t\t<div class=\"elementor-container elementor-column-gap-default\">\n\t\t\t\t\t<div class=\"elementor-column elementor-col-100 elementor-top-column elementor-element elementor-element-69ef3c6\" data-id=\"69ef3c6\" data-element_type=\"column\">\n\t\t\t<div class=\"elementor-widget-wrap elementor-element-populated\">\n\t\t\t\t\t\t<div class=\"elementor-element elementor-element-6b0ee91 elementor-widget elementor-widget-heading\" data-id=\"6b0ee91\" data-element_type=\"widget\" data-widget_type=\"heading.default\">\n\t\t\t\t<div class=\"elementor-widget-container\">\n\t\t\t<h2 class=\"elementor-heading-title elementor-size-default\"><a href=\"https:\/\/sites.usp.br\/pmlog\/docentes-linhasdepesquisas\/\">DOCENTES \/ LINHAS E PROJETOS DE PESQUISA<\/a><\/h2>\t\t<\/div>\n\t\t\t\t<\/div>\n\t\t\t\t\t<\/div>\n\t\t<\/div>\n\t\t\t\t\t<\/div>\n\t\t<\/section>\n\t\t\t\t<section class=\"elementor-section elementor-top-section elementor-element elementor-element-bdbdcc0 elementor-section-boxed elementor-section-height-default elementor-section-height-default\" data-id=\"bdbdcc0\" data-element_type=\"section\">\n\t\t\t\t\t\t<div class=\"elementor-container elementor-column-gap-default\">\n\t\t\t\t\t<div class=\"elementor-column elementor-col-100 elementor-top-column elementor-element elementor-element-1d4a899\" data-id=\"1d4a899\" data-element_type=\"column\">\n\t\t\t<div class=\"elementor-widget-wrap elementor-element-populated\">\n\t\t\t\t\t\t<div class=\"elementor-element elementor-element-3708037 elementor-widget elementor-widget-toggle\" data-id=\"3708037\" data-element_type=\"widget\" data-widget_type=\"toggle.default\">\n\t\t\t\t<div class=\"elementor-widget-container\">\n\t\t\t\t\t<div class=\"elementor-toggle\">\n\t\t\t\t\t\t\t<div class=\"elementor-toggle-item\">\n\t\t\t\t\t<div id=\"elementor-tab-title-5771\" class=\"elementor-tab-title\" data-tab=\"1\" role=\"button\" aria-controls=\"elementor-tab-content-5771\" aria-expanded=\"false\">\n\t\t\t\t\t\t\t\t\t\t\t\t<span class=\"elementor-toggle-icon elementor-toggle-icon-left\" aria-hidden=\"true\">\n\t\t\t\t\t\t\t\t\t\t\t\t\t\t\t<span class=\"elementor-toggle-icon-closed\"><i class=\"fas fa-caret-right\"><\/i><\/span>\n\t\t\t\t\t\t\t\t<span class=\"elementor-toggle-icon-opened\"><i class=\"elementor-toggle-icon-opened fas fa-caret-up\"><\/i><\/span>\n\t\t\t\t\t\t\t\t\t\t\t\t\t<\/span>\n\t\t\t\t\t\t\t\t\t\t\t\t<a class=\"elementor-toggle-title\" tabindex=\"0\">D\u00favidas frequentes<\/a>\n\t\t\t\t\t<\/div>\n\n\t\t\t\t\t<div id=\"elementor-tab-content-5771\" class=\"elementor-tab-content elementor-clearfix\" data-tab=\"1\" role=\"region\" aria-labelledby=\"elementor-tab-title-5771\"><div id=\"elementor-tab-title-1379\" class=\"elementor-tab-title elementor-active\" tabindex=\"0\" role=\"button\" data-tab=\"9\" aria-controls=\"elementor-tab-content-1379\" aria-expanded=\"true\" aria-selected=\"true\"><ul><li>Provas anteriores \u2013<em> A CCP-MLog n\u00e3o disponibiliza as provas de editais anteriores.<br \/><\/em><em><br \/><\/em><\/li><li>Certificados de Profici\u00eancia em L\u00edngua Inglesa: Somente ser\u00e3o aceitos\u00a0<em>os que est\u00e3o listados nos Editais e que estejam dentro da validade.<\/em>\u00a0<\/li><\/ul><\/div><div id=\"elementor-tab-content-1379\" class=\"elementor-tab-content elementor-clearfix elementor-active\" role=\"region\" data-tab=\"9\" aria-labelledby=\"elementor-tab-title-1379\">\u00a0<\/div><\/div>\n\t\t\t\t<\/div>\n\t\t\t\t\t\t\t\t<\/div>\n\t\t\t\t<\/div>\n\t\t\t\t<\/div>\n\t\t\t\t\t<\/div>\n\t\t<\/div>\n\t\t\t\t\t<\/div>\n\t\t<\/section>\n\t\t\t\t<\/div>\n\t\t","protected":false},"excerpt":{"rendered":"<p>Processo Seletivo para Ingresso no Programa de Mestrado em Engenharia de Sistemas Log\u00edsticos &#8211; MLog\/USP &#8211; 2026 O curso de Mestrado em Engenharia de Sistemas Log\u00edsticos (MLog) stricto sensu. Ao concluir todos os requisitos do curso o(a) aluno(a) receber\u00e1 o t\u00edtulo de Mestre em Ci\u00eancias. O ingresso no MLog ser\u00e1 por meio de processo seletivo [&hellip;]<\/p>\n","protected":false},"author":24793,"featured_media":3043,"parent":0,"menu_order":0,"comment_status":"closed","ping_status":"closed","template":"","meta":{"_monsterinsights_skip_tracking":false,"_monsterinsights_sitenote_active":false,"_monsterinsights_sitenote_note":"","_monsterinsights_sitenote_category":0,"footnotes":"","_links_to":"","_links_to_target":""},"class_list":["post-3042","page","type-page","status-publish","has-post-thumbnail","hentry","entry","has-media"],"_links":{"self":[{"href":"https:\/\/sites.usp.br\/pmlog\/wp-json\/wp\/v2\/pages\/3042","targetHints":{"allow":["GET"]}}],"collection":[{"href":"https:\/\/sites.usp.br\/pmlog\/wp-json\/wp\/v2\/pages"}],"about":[{"href":"https:\/\/sites.usp.br\/pmlog\/wp-json\/wp\/v2\/types\/page"}],"author":[{"embeddable":true,"href":"https:\/\/sites.usp.br\/pmlog\/wp-json\/wp\/v2\/users\/24793"}],"replies":[{"embeddable":true,"href":"https:\/\/sites.usp.br\/pmlog\/wp-json\/wp\/v2\/comments?post=3042"}],"version-history":[{"count":4,"href":"https:\/\/sites.usp.br\/pmlog\/wp-json\/wp\/v2\/pages\/3042\/revisions"}],"predecessor-version":[{"id":4171,"href":"https:\/\/sites.usp.br\/pmlog\/wp-json\/wp\/v2\/pages\/3042\/revisions\/4171"}],"wp:featuredmedia":[{"embeddable":true,"href":"https:\/\/sites.usp.br\/pmlog\/wp-json\/wp\/v2\/media\/3043"}],"wp:attachment":[{"href":"https:\/\/sites.usp.br\/pmlog\/wp-json\/wp\/v2\/media?parent=3042"}],"curies":[{"name":"wp","href":"https:\/\/api.w.org\/{rel}","templated":true}]}}