{"id":3194,"date":"2025-08-05T15:06:07","date_gmt":"2025-08-05T18:06:07","guid":{"rendered":"https:\/\/sites.usp.br\/pmlog\/?page_id=3194"},"modified":"2025-08-05T15:13:05","modified_gmt":"2025-08-05T18:13:05","slug":"regulamento-mlog","status":"publish","type":"page","link":"https:\/\/sites.usp.br\/pmlog\/home\/regulamento-mlog\/","title":{"rendered":"Regulamento MLog"},"content":{"rendered":"<p>O regulamento do <strong data-start=\"17\" data-end=\"78\">Programa de Mestrado em Engenharia de Sistemas Log\u00edsticos<\/strong> serve como um documento normativo que estabelece as <strong data-start=\"131\" data-end=\"168\">regras, crit\u00e9rios e procedimentos<\/strong> que orientam o funcionamento acad\u00eamico e administrativo do programa.<\/p>\n<p><a href=\"https:\/\/drive.google.com\/file\/d\/1zILgDGri9oGsZL7rmD9zAHiei5KpM4ck\/view?usp=drive_link\">Baixe o regulamento do programa.<\/a><\/p>\n","protected":false},"excerpt":{"rendered":"<p>O regulamento do Programa de Mestrado em Engenharia de Sistemas Log\u00edsticos serve como um documento normativo que estabelece as regras, crit\u00e9rios e procedimentos que orientam o funcionamento acad\u00eamico e administrativo do programa. Baixe o regulamento do programa.<\/p>\n","protected":false},"author":24793,"featured_media":0,"parent":440,"menu_order":0,"comment_status":"closed","ping_status":"closed","template":"","meta":{"_monsterinsights_skip_tracking":false,"_monsterinsights_sitenote_active":false,"_monsterinsights_sitenote_note":"","_monsterinsights_sitenote_category":0,"footnotes":"","_links_to":"","_links_to_target":""},"class_list":["post-3194","page","type-page","status-publish","hentry","entry"],"_links":{"self":[{"href":"https:\/\/sites.usp.br\/pmlog\/wp-json\/wp\/v2\/pages\/3194","targetHints":{"allow":["GET"]}}],"collection":[{"href":"https:\/\/sites.usp.br\/pmlog\/wp-json\/wp\/v2\/pages"}],"about":[{"href":"https:\/\/sites.usp.br\/pmlog\/wp-json\/wp\/v2\/types\/page"}],"author":[{"embeddable":true,"href":"https:\/\/sites.usp.br\/pmlog\/wp-json\/wp\/v2\/users\/24793"}],"replies":[{"embeddable":true,"href":"https:\/\/sites.usp.br\/pmlog\/wp-json\/wp\/v2\/comments?post=3194"}],"version-history":[{"count":2,"href":"https:\/\/sites.usp.br\/pmlog\/wp-json\/wp\/v2\/pages\/3194\/revisions"}],"predecessor-version":[{"id":3197,"href":"https:\/\/sites.usp.br\/pmlog\/wp-json\/wp\/v2\/pages\/3194\/revisions\/3197"}],"up":[{"embeddable":true,"href":"https:\/\/sites.usp.br\/pmlog\/wp-json\/wp\/v2\/pages\/440"}],"wp:attachment":[{"href":"https:\/\/sites.usp.br\/pmlog\/wp-json\/wp\/v2\/media?parent=3194"}],"curies":[{"name":"wp","href":"https:\/\/api.w.org\/{rel}","templated":true}]}}