{"id":1001,"date":"2014-08-07T09:19:31","date_gmt":"2014-08-07T12:19:31","guid":{"rendered":"http:\/\/sites.usp.br\/podae\/?page_id=1001"},"modified":"2014-08-07T09:19:53","modified_gmt":"2014-08-07T12:19:53","slug":"semiologia","status":"publish","type":"page","link":"https:\/\/sites.usp.br\/podae\/?page_id=1001","title":{"rendered":"Semiologia"},"content":{"rendered":"<p>O Polo de Odontologia Digital Aplicado \u00e0 Educa\u00e7\u00e3o (acr\u00f4nimo <strong><em>PODAE<\/em><\/strong>) foi desenvolvido em 2004, na Faculdade de Odontologia de Ribeir\u00e3o de Preto (<a href=\"http:\/\/www.forp.usp.br\/\"><strong><em><span style=\"text-decoration: underline\">FORP<\/span><\/em><\/strong><\/a><em> &#8211; <\/em><a href=\"http:\/\/iptv.usp.br\/portal\/home.jsp?tipo=0&amp;_InstanceIdentifier=0&amp;_EntityIdentifier=uspb6Dwg5JyjANiPGfPBU2pXjTGx03TidNn9szwgT_nWoM.&amp;idRepositorio=0&amp;modelo=0\"><em><span style=\"text-decoration: underline\">V\u00eddeo Institucional<\/span><\/em><\/a> &#8211; <em><span style=\"text-decoration: underline\"><a href=\"images\/Legisl_USP\/usp_forp_regimento.pdf\">Regimento<\/a><\/span><\/em>), da Universidade de S\u00e3o Paulo (<a href=\"http:\/\/www5.usp.br\/\"><strong><em>USP<\/em><\/strong><\/a> &#8211; &#8220;Top <a href=\"http:\/\/www.researchgate.net\/institution\/University_of_Sao_Paulo\"><span style=\"text-decoration: underline\"><em>Institutions<\/em><\/span><\/a>&#8220;).<\/p>\n","protected":false},"excerpt":{"rendered":"<p>O Polo de Odontologia Digital Aplicado \u00e0 Educa\u00e7\u00e3o (acr\u00f4nimo PODAE) foi desenvolvido em 2004, na [&hellip;]<\/p>\n","protected":false},"author":58,"featured_media":0,"parent":995,"menu_order":0,"comment_status":"closed","ping_status":"closed","template":"","meta":{"footnotes":"","_links_to":"","_links_to_target":""},"class_list":["post-1001","page","type-page","status-publish","hentry"],"_links":{"self":[{"href":"https:\/\/sites.usp.br\/podae\/index.php?rest_route=\/wp\/v2\/pages\/1001","targetHints":{"allow":["GET"]}}],"collection":[{"href":"https:\/\/sites.usp.br\/podae\/index.php?rest_route=\/wp\/v2\/pages"}],"about":[{"href":"https:\/\/sites.usp.br\/podae\/index.php?rest_route=\/wp\/v2\/types\/page"}],"author":[{"embeddable":true,"href":"https:\/\/sites.usp.br\/podae\/index.php?rest_route=\/wp\/v2\/users\/58"}],"replies":[{"embeddable":true,"href":"https:\/\/sites.usp.br\/podae\/index.php?rest_route=%2Fwp%2Fv2%2Fcomments&post=1001"}],"version-history":[{"count":1,"href":"https:\/\/sites.usp.br\/podae\/index.php?rest_route=\/wp\/v2\/pages\/1001\/revisions"}],"predecessor-version":[{"id":1002,"href":"https:\/\/sites.usp.br\/podae\/index.php?rest_route=\/wp\/v2\/pages\/1001\/revisions\/1002"}],"up":[{"embeddable":true,"href":"https:\/\/sites.usp.br\/podae\/index.php?rest_route=\/wp\/v2\/pages\/995"}],"wp:attachment":[{"href":"https:\/\/sites.usp.br\/podae\/index.php?rest_route=%2Fwp%2Fv2%2Fmedia&parent=1001"}],"curies":[{"name":"wp","href":"https:\/\/api.w.org\/{rel}","templated":true}]}}