{"id":10348,"date":"2019-11-25T11:05:11","date_gmt":"2019-11-25T14:05:11","guid":{"rendered":"http:\/\/sites.usp.br\/podae\/?page_id=10348"},"modified":"2019-11-25T11:07:46","modified_gmt":"2019-11-25T14:07:46","slug":"24-abordagem-articular-saude-bucal-populacao-idosa-brasileira","status":"publish","type":"page","link":"https:\/\/sites.usp.br\/podae\/?page_id=10348","title":{"rendered":"24 Abordagem Articular: Sa\u00fade Bucal (Popula\u00e7\u00e3o Idosa Brasileira"},"content":{"rendered":"<address>\n<address><em><span style=\"color: #ff0000; font-size: 14px;\"> \u2666 <em style=\"color: #000000; font-size: 14px;\"><strong>Suzie Aparecida de Lacerda <\/strong><\/em><span style=\"color: #ff0000;\"><strong><span style=\"font-size: 10px;\"><span style=\"color: #0000ff;\">&#8211; <\/span><\/span><\/strong><\/span><\/span><\/em><span style=\"color: #ff0000; font-size: 14px;\"><span style=\"color: #ff0000;\"><strong><span style=\"font-size: 10px;\"><span style=\"color: #0000ff;\"><a style=\"color: #0000ff;\" href=\"http:\/\/buscatextual.cnpq.br\/buscatextual\/email.do?metodo=apresentar&amp;seqIdPessoa=134549&amp;nomeDestinatario=Suzie_Aparecida_de_Lacerda\">E-mail<\/a><\/span><\/span><\/strong><\/span><\/span> <em><span style=\"color: #ff0000; font-size: 14px;\"><span style=\"color: #ff0000;\"><strong><span style=\"font-size: 10px;\"><span style=\"color: #0000ff;\">&#8211; <\/span><\/span><\/strong><\/span><\/span><\/em><span style=\"color: #ff0000; font-size: 14px;\"><span style=\"color: #ff0000;\"><strong><span style=\"font-size: 10px;\"><span style=\"color: #0000ff;\"><a style=\"color: #0000ff;\" href=\"http:\/\/buscatextual.cnpq.br\/buscatextual\/visualizacv.do?metodo=apresentar&amp;id=K4767062T2\"><span style=\"color: #0000ff;\">Curr\u00edculo Latte<\/span>s<\/a><\/span><\/span><\/strong><\/span><\/span><em><span style=\"color: #ff0000; font-size: 14px;\"><span style=\"color: #ff0000;\"><strong><span style=\"font-size: 10px;\"><span style=\"color: #0000ff;\"> &#8211; <\/span><\/span><\/strong><\/span><\/span><\/em><span style=\"color: #ff0000; font-size: 14px;\"><span style=\"color: #ff0000;\"><strong><span style=\"font-size: 10px;\"><span style=\"color: #0000ff;\"><a style=\"color: #0000ff;\" href=\"http:\/\/sites.usp.br\/ebt\/forp-expediente-encicl-bras-teleodontol\/parecerista-relator-consultor-avaliador\/suzie-aparecida-de-lacerda\/\"><span style=\"color: #0000ff;\">informa\u00e7\u00f5es adiciona<\/span>is<\/a><\/span><\/span><\/strong><\/span><\/span><em><span style=\"color: #ff0000; font-size: 14px;\"><span style=\"color: #ff0000;\"><strong><span style=\"font-size: 10px;\"><span style=\"color: #0000ff;\"><br \/>\n<\/span><\/span><\/strong><\/span><\/span><\/em><\/address>\n<address><span style=\"color: #ff0000;\"><span style=\"font-size: 10px;\"><strong><span style=\"color: #0000ff;\"><em><span style=\"color: #000000; font-size: 14px;\"><span style=\"color: #ff0000; font-size: 14px;\"><span style=\"color: #ff0000; font-size: 14px;\">\u25ca<\/span><\/span> Marcelo Rodrigues Azenha &#8211; <\/span><\/em><\/span><\/strong><\/span><\/span><span style=\"font-size: 10px;\"><strong><span style=\"color: #0000ff;\"><span style=\"font-size: 10px;\"><span style=\"font-size: 10px;\"><span style=\"font-size: 10px;\"><span style=\"font-size: 10px;\"><span style=\"color: #0000ff;\"><a style=\"color: #0000ff;\" href=\"http:\/\/buscatextual.cnpq.br\/buscatextual\/email.do?metodo=apresentar&amp;seqIdPessoa=2959377&amp;nomeDestinatario=Marcelo_Rodrigues_Azenha\">E<\/a><a style=\"color: #0000ff;\" href=\"http:\/\/buscatextual.cnpq.br\/buscatextual\/email.do?metodo=apresentar&amp;seqIdPessoa=2959377&amp;nomeDestinatario=Marcelo_Rodrigues_Azenha\"><span style=\"color: #0000ff;\">ma<\/span>il<\/a><\/span> <\/span><\/span><\/span><\/span><\/span><span style=\"color: #0000ff;\"><span style=\"color: #ff0000;\"><strong><span style=\"font-size: 10px;\"><span style=\"color: #000000;\"><span style=\"color: #ff0000;\"><span style=\"color: #ff0000;\"><span style=\"font-size: 10px;\"><strong><span style=\"color: #0000ff;\"><span style=\"font-size: 10px;\"><strong><span style=\"color: #0000ff;\"><span style=\"color: #ff0000;\"><strong><span style=\"font-size: 10px;\"><span style=\"color: #000000;\"><span style=\"color: #ff0000;\"><span style=\"color: #ff0000;\"><span style=\"font-size: 10px;\"><strong><span style=\"color: #0000ff;\"><em><span style=\"color: #ff0000;\"><em><strong><span style=\"color: #000000; font-size: 14px;\">&#8211;<\/span><\/strong><\/em><\/span><\/em> <\/span><\/strong><\/span><\/span><\/span><\/span><\/span><\/strong><\/span><\/span><\/strong><\/span><\/span><\/strong><\/span><\/span><\/span><\/span><\/span><\/strong><\/span><\/span><span style=\"color: #0000ff;\"><span style=\"color: #ff0000;\"><span style=\"font-size: 10px;\"><span style=\"color: #000000;\"><span style=\"color: #ff0000;\"><span style=\"color: #ff0000;\"><span style=\"font-size: 10px;\"><span style=\"color: #0000ff;\"><span style=\"font-size: 10px;\"><span style=\"color: #0000ff;\"><span style=\"color: #ff0000;\"><span style=\"font-size: 10px;\"><span style=\"color: #000000;\"><a href=\"http:\/\/lattes.cnpq.br\/6345383221164792\"><span style=\"color: #0000ff;\"> Curr\u00edculo Lattes<\/span><\/a><\/span><\/span><\/span><\/span><\/span><\/span><\/span><\/span><\/span><\/span><\/span><\/span><\/span><span style=\"color: #0000ff;\"><span style=\"color: #ff0000;\"><span style=\"font-size: 10px;\"><span style=\"color: #000000;\"><span style=\"color: #ff0000;\"><span style=\"color: #ff0000;\"><span style=\"font-size: 10px;\"><span style=\"color: #0000ff;\"> &#8211; <a style=\"color: #0000ff;\" href=\"http:\/\/sites.usp.br\/ebt\/forp-expediente-encicl-bras-teleodontol\/parecerista-relator-consultor-avaliador\/suzie-aparecida-de-lacerda\/\">Informa\u00e7\u00f5es Adicionais<\/a><br \/>\n<\/span><\/span><\/span><\/span><\/span><\/span><\/span><\/span><\/strong><\/span><\/address>\n<\/address>\n<hr \/>\n<hr \/>\n<address style=\"text-align: right;\"><strong><span style=\"font-size: 10px;\">p\u00e1gina 12<\/span><\/strong><\/address>\n<hr \/>\n<p style=\"text-align: justify;\"><span style=\"font-size: 10px;\"><span style=\"color: #000000; font-family: Arial;\"><span style=\"font-size: 12px; line-height: 18px;\">LACERDA , S.A.; ZENHA, M.R.\u00a0 Abordagem Articular: Sa\u00fade Bucal (Popula\u00e7\u00e3o Idosa Brasileira. Encicl. Bras.Teleodontol., Volume 1 (<strong><a href=\"http:\/\/sites.usp.br\/ebt\/forp-a-d-encl-bras-teleodontol\/a\/\"><span style=\"color: #0000ff;\">S\u00e9rie A<\/span><\/a><\/strong><\/span><\/span><span style=\"color: #000000; font-family: Arial;\"><span style=\"font-size: 12px; line-height: 18px;\">), Volume 1, Fasc\u00edculo 1: p\u00e1gina 12, dezembro, 2011. I<\/span><\/span><span style=\"color: #000000; font-family: Arial;\"><span style=\"font-size: 12px; line-height: 18px;\">SSN 2448-1181<\/span><\/span><strong><br \/>\n<\/strong><\/span><\/p>\n<hr \/>\n<p style=\"text-align: justify;\"><span style=\"font-family: Arial;\"><strong>Abordagem Articular <\/strong>sinaliza a\u00e7\u00f5es pedag\u00f3gicas educacionais em Sa\u00fade Bucal na Popula\u00e7\u00e3o Idosa Brasileira. No Brasil as pesquisas populacionais realizadas pelo Instituto Brasileiro de Geografia e Estat\u00edstica &#8211; Censo Demogr\u00e1fico &#8211; (<strong><span style=\"color: #0000ff;\"><a style=\"color: #0000ff;\" href=\"http:\/\/www.ibge.gov.br\/home\/default.php\">IBGE<\/a><\/span><\/strong>) tem demonstrado o aumento da popula\u00e7\u00e3o. Paralelamente tem sido constatado aumento da porcentagem das faixas et\u00e1rias de maior idade. Portanto existe um real aumento da popula\u00e7\u00e3o idosa no Brasil [<strong>BRAS<\/strong>IL, 1966, 2002].<\/span><\/p>\n<p style=\"text-align: justify;\"><span style=\"font-family: Arial;\"><strong>Abordagem Articular<\/strong> em Sa\u00fade Bucal (Popula\u00e7\u00e3o Idosa Brasileira) os conhecimentos atualizados das condi\u00e7\u00f5es da cavidade (Higiene Bucal e Doen\u00e7as Bucais) pode contribuir para realizarem as a\u00e7\u00f5es construtivas no Ensino e Aprendizado (Gest\u00e3o Educacional) em Sa\u00fade Bucal inclusive planejamento das Pol\u00edticas P\u00fablicas (<strong>OMS<\/strong>,1992\/94).<\/span><\/p>\n<p style=\"text-align: justify;\"><span style=\"font-family: Arial;\"><strong>AZENHA<\/strong> et al (2001) realizaram estudo para avaliar as condi\u00e7\u00f5es de sa\u00fade bucal de 80 idosos na cidade de Bauru-SP com faixa et\u00e1ria entre 60-80 anos, sem crit\u00e9rios de exclus\u00e3o, de diferentes classes sociais.<\/span><\/p>\n<p style=\"text-align: justify;\"><span style=\"font-family: Arial;\"><strong>AZENHA<\/strong> et al (2001) constataram que grande porcentagem dos pacientes totalmente ed\u00eantulos e que as altera\u00e7\u00f5es sist\u00eamicas mais encontradas foram: Hipertens\u00e3o Arterial, Diabetes e Osteoporose.<br \/>\n<\/span><\/p>\n<p style=\"text-align: justify;\"><span style=\"font-family: Arial;\"> Na cavidade bucal a Doen\u00e7a Periodontal esteve presente em 33,33% dos pacientes dentados, com baixa incid\u00eancia no n\u00famero de dentes cariados (<strong>AZENHA<\/strong> et al 2001).\u00a0De acordo com a pesquisa realizada e revis\u00e3o da literatura foram observado que a m\u00e9dia do n\u00famero de dentes presentes diminui de acordo com o aumento da idade dos pacientes, sendo ed\u00eantulos 59,15% e mais da metade \u00a0dos pacientes faz o uso da pr\u00f3tese total (as \u00a0condi\u00e7\u00f5es \u00a0das \u00a0pr\u00f3teses \u00a0avaliadas foram consideradas \u00a0na \u00a0maioria \u00a0como \u00a0insatisfat\u00f3rias) Os n\u00edveis de \u00a0informa\u00e7\u00e3o \u00a0e \u00a0qualidade \u00a0de higiene \u00a0oral na maioria dos casos foram consideradas satisfat\u00f3ria,<\/span><\/p>\n<p><span style=\"font-family: Arial;\">Neste s\u00e9culo XX cabe ao cirurgi\u00e3o dentista realizar minuciosamente a anamnese e os procedimentos espec\u00edficos preventivos ou reabilitadores de maneira adequada e segura [1,2,3,4].<\/span><span style=\"font-family: Arial; line-height: 1.5;\"><br \/>\n<\/span><\/p>\n<hr \/>\n<div align=\"justify\">\n<div align=\"justify\">\n<div align=\"justify\">\n<div align=\"justify\">\n<div align=\"justify\">\n<div align=\"justify\">\n<div align=\"justify\"><span style=\"font-size: 12px;\"><em><strong><span style=\"text-decoration: underline;\">REFER\u00caNCIAS<\/span><\/strong><\/em><\/span><\/div>\n<div style=\"font-size: 12px;\" align=\"justify\">\n<div align=\"justify\"><span style=\"font-size: 12px;\"><span style=\"color: #0000ff;\">1.\u00a0<span style=\"color: #000000;\">AZENHA M R, LACERDA SA, HANDEM RH, GRASSI E. Estudo epidemiol\u00f3gico da sa\u00fade bucal de idosos. Int. J. Dent. 10(4):228-233, 2011. [<\/span><\/span><span style=\"color: #000000;\"><span style=\"color: #0000ff;\"><a style=\"color: #0000ff;\" href=\"http:\/\/podae.forp.usp.br\/images\/Estomato\/azenha_int.j.dent.10.4.2011.pdf\">LINK<\/a><\/span>]\u00a0<\/span><\/span><\/div>\n<div align=\"justify\">2. BRASIL &#8211; Regula o Exerc\u00edcio da Odontologia. Lei n\u00ba 5.081 de 24\/08\/1966. Di\u00e1rio Oficial, Se\u00e7\u00e3o I. Parte I, 26\/08\/1966. [<strong><span style=\"color: #0000ff;\"><a style=\"color: #0000ff;\" href=\"http:\/\/www.planalto.gov.br\/ccivil_03\/leis\/L5081.htm\">Lei n\u00ba 5.081<\/a><\/span><\/strong>]<\/div>\n<div align=\"justify\"><span style=\"font-size: 12px;\">3. BRASIL &#8211; Diretrizes Curriculares Nacionais do Curso de Gradua\u00e7\u00e3o em Odontologia, 2002. [<span style=\"color: #0000ff;\"><strong><a style=\"color: #0000ff;\" href=\"http:\/\/sites.usp.br\/ebt\/wp-content\/uploads\/sites\/44\/2014\/11\/Resolu\u00e7\u00e3o-19-02-2002.pdf\">Resolu\u00e7\u00e3o CNE\/CES 3<\/a><\/strong><\/span>].<\/span><\/div>\n<div align=\"justify\"><span style=\"font-size: 12px;\">4. ROZENDO, C.A.; CASAGRANDE, L.D.R.; SCHNEIDER, J.F.; PARDINI, L.C. Uma an\u00e1lise das pr\u00e1ticas docentes de professores universit\u00e1rios da \u00e1rea de sa\u00fade. Rev. latino-am.enfermagem, Ribeir\u00e3o Preto, 7( 2):15-23,\u00a0 1999. [<strong><span style=\"color: #0000ff;\"><a style=\"color: #0000ff;\" href=\"http:\/\/www.scielo.br\/scielo.php?script=sci_arttext&amp;pid=S0104-11691999000200003&amp;lng=pt&amp;nrm=iso\">LINK<\/a><\/span><\/strong>].<\/span><\/div>\n<div style=\"font-size: 12px;\" align=\"justify\"><span style=\"font-size: 12px;\">5.<\/span> <span style=\"font-size: 14px;\">World Health Organization: International Statistical Classification of Diseases and Related Health Problems, Tenth Revision Instruction Manual. Geneva, World Health Organization, 2004. [<span style=\"color: #0000ff;\"><strong><a style=\"color: #0000ff;\" href=\"http:\/\/sites.usp.br\/ebt\/wp-content\/uploads\/sites\/44\/2014\/11\/ICD10-2010.pdf\">ICD<\/a><\/strong><\/span>]<\/span><\/div>\n<\/div>\n<\/div>\n<\/div>\n<\/div>\n<\/div>\n<\/div>\n<\/div>\n<div style=\"text-align: justify;\" align=\"justify\">\n<div style=\"text-align: center;\" align=\"justify\">\n<address style=\"text-align: right;\">\n<hr \/>\n<hr \/>\n<\/address>\n<\/div>\n<\/div>\n<div style=\"text-align: left;\" align=\"center\">\n<div style=\"text-align: center;\" align=\"center\">\n<div align=\"justify\">\n<p><span style=\"font-size: 10px;\"><strong><span style=\"color: #ff0000;\"><span style=\"color: #ff0000; font-size: 10px;\"><span style=\"color: #ff0000; font-size: 14px;\"><em>\u2666<\/em><\/span><\/span> <\/span><\/strong><\/span><span style=\"font-size: 10px;\"><strong>Universidade de S\u00e3o Paulo (<span style=\"font-size: 10px;\"><strong><span style=\"color: #0000ff;\"><a style=\"color: #0000ff;\" href=\"http:\/\/www5.usp.br\/\">USP<\/a><\/span><\/strong><\/span><span style=\"font-size: 10px;\"><strong>), Faculdade de Odontologia de Ribeir\u00e3o Preto (<\/strong><\/span><span style=\"font-size: 10px;\"><strong><span style=\"color: #0000ff;\"><a style=\"color: #0000ff;\" href=\"http:\/\/www.forp.usp.br\/\">FORP<\/a><\/span><\/strong><\/span><span style=\"font-size: 10px;\">). C<\/span><\/strong><\/span><span style=\"font-size: 10px;\"><strong>entro de Atendimento Especializado em Diagn\u00f3stico Oral (<span style=\"color: #0000ff;\"><a style=\"color: #0000ff;\" href=\"http:\/\/dgp.cnpq.br\/dgp\/espelhogrupo\/8539124714161383\">CAEDO<\/a><\/span>)<span style=\"font-size: 10px;\"><br \/>\n<span style=\"font-size: 10px;\"><span style=\"font-size: 10px;\"><strong><span style=\"color: #ff0000;\"><span style=\"color: #0000ff;\"><em><span style=\"color: #000000; font-size: 14px;\"><span style=\"color: #ff0000; font-size: 14px;\">\u25ca <\/span><\/span><\/em><\/span><\/span>Pesquisador Colaborador Volunt\u00e1rio: Marcelo Rodrigues Azenha<\/strong><\/span><\/span><\/span><\/strong><\/span><\/p>\n<hr \/>\n<\/div>\n<div align=\"justify\"><span style=\"font-size: 10px;\"><strong><span style=\"text-decoration: underline;\">Recebido<\/span>\u00a0 12\/11\/2011 &#8211; <span style=\"color: #0000ff;\"><a style=\"color: #0000ff;\" href=\"http:\/\/sites.usp.br\/ebt\/forp-expediente-encicl-bras-teleodontol\/parecerista-relator-consultor-avaliador\/\">Parecerista<\/a> <\/span>20\/11\/2011- <span style=\"text-decoration: underline;\">Reformulado<\/span> 23\/11\/2011 &#8211; <span style=\"text-decoration: underline;\">Publicado<\/span>\u00a0 3\/12\/2011 &#8211; Enciclop\u00e9dia Brasileira de Teleodontologia<\/strong><br \/>\n<\/span><\/div>\n<\/div>\n<hr \/>\n<\/div>\n","protected":false},"excerpt":{"rendered":"<p>\u2666 Suzie Aparecida de Lacerda &#8211; E-mail &#8211; Curr\u00edculo Lattes &#8211; informa\u00e7\u00f5es adicionais \u25ca Marcelo [&hellip;]<\/p>\n","protected":false},"author":58,"featured_media":0,"parent":5582,"menu_order":0,"comment_status":"closed","ping_status":"closed","template":"","meta":{"footnotes":"","_links_to":"","_links_to_target":""},"class_list":["post-10348","page","type-page","status-publish","hentry"],"_links":{"self":[{"href":"https:\/\/sites.usp.br\/podae\/index.php?rest_route=\/wp\/v2\/pages\/10348","targetHints":{"allow":["GET"]}}],"collection":[{"href":"https:\/\/sites.usp.br\/podae\/index.php?rest_route=\/wp\/v2\/pages"}],"about":[{"href":"https:\/\/sites.usp.br\/podae\/index.php?rest_route=\/wp\/v2\/types\/page"}],"author":[{"embeddable":true,"href":"https:\/\/sites.usp.br\/podae\/index.php?rest_route=\/wp\/v2\/users\/58"}],"replies":[{"embeddable":true,"href":"https:\/\/sites.usp.br\/podae\/index.php?rest_route=%2Fwp%2Fv2%2Fcomments&post=10348"}],"version-history":[{"count":1,"href":"https:\/\/sites.usp.br\/podae\/index.php?rest_route=\/wp\/v2\/pages\/10348\/revisions"}],"predecessor-version":[{"id":10349,"href":"https:\/\/sites.usp.br\/podae\/index.php?rest_route=\/wp\/v2\/pages\/10348\/revisions\/10349"}],"up":[{"embeddable":true,"href":"https:\/\/sites.usp.br\/podae\/index.php?rest_route=\/wp\/v2\/pages\/5582"}],"wp:attachment":[{"href":"https:\/\/sites.usp.br\/podae\/index.php?rest_route=%2Fwp%2Fv2%2Fmedia&parent=10348"}],"curies":[{"name":"wp","href":"https:\/\/api.w.org\/{rel}","templated":true}]}}