{"id":10375,"date":"2019-11-25T15:57:45","date_gmt":"2019-11-25T18:57:45","guid":{"rendered":"http:\/\/sites.usp.br\/podae\/?page_id=10375"},"modified":"2019-11-25T15:57:58","modified_gmt":"2019-11-25T18:57:58","slug":"02-abordagem-clinica-a-interdisciplinaridade-em-odontologia-estomatologia-e-saude-coletiva-2","status":"publish","type":"page","link":"https:\/\/sites.usp.br\/podae\/?page_id=10375","title":{"rendered":"02 Abordagem Cl\u00ednica: A Interdisciplinaridade em Odontologia (Estomatologia e Sa\u00fade Coletiva)"},"content":{"rendered":"<address><span style=\"color: #ff0000;\"><span style=\"color: #000000; font-size: 14px;\"><em><strong><span style=\"color: #ff0000; font-size: 14px;\">\u2666\u00a0<\/span>Janete Cinira Bregagnolo <\/strong><\/em><\/span><\/span><span style=\"color: #ff0000;\"><strong><span style=\"font-size: 10px;\"><span style=\"color: #0000ff;\"><span style=\"color: #0000ff;\">&#8211; \u00a0<a style=\"color: #0000ff;\" href=\"http:\/\/buscatextual.cnpq.br\/buscatextual\/email.do?metodo=apresentar&amp;seqIdPessoa=39899&amp;nomeDestinatario=Janete_Cinira_Bregagnolo\">Email<\/a> &#8211; <\/span><\/span><a href=\"http:\/\/lattes.cnpq.br\/4106350350270426\"><span style=\"color: #0000ff;\"><span style=\"color: #0000ff;\">Curr\u00edculo Lattes<\/span><\/span><\/a><span style=\"color: #0000ff;\"><span style=\"color: #0000ff;\">\u00a0<\/span><\/span><\/span><\/strong><\/span><\/address>\n<address><span style=\"color: #ff0000;\"><span style=\"color: #000000; font-size: 14px;\"><em><strong> <em><strong><span style=\"color: #ff0000; font-size: 14px;\">\u2666\u00a0<\/span><span style=\"color: #ff0000;\"><span style=\"font-size: 10px;\"><strong><span style=\"color: #0000ff;\"><em><span style=\"color: #000000; font-size: 14px;\">Luiz Carlos Pardini\u00a0<span style=\"color: #ff0000;\"><strong><span style=\"font-size: 10px;\"><span style=\"color: #0000ff;\"><span style=\"color: #0000ff;\">&#8211; \u00a0<\/span><\/span><\/span><\/strong><\/span><\/span><\/em><\/span><\/strong><\/span><\/span><\/strong><\/em><em><span style=\"color: #ff0000;\"><span style=\"font-size: 10px;\"><span style=\"color: #0000ff;\"><em><span style=\"color: #000000; font-size: 14px;\"><span style=\"color: #ff0000;\"><span style=\"font-size: 10px;\"><span style=\"color: #0000ff;\"><span style=\"color: #0000ff;\"><a style=\"color: #0000ff;\" href=\"https:\/\/uspdigital.usp.br\/telefonia\/telFormularioEmail.jsp?codigoPessoaUsuario=0&amp;codigoPessoa=75623&amp;nomePessoa=Luiz%20Carlos%20Pardini&amp;print=s\">EmailUSP]<\/a><\/span><\/span><\/span><\/span><\/span><\/em><\/span><\/span><\/span><\/em><em><strong><span style=\"color: #ff0000;\"><span style=\"font-size: 10px;\"><strong><span style=\"color: #0000ff;\"><em><span style=\"color: #000000; font-size: 14px;\"><span style=\"color: #ff0000;\"><strong><span style=\"font-size: 10px;\"><span style=\"color: #0000ff;\"><span style=\"color: #0000ff;\">\u00a0\u00a0<\/span><\/span><\/span><\/strong><\/span><span style=\"color: #ff0000;\"><strong><span style=\"font-size: 10px;\"><span style=\"color: #0000ff;\"><span style=\"color: #0000ff;\">&#8211; \u00a0<\/span><\/span><\/span><\/strong><\/span><\/span><\/em><\/span><\/strong><\/span><\/span><\/strong><\/em><em><span style=\"color: #ff0000;\"><span style=\"font-size: 10px;\"><span style=\"color: #0000ff;\"><em><span style=\"color: #000000; font-size: 14px;\"><span style=\"color: #ff0000;\"><span style=\"font-size: 10px;\"><span style=\"color: #0000ff;\"><span style=\"color: #0000ff;\"><a style=\"color: #0000ff;\" href=\"http:\/\/lattes.cnpq.br\/5853462846099775\">Curriculo Lattes<\/a><\/span><\/span><\/span><\/span><\/span><\/em><\/span><\/span><\/span><\/em><em><strong><span style=\"color: #ff0000;\"><span style=\"font-size: 10px;\"><strong><span style=\"color: #0000ff;\"><em><span style=\"color: #000000; font-size: 14px;\"><span style=\"color: #ff0000;\"><strong><span style=\"font-size: 10px;\"><span style=\"color: #0000ff;\"><span style=\"color: #0000ff;\">\u00a0<\/span><\/span><\/span><\/strong><\/span><span style=\"color: #0000ff;\">\u00a0 \u00a0<\/span><\/span><\/em><\/span><\/strong><\/span><\/span><\/strong><\/em><\/strong><\/em><\/span><\/span><\/address>\n<hr \/>\n<hr \/>\n<address style=\"text-align: right;\"><strong><span style=\"font-size: 10px;\">p\u00e1gina 1<\/span><\/strong><\/address>\n<hr \/>\n<p style=\"text-align: justify;\"><span style=\"font-size: 10px;\">BREGAGNOLO, J.C.; PARDINI, L.C. Abordagem Cl\u00ednica: A Interdisciplinaridade em Odontologia (Estomatologia e Sa\u00fade Coletiva). Encicl. Bras. Teleodontol., volume\u00a02 (<span style=\"color: #0000ff;\"><strong><a style=\"color: #0000ff;\" href=\"http:\/\/sites.usp.br\/ebt\/forp-a-d-encl-bras-teleodontol\/a\/\">S\u00e9rie A<\/a><\/strong><\/span>): p\u00e1gina 1, fevereiro, 2012.- ISSN 2448-1181<strong><br \/>\n<\/strong><\/span><\/p>\n<hr \/>\n<p style=\"text-align: justify;\"><span style=\"font-family: Arial;\"><strong>Abordagem Cl\u00ednica<\/strong> com a\u00e7\u00f5es promotoras da \u00a0Sa\u00fade Bucal em Equipe com as intermedia\u00e7\u00f5es dos docentes com foco na Interdisciplinaridade contribui para ampliar as miss\u00e3o da Odontologia com empenho da \u00a0Estomatologia e da Sa\u00fade Coletiva<\/span><\/p>\n<p style=\"text-align: justify;\"><span style=\"font-family: Arial;\">A Interdisciplinaridade em Odontologia nas \u00e1rea de Estomatologia e de Sa\u00fade Coletiva \u00e9 fundamental para o aprimoramento dos conhecimentos t\u00e9cnicos e cient\u00edficos objetivando a manuten\u00e7\u00e3o e melhoria das condi\u00e7\u00f5es de Sa\u00fade \u00a0Bucal..<\/span><\/p>\n<p style=\"text-align: justify;\"><span style=\"font-family: Arial;\">Atualmente, neste s\u00e9culo XXI, o desenvolvimento t\u00e9cnico e cient\u00edfico contribui para a inova\u00e7\u00e3o na \u00e1rea da Sa\u00fade Bucal, visando a correta e eficaz <strong>Higiene Buca<\/strong>l (<strong>BRAZIL<\/strong>, 2001).<\/span><\/p>\n<p style=\"text-align: justify;\"><span style=\"font-family: Arial;\"> A Escova Dental \u00e9 um dos instrumentos necess\u00e1rio para a manuten\u00e7\u00e3o da Higiene Oral, com destaque efetiva e correta &#8220;<strong>Higiene Bucal&#8221;<\/strong>para a manuten\u00e7\u00e3o da sa\u00fade da cavidade bucal, foi desenvolvida e patenteada a Escova Dental denominada &#8220;<strong>Escova<\/strong> <strong>USP \/ CIENT\u00cdFICA<\/strong>&#8221; (<strong>BINGELLI<\/strong>, 1991).<br \/>\n<\/span><\/p>\n<p style=\"text-align: justify;\"><span style=\"font-family: Arial;\">Escova Dental (Higiene Bucal (Pesquisa): Escova Dental &#8211; USP\/ CIENT\u00cdFICA\u00e9 um dos instrumento desenvolvido com a finalidade de &#8220;limpar&#8221; (Higienizar) a Cavidade Bucal. Neste s\u00e9culo XXI com os avan\u00e7os Tecnol\u00f3gicos e Cient\u00edficos h\u00e1 necessidade de constante atualiza\u00e7\u00f5es dos conhecimentos sobre a a Escova Dental. A &#8220;<strong>Escova USP \/ CIENT\u00cdFICA<\/strong>&#8221; n\u00e3o possui emendas, e desta forma n\u00e3o acumulam os res\u00edduos: alimentares, dentifr\u00edcio (Pasta de Dente) e bact\u00e9rias (BIGNELLI, 1991).<br \/>\n<\/span><\/p>\n<p style=\"text-align: justify;\"><span style=\"font-family: Arial;\">Pesquisa demonstrou as caracter\u00edsticas da &#8220;<strong>Escova USP \/ CIENT\u00cdFICA&#8221;<\/strong> em rela\u00e7\u00e3o ao seu formato. Por n\u00e3o possuir emendas faz desta escova um instrumento de higiene oral in\u00e9dito, assumindo extrema import\u00e2ncia sobre a contamina\u00e7\u00e3o de escovas com microrganismos produtores de doen\u00e7as infecto \u2013 contagiosas.<br \/>\n<\/span><\/p>\n<p style=\"text-align: justify;\"><span style=\"font-family: Arial;\">Portanto, <strong>Escova USP \/ CIENT\u00cdFICA<\/strong> apresenta caracter\u00edstica nova em todas as suas partes, desde o Cabo at\u00e9 o perfil do conjunto de &#8220;Hastilhas&#8221;, visando dar \u00e0 mesma, condi\u00e7\u00f5es de funcionalidade, higieniza\u00e7\u00e3o, leveza e seguran\u00e7a, tanto no seu manuseio como em rela\u00e7\u00e3o \u00e0 integridade dos dentes e das gengivas.<br \/>\n<\/span><\/p>\n<p style=\"text-align: justify;\"><span style=\"font-family: Arial;\">O Cabo da <strong>Escova USP \/ CIENT\u00cdFICA<\/strong> \u00e9 sextavado facilitando o movimento rotat\u00f3rio das T\u00e9cnicas de Escova\u00e7\u00e3o. O colo \u00e9 flex\u00edvel, amortecendo as for\u00e7as produzidas durante a escova\u00e7\u00e3o, evitando o desgaste dos dentes e retra\u00e7\u00f5es gengivais. As &#8220;Hastilhas&#8221; que s\u00e3o as substitutas das Cerdas, s\u00e3o macias e flex\u00edveis, penetram entre os Dentes e no Sulco Gengival retirando a Placa Bacteriana.<br \/>\n<\/span><\/p>\n<p style=\"text-align: justify;\"><span style=\"font-family: Arial;\">Cumpre enfatizar que, a atualiza\u00e7\u00e3o profissional peri\u00f3dica do Cirurgi\u00e3o-Dentista contribui para a Higiene Bucal (<strong>Higiene Oral<\/strong>) pois compete orientar e incentivar o correto emprego da T\u00e9cnica de Escova\u00e7\u00e3o associado com <\/span><span style=\"font-family: Arial;\">o manuseio correto dos materiais odontol\u00f3gicos (Fio Dental, Colut\u00f3rio Bucal, Dentifr\u00edcio e Evidenciador de <\/span><span style=\"font-family: Arial;\">Biofilme<\/span><span style=\"font-family: Arial;\">) com \u00eanfase na &#8220;<em>Arte de Transmitir os Conhecimentos<\/em>&#8221; para o paciente e familiares.<\/span><\/p>\n<hr \/>\n<div align=\"justify\"><span style=\"font-size: 12px;\"><em><strong><span style=\"text-decoration: underline;\">REFER\u00caNCIAS<\/span><\/strong><\/em><\/span><\/div>\n<div style=\"font-size: 12px;\" align=\"justify\">\n<div align=\"justify\"><span style=\"font-size: 12px;\">1.BREGAGNOLO, J; PAGNANO, V.O.; PARDINI, L.C; SANTI, L.N. Dilantin hyperplasia prevention: a case report.. Stoma, 14(73):17-20, 2004. [impresso]. \u00a0<\/span><\/div>\n<div align=\"justify\">2\u00a0REGAGNOLO, J.C. Estudo comparativo da efici\u00eancia na remo\u00e7\u00e3o de placa por uma escova desenvolvida na FORP\/USP e uma escova de seguimento premium, Faculdade de Odontologia de Ribeir\u00e3o Preto. da Universidade de S\u00e3o Paulo Mestrado. Programa de P\u00f3s &#8211; Gradua\u00e7\u00e3o em Reabilita\u00e7\u00e3o Ora em Reabilita\u00e7\u00e3o Oral, 1996. [Orientador: Luiz Guilherme Brentgani].<\/div>\n<div align=\"justify\">3. BREGAGNOLO, J. C. Inflama\u00e7\u00e3o Gengival: Efici\u00eancia da Escova Dental USP \/ Cient\u00edfica &#8211; Motiva\u00e7\u00e3o, Doutorado, Programa de P\u00f3s &#8211; Gradua\u00e7\u00e3o em Reabilita\u00e7\u00e3o Oral, Faculdade de Odontologia de Ribeir\u00e3o Preto, da Universidade de S\u00e3o Paulo, 2001. [Orientador: Luiz Carlos Pardini]<\/div>\n<div align=\"justify\">4. BREGAGNOLO, J.C.; PARDINI, L.C. Dental Hygiene &#8211; Motivation. Stoma, Lisboa, Portugal, 14(65): 26-33, 2002.<\/div>\n<\/div>\n<div style=\"text-align: justify;\" align=\"justify\">\n<div style=\"text-align: center;\" align=\"justify\">\n<address style=\"text-align: right;\">\n<hr \/>\n<\/address>\n<\/div>\n<\/div>\n<div style=\"text-align: left;\" align=\"center\">\n<div style=\"text-align: center;\" align=\"center\">\n<div align=\"justify\">\n<div style=\"text-align: left;\" align=\"center\">\n<div style=\"text-align: center;\" align=\"center\">\n<div align=\"justify\">\n<p><span style=\"font-size: 10px;\"><strong><span style=\"color: #ff0000;\"><span style=\"color: #ff0000; font-size: 10px;\"><span style=\"color: #ff0000; font-size: 14px;\">\u25ca<\/span><\/span> <\/span> Universidade de S\u00e3o Paulo (<\/strong><\/span><span style=\"font-size: 10px;\"><strong><span style=\"color: #0000ff;\"><a style=\"color: #0000ff;\" href=\"http:\/\/www5.usp.br\/\">USP<\/a><\/span><\/strong><\/span><span style=\"font-size: 10px;\"><strong>), Faculdade de Odontologia de Ribeir\u00e3o Preto (<\/strong><\/span><span style=\"font-size: 10px;\"><strong><span style=\"color: #0000ff;\"><a style=\"color: #0000ff;\" href=\"http:\/\/www.forp.usp.br\/\">FORP<\/a><\/span><\/strong><\/span><span style=\"font-size: 10px;\"><strong>), N\u00facleo de Pesquisa Interdisciplinar em Sa\u00fade Coletiva (NUPISColetiva &#8211;<span style=\"color: #0000ff;\"> <a style=\"color: #0000ff;\" href=\"http:\/\/dgp.cnpq.br\/dgp\/espelhogrupo\/0495910876185845#endereco\">Diret\u00f3rio de Grupo do CNpQ<\/a><\/span>).<\/strong><\/span><span style=\"font-size: 10px;\"><strong> Respons\u00e1vel (<em>At\u00e9 presente data<\/em>)<\/strong><\/span><span style=\"font-size: 10px;\"><span style=\"font-size: 10px;\"><strong>: Profa. Dra. Janete Cinira Bregagnolo e Laborat\u00f3rio de An\u00e1lise de Controle da Imagem Radiogr\u00e1fica Odontol\u00f3gica (<span style=\"color: #0000ff;\"><span style=\"color: #000000;\"><span style=\"color: #0000ff;\"><a style=\"color: #0000ff;\" href=\"http:\/\/sites.usp.br\/laciro\/\">LACIRO<\/a><\/span> e<\/span> <a style=\"color: #0000ff;\" href=\"http:\/\/dgp.cnpq.br\/dgp\/espelhogrupo\/7860212987967525#linhaPesquisa\">Diret\u00f3rio de Grupo do CNpQ<\/a><\/span>).<span style=\"font-size: 10px;\"><strong> Respons\u00e1vel <em>(At\u00e9 presente data<\/em>)<\/strong><\/span><span style=\"font-size: 10px;\"><span style=\"font-size: 10px;\"><strong>: Prof. Dr. Luiz Carlos Pardini<\/strong><\/span><\/span>\u00a0<\/strong><\/span><\/span><\/p>\n<hr \/>\n<p><strong><span style=\"font-size: 10px;\"><span style=\"text-decoration: underline;\">Recebido<\/span>: 30\/1\/2012 &#8211; <span style=\"text-decoration: underline;\">Publicado<\/span><\/span><span style=\"font-size: 10px;\">: 1\/2\/2012 &#8211; Enciclop\u00e9dia Brasileira de Teleodontologia &#8211; ISSN 2448-1181<\/span><span style=\"font-size: 10px;\"><br \/>\n<\/span><\/strong><\/p>\n<\/div>\n<\/div>\n<hr \/>\n<\/div>\n<\/div>\n<\/div>\n<\/div>\n","protected":false},"excerpt":{"rendered":"<p>\u2666\u00a0Janete Cinira Bregagnolo &#8211; \u00a0Email &#8211; Curr\u00edculo Lattes\u00a0 \u2666\u00a0Luiz Carlos Pardini\u00a0&#8211; \u00a0EmailUSP]\u00a0\u00a0&#8211; \u00a0Curriculo Lattes\u00a0\u00a0 \u00a0 [&hellip;]<\/p>\n","protected":false},"author":58,"featured_media":0,"parent":3439,"menu_order":0,"comment_status":"closed","ping_status":"closed","template":"","meta":{"footnotes":"","_links_to":"","_links_to_target":""},"class_list":["post-10375","page","type-page","status-publish","hentry"],"_links":{"self":[{"href":"https:\/\/sites.usp.br\/podae\/index.php?rest_route=\/wp\/v2\/pages\/10375","targetHints":{"allow":["GET"]}}],"collection":[{"href":"https:\/\/sites.usp.br\/podae\/index.php?rest_route=\/wp\/v2\/pages"}],"about":[{"href":"https:\/\/sites.usp.br\/podae\/index.php?rest_route=\/wp\/v2\/types\/page"}],"author":[{"embeddable":true,"href":"https:\/\/sites.usp.br\/podae\/index.php?rest_route=\/wp\/v2\/users\/58"}],"replies":[{"embeddable":true,"href":"https:\/\/sites.usp.br\/podae\/index.php?rest_route=%2Fwp%2Fv2%2Fcomments&post=10375"}],"version-history":[{"count":1,"href":"https:\/\/sites.usp.br\/podae\/index.php?rest_route=\/wp\/v2\/pages\/10375\/revisions"}],"predecessor-version":[{"id":10376,"href":"https:\/\/sites.usp.br\/podae\/index.php?rest_route=\/wp\/v2\/pages\/10375\/revisions\/10376"}],"up":[{"embeddable":true,"href":"https:\/\/sites.usp.br\/podae\/index.php?rest_route=\/wp\/v2\/pages\/3439"}],"wp:attachment":[{"href":"https:\/\/sites.usp.br\/podae\/index.php?rest_route=%2Fwp%2Fv2%2Fmedia&parent=10375"}],"curies":[{"name":"wp","href":"https:\/\/api.w.org\/{rel}","templated":true}]}}