{"id":11115,"date":"2019-12-05T18:26:43","date_gmt":"2019-12-05T21:26:43","guid":{"rendered":"http:\/\/sites.usp.br\/podae\/?page_id=11115"},"modified":"2019-12-05T18:38:51","modified_gmt":"2019-12-05T21:38:51","slug":"11115-2","status":"publish","type":"page","link":"https:\/\/sites.usp.br\/podae\/?page_id=11115","title":{"rendered":"01 Relator (Peri\u00f3dico Cient\u00edfico): Odontologia em A\u00e7\u00e3o Cultural"},"content":{"rendered":"<div style=\"text-align: left;\" align=\"center\">\n<p style=\"text-align: center;\"><span style=\"color: #800080;\"><strong><span style=\"font-size: 16px;\"><span style=\"font-family: Arial;\">ENCICLOP\u00c9DIA BRASILEIRA DE TELEODONTOLOGIA<br \/>\n<\/span><\/span><\/strong><\/span><strong><span style=\"font-size: 12px;\"><span style=\"font-family: Arial;\">ISSN <span style=\"color: #0000ff;\"><a style=\"color: #0000ff;\" href=\"https:\/\/portal.issn.org\/resource\/ISSN\/2448-1181#\">2448-1181<\/a><\/span><\/span><\/span><\/strong><strong><span style=\"font-size: 12px;\"><span style=\"font-family: Arial;\"> \/ <span style=\"color: #0000ff;\"><a style=\"color: #0000ff;\" href=\"https:\/\/sites.usp.br\/podae\/wp-content\/uploads\/sites\/36\/2019\/06\/Encicl.-Bras.Teleodontol.jpg\">SIBi<\/a><\/span> \/ <a href=\"https:\/\/sites.usp.br\/podae\/?page_id=3320\"><span style=\"color: #0000ff;\">Expediente<\/span><\/a> \/ Fasc\u00edculos <\/span><\/span><\/strong><span style=\"font-size: 12px;\"><span style=\"font-family: Arial;\">(<\/span><\/span><strong><span style=\"font-size: 12px;\"><span style=\"font-family: Arial;\"><span style=\"color: #0000ff;\"><a style=\"color: #0000ff;\" href=\"https:\/\/sites.usp.br\/podae\/?page_id=120\">A-Z<\/a><\/span><\/span><\/span><\/strong><span style=\"font-size: 12px;\"><span style=\"font-family: Arial;\">)<\/span><\/span><strong><span style=\"font-size: 12px;\"><span style=\"font-family: Arial;\"><br \/>\n<\/span><\/span><\/strong><strong><span style=\"font-size: 12px;\"><span style=\"font-family: Arial;\"> Polo de Odontologia Digital Aplicado \u00e0 Educa\u00e7\u00e3o <\/span><\/span><\/strong><span style=\"font-size: 12px;\"><span style=\"font-family: Arial;\">(<\/span><\/span><strong><span style=\"font-size: 12px;\"><span style=\"font-family: Arial;\"><a href=\"https:\/\/sites.usp.br\/podae\/?page_id=89\"><span style=\"color: #0000ff;\">PODAE<\/span><\/a><\/span><\/span><\/strong><span style=\"font-size: 12px;\"><span style=\"font-family: Arial;\"><span style=\"color: #0000ff;\">)<\/span><\/span><\/span><strong><span style=\"font-size: 12px;\"><span style=\"font-family: Arial;\"><span style=\"color: #0000ff;\">: <\/span><a href=\"https:\/\/www.forp.usp.br\/\"><span style=\"color: #0000ff;\">FORP<\/span><\/a> \/ <span style=\"color: #0000ff;\"><a style=\"color: #0000ff;\" href=\"https:\/\/www5.usp.br\/\">USP<\/a><\/span><\/span><\/span><\/strong> <strong><span style=\"font-size: 12px;\"><span style=\"font-family: Arial;\"><br \/>\n<\/span><\/span><\/strong><span style=\"color: #000000;\"><strong><span style=\"font-size: 10px;\"><span style=\"color: #ff0000; font-size: 14px;\">\u2666<\/span> <\/span><\/strong><\/span><span style=\"color: #000000;\"><strong><span style=\"font-size: 10px;\"><span style=\"text-decoration: underline;\">SUM\u00c1RIOS<\/span><\/span><\/strong><\/span><strong><span style=\"font-size: 12px;\"><span style=\"font-family: Arial;\">: <\/span><\/span><\/strong><span style=\"color: #000000;\"><strong><span style=\"font-size: 10px;\"><a href=\"https:\/\/sites.usp.br\/podae\/?page_id=3366\"><span style=\"color: #0000ff;\"><span style=\"color: #0000ff;\">Fasc\u00edculo R<\/span><\/span><\/a> e <span style=\"color: #0000ff;\">Suplemento Anual<\/span><\/span><\/strong><\/span><strong><span style=\"font-size: 12px;\"><span style=\"font-family: Arial;\"><br \/>\n<\/span><\/span><\/strong><\/p>\n<div style=\"text-align: left;\" align=\"center\">\n<address style=\"text-align: right;\">\n<div align=\"center\">\n<hr style=\"width: 321px;\" \/>\n<\/div>\n<\/address>\n<\/div>\n<\/div>\n<p><span style=\"color: #ff0000;\"><span style=\"font-size: 10px;\"><em><em><span style=\"color: #ff0000;\"><em><strong><span style=\"color: #000000; font-size: 14px;\">Luiz Carlos Pardini <\/span><\/strong><\/em><\/span><\/em><\/em><span style=\"color: #ff0000;\"><span style=\"color: #ff0000;\"><span style=\"font-size: 10px;\"><strong><span style=\"color: #0000ff;\"><span style=\"color: #000000;\"><em><span style=\"color: #000000; font-size: 14px;\"> &#8211; <\/span><\/em><span style=\"color: #0000ff; font-size: 10px;\"> <a style=\"color: #0000ff;\" href=\"http:\/\/buscatextual.cnpq.br\/buscatextual\/email.do?metodo=apresentar&amp;seqIdPessoa=396158&amp;nomeDestinatario=Luiz_Carlos_Pardini\">E-mail<\/a> <span style=\"color: #000000;\"><em>&#8211; <\/em><\/span><a style=\"color: #0000ff;\" href=\"http:\/\/lattes.cnpq.br\/5853462846099775\">Curr\u00edculo Lattes <\/a><span style=\"color: #000000;\"><em>&#8211;<\/em><\/span> <a style=\"color: #0000ff;\" href=\"https:\/\/sites.usp.br\/podae\/?page_id=4562\">Informa\u00e7\u00f5es Adicionais<\/a><\/span><\/span><\/span><\/strong><\/span><\/span><\/span><\/span><\/span><\/p>\n<hr \/>\n<hr \/>\n<address style=\"text-align: right;\"><strong><span style=\"font-size: 10px;\">p\u00e1gina 1<\/span><\/strong><\/address>\n<hr \/>\n<p style=\"text-align: justify;\"><span style=\"color: #000000; font-family: Arial;\"><span style=\"font-size: 12px; line-height: 18px;\"><strong>PARDINI, L.C. Relator (Peri\u00f3dico Cient\u00edfico): Odontologia em A\u00e7\u00e3o Cultural<\/strong><strong>. Encicl. Bras.Teleodontol., Volume 9 <\/strong>(<strong>S\u00e9rie F<\/strong>)<strong>: p\u00e1gina 1, fevereiro, 2011. ISSN 2448-1181<\/strong>.<\/span><\/span><\/p>\n<hr \/>\n<p style=\"text-align: justify;\"><span style=\"font-family: Arial;\">Fomento na \u00c1rea da Sa\u00fade <\/span><span style=\"font-family: Arial;\">(Odontologia)<\/span><span style=\"font-family: Arial;\"> \u00e9 fundamental para o progresso da ci\u00eancia e a educa\u00e7\u00e3o no Ensino Superior, <\/span><span style=\"font-family: Arial;\">dos mais variados e diversos setores das <\/span><strong style=\"font-family: Arial;\">Institui\u00e7\u00f5es de Ensino Superior<\/strong><span style=\"font-family: Arial;\">\u00a0(<\/span><strong style=\"font-family: Arial;\"><span style=\"color: #0000ff;\"><a style=\"color: #0000ff;\" href=\"http:\/\/emec.mec.gov.br\/emec\/educacao-superior\/ies\">IES<\/a><\/span><\/strong><span style=\"font-family: Arial;\">) e <\/span><span style=\"font-family: Arial;\">em harmonia com as considera\u00e7\u00f5es estabelecidas nas diretrizes da Minist\u00e9rio de Educa\u00e7\u00e3o (<\/span><strong style=\"font-family: Arial;\"><span style=\"color: #0000ff;\"><a style=\"color: #0000ff;\" href=\"https:\/\/www.mec.gov.br\/\">MEC<\/a><\/span><\/strong><span style=\"font-family: Arial;\">).<\/span><\/p>\n<p>&nbsp;<\/p>\n<p style=\"text-align: center;\"><strong>ENTIDADES \u00a0DE \u00a0FOMENTOS \/ GOVERNAMENTAL<\/strong><\/p>\n<ul>\n<li><strong style=\"color: #0000ff; font-size: 12px;\"><span style=\"color: #0000ff;\"><span style=\"color: #000000;\">Minist\u00e9rio da Educa\u00e7\u00e3o (<span style=\"color: #0000ff;\"><a style=\"color: #0000ff;\" href=\"http:\/\/emec.mec.gov.br\/\">E-mec<\/a><\/span>): <a href=\"http:\/\/Chttp:\/\/emec.mec.gov.br\/modulos\/visao_comum\/php\/login\/comum_login.php?691ba69561e311dd66adaae89947c631=YWJhX2F2YWxpYWRvcgoordena\u00e7\u00e3o de\">Relator T\u00e9cnico<\/a><\/span><\/span><\/strong><\/li>\n<li><strong style=\"color: #0000ff; font-size: 12px;\"><span style=\"color: #0000ff;\"><span style=\"color: #000000;\">Coordena\u00e7\u00e3o de\u00a0<strong>Aperfei\u00e7oamento de Pessoal N\u00edvel Superior (<span style=\"color: #0000ff;\"><a style=\"color: #0000ff;\" href=\"http:\/\/www.capes.gov.br\/\">CAPES<\/a><\/span>):\u00a0<\/strong><span style=\"color: #0000ff;\"><strong><a style=\"color: #0000ff;\" href=\"http:\/\/consultoria-ad-hoc.capes.gov.br\/\">Consultor<\/a>\u00a0<\/strong><\/span><\/span><\/span><\/strong><\/li>\n<li><span style=\"color: #000000;\"><strong style=\"color: #0000ff; font-size: 12px;\"><span style=\"color: #000000;\">Funda\u00e7\u00e3o de Amparo a Pesquisa e Inova\u00e7\u00e3o do Esp\u00edrito Santos (<span style=\"color: #0000ff;\"><a style=\"color: #0000ff;\" href=\"http:\/\/www.fapes.es.gov.br\/\">FAPES<\/a><\/span>): <span style=\"color: #0000ff;\"><a style=\"color: #0000ff;\" href=\"http:\/\/www.sigfapes.es.gov.br\/\">Relator\u00a0<\/a><\/span><\/span><\/strong><\/span><\/li>\n<li><span style=\"color: #000000;\"><strong style=\"color: #0000ff; font-size: 12px;\"><span style=\"color: #000000;\">Funda\u00e7\u00e3o de Amparo \u00e0 Pesquisa do Estado de S\u00e3o Paulo (<span style=\"color: #0000ff;\"><a style=\"color: #0000ff;\" href=\"http:\/\/www.fapesp.br\/\">FAPESP<\/a><\/span>):\u00a0 <span style=\"color: #0000ff;\"><a style=\"color: #0000ff;\" href=\"http:\/\/www.fapesp.br\/sage\/\">Relator<\/a><\/span><span style=\"color: #0000ff;\">\u00a0 (<a style=\"color: #0000ff;\" href=\"http:\/\/www.fapesp.br\/sage\/\">Sage<\/a>)<\/span><\/span><\/strong><\/span><\/li>\n<li><strong style=\"color: #0000ff; font-size: 12px;\"><span style=\"color: #000000;\">\u00a0Funda\u00e7\u00e3o de Amparo \u00e0 Ci\u00eancia e Tecnologia de Pernambuco <\/span><\/strong><strong style=\"color: #0000ff; font-size: 12px;\"><span style=\"color: #000000;\">(<span style=\"color: #0000ff;\"><a style=\"color: #0000ff;\" href=\"http:\/\/www.facepe.br\/\">FACEPE<\/a><\/span>):<\/span><\/strong><span style=\"color: #0000ff; font-size: 12px;\"><strong style=\"color: #0000ff; font-size: 12px;\"><a style=\"color: #0000ff;\" href=\"https:\/\/agil.facepe.br\/\"> Relator<\/a> <\/strong><\/span><\/li>\n<li><span style=\"color: #000000;\"><span style=\"color: #000000;\"><strong style=\"color: #0000ff; font-size: 12px;\"><span style=\"color: #000000;\">Conselho\u00a0 Nacional do Desenvolvimento Cient\u00edfico e Tecnol\u00f3gico (<strong><span style=\"color: #0000ff;\"><a style=\"color: #0000ff;\" href=\"http:\/\/cnpq.br\/\">CNpQ<\/a><\/span>):<\/strong> <span style=\"color: #0000ff;\"><a style=\"color: #0000ff;\" href=\"https:\/\/wwws.cnpq.br\/cvlattesweb\/pkg_login.prc_form\">Atualizar<\/a><\/span>\/<span style=\"color: #0000ff;\"><a style=\"color: #0000ff;\" href=\"http:\/\/buscatextual.cnpq.br\/buscatextual\/busca.do?metodo=apresentar\">Buscar<\/a><\/span>\/<span style=\"color: #0000ff;\"><a style=\"color: #0000ff;\" href=\"http:\/\/lattes.cnpq.br\/web\/dgp\">Diret\u00f3rio de Grupo<\/a><\/span><\/span><\/strong><\/span><\/span><\/li>\n<li><strong style=\"color: #0000ff; font-size: 12px;\"><span style=\"color: #000000;\">Minist\u00e9rio da Ci\u00eancia e Tecnologia e Informa\u00e7\u00e3o (<a href=\"http:\/\/www.mct.gov.br\/\">MCTI<\/a>)<\/span><\/strong><\/li>\n<li><strong style=\"color: #0000ff; font-size: 12px;\"><span style=\"color: #000000;\">Instituto Brasileiro de Informa\u00e7\u00e3o em Ci\u00eancias e Tecnologia (<span style=\"color: #0000ff;\"><a style=\"color: #0000ff;\" href=\"http:\/\/www.ibict.br\/\">IBICT<\/a><\/span>)<\/span><\/strong><\/li>\n<\/ul>\n<p>&nbsp;<\/p>\n<p>&nbsp;<\/p>\n<p style=\"text-align: center;\"><span style=\"font-family: Arial;\"><strong>UNIVERSIDADE\u00a0 DE\u00a0 S\u00c3O\u00a0 PAULO \/ Eventos Cient\u00edficos (Relator\/Assessor)<\/strong><br \/>\n<\/span><\/p>\n<ul>\n<li><strong style=\"color: #0000ff; font-size: 10px;\"><strong style=\"color: #0000ff; font-size: 12px;\"><span style=\"color: #000000;\">Comiss\u00e3o de Avalia\u00e7\u00e3o Setorial (USP): <span style=\"color: #0000ff;\"><a style=\"color: #0000ff;\" href=\"http:\/\/www.imprensaoficial.com.br\/PortalIO\/DO\/GatewayPDF.aspx?link=\/2013\/executivo%20secao%20i\/julho\/05\/pag_0041_7N589AU3B0TTUeC408VQRVKC52O.pdf\">Assessor ad hoc<\/a>\u00a0<\/span><\/span><\/strong><\/strong><\/li>\n<li><strong style=\"color: #0000ff; font-size: 10px;\"><strong style=\"color: #0000ff; font-size: 12px;\"><span style=\"color: #000000;\">Sociedade Brasileia de Pesquisa Odontol\u00f3gica (<span style=\"color: #0000ff;\"><a style=\"color: #0000ff;\" href=\"http:\/\/www.sbpqo.org.br\/\">SBpQO<\/a><\/span>): <a href=\"http:\/\/sbpqo.org.br\/jornal\/agosto\/reuniao.html\"><span style=\"color: #0000ff;\">Assessor ad hoc<\/span><\/a><\/span><\/strong><\/strong><\/li>\n<\/ul>\n<p style=\"text-align: center;\"><strong><span style=\"font-size: 10px; color: #000000;\"><span style=\"font-size: 14px; color: #000000;\">Membro de Corpo Editorial de Revista Cient\u00edfica (Relator)<\/span><\/span><\/strong><\/p>\n<ul>\n<li><strong style=\"color: #0000ff; font-size: 12px;\"><span style=\"color: #000000;\">Revista de Odontologia da Universidade de S\u00e3o Paulo:\u00a0 <\/span><\/strong><a href=\"http:\/\/www.scielo.br\/revistas\/rousp\/pedboard.htm\"><strong style=\"color: #0000ff; font-size: 10px;\">ISSN 0103-0663 &#8211; impressa<\/strong><\/a><\/li>\n<li><strong style=\"color: #0000ff; font-size: 12px;\"><span style=\"color: #000000;\">Revista de Odontologia Universidade Federal do Esp\u00edrito Santo <span style=\"color: #0000ff;\"><a style=\"color: #0000ff;\" href=\"http:\/\/www.performo.com.br\/arquivos\/Revista-Odontologia-UFES.pdf\">ISSN\u00a0 1516 6228<\/a><\/span><br \/>\n<\/span><\/strong><\/li>\n<li><strong style=\"color: #0000ff; font-size: 12px;\"><span style=\"color: #000000;\">Revista Ci\u00eancia e Cultura (UNIFEB<\/span> &#8211; <span style=\"color: #0000ff;\"><a style=\"color: #0000ff;\" href=\"http:\/\/www.unifeb.edu.br\/index.php\/administrar-artigos\/45-posgraduacao\/278-comissaoedito\">ISSN 1980-0029<\/a><\/span>)<\/strong><\/li>\n<li><strong style=\"color: #0000ff; font-size: 12px;\"><span style=\"color: #000000;\">Revista da Associa\u00e7\u00e3o Brasileira de Ensino Odontol\u00f3gica<\/span><\/strong><strong style=\"color: #0000ff; font-size: 10px;\">:\u00a0<\/strong><strong style=\"color: #0000ff; font-size: 10px;\"> <span style=\"color: #000000;\">(<\/span><span style=\"color: #0000ff;\"><a style=\"color: #0000ff;\" href=\"http:\/\/revodonto.bvsalud.org\/revistas\/abeno\/pedboard.htm\">ABENO<\/a><\/span>)\u00a0\u00a0\u00a0\u00a0<\/strong><\/li>\n<li><strong style=\"color: #0000ff; font-size: 12px;\"><span style=\"color: #000000;\">Sociedade Brasileira de Pesquisa Odontol\u00f3gica: <\/span><\/strong><strong style=\"color: #0000ff; font-size: 10px;\"><span style=\"color: #0000ff;\"><span style=\"color: #000000;\">(<\/span><a href=\"http:\/\/sbpqo.org.br\/jornal\/agosto\/reuniao.html\">SBPQO<\/a><span style=\"color: #000000;\">) <\/span><\/span><\/strong><\/li>\n<li><strong style=\"color: #0000ff; font-size: 12px;\"><span style=\"color: #000000;\">Journal of Applied Oral Science\u00a0 <\/span><\/strong><strong style=\"color: #0000ff; font-size: 10px;\"><span style=\"color: #0000ff;\"><a href=\"http:\/\/www.scielo.br\/pdf\/jaos\/v14n6\/a01v14n6.pdf\"><span style=\"color: #0000ff;\"> (ISSN 1678-7757<\/span><\/a>)<\/span><\/strong><\/li>\n<li><strong style=\"color: #0000ff; font-size: 12px;\"><span style=\"color: #000000;\">Innovations Implant Journal: Biomaterials and Esthetics : <\/span><\/strong><a href=\"http:\/\/revodonto.bvsalud.org\/revistas\/iij\/pedboard.htm\"><strong style=\"color: #0000ff; font-size: 10px;\"><span style=\"color: #0000ff;\">ISSN 1809-2837\u00a0 impressa &#8211; ISSN 1984-5960 online<\/span><\/strong><\/a><\/li>\n<li><strong style=\"color: #0000ff; font-size: 12px;\"><span style=\"color: #000000;\">\u00a0Brazilian Oral Research:\u00a0 <\/span><a href=\"http:\/\/www.sbpqo.org.br\/resumos\/2007\/001-021%20prefaciais.pdf\"><span style=\"color: #0000ff;\">ISSN 1806-8324<\/span><\/a><span style=\"color: #0000ff;\"><br \/>\n<\/span><\/strong><\/li>\n<li><strong style=\"color: #0000ff; font-size: 12px;\"><span style=\"color: #000000;\"> \u00a0<\/span><\/strong><strong style=\"color: #0000ff; font-size: 12px;\"><span style=\"color: #000000;\">Revista\u00a0 da\u00a0 \u00a0Associa\u00e7\u00e3o Brasileira de Ensino Odontol\u00f3gico: <\/span><\/strong><strong style=\"color: #0000ff; font-size: 12px;\"><a href=\"http:\/\/www.abeno.org.br\/revista-abeno-expediente.php\"><span style=\"color: #0000ff;\"><span style=\"color: #0000ff;\">ABENO \u00a0(ISSN 1679-5954<\/span>)<\/span><\/a> <\/strong><\/li>\n<\/ul>\n<p><strong style=\"color: #0000ff; font-size: 10px;\"><span style=\"color: #0000ff;\"><strong style=\"color: #0000ff; font-size: 12px;\"><span style=\"color: #000000;\">\u00a0<\/span><\/strong><\/span><\/strong><\/p>\n<p><strong><span style=\"font-size: 10px; color: #000000;\"><span style=\"font-size: 14px; color: #000000;\">COACHING EDUCACIONAL (Divulga\u00e7\u00e3o Midi\u00e1tica): Sites de Busca &#8220;Search&#8221;: LUIZ CARLOS PARDINI <\/span><br \/>\n<\/span><\/strong><strong style=\"color: #0000ff; font-size: 10px;\"><a href=\"https:\/\/www.google.com.br\/search?rlz=1C1AOHY_pt-brBR709BR709&amp;biw=1152&amp;bih=623&amp;q=Luiz+Carlos+Pardini+%2B+USP&amp;oq=Luiz+Carlos+Pardini+%2B+USP&amp;gs_l=psy-ab.12...11850.14382.0.16948.7.7.0.0.0.0.139.762.3j4.7.0....0...1.1.64.psy-ab..0.0.0....0.47geENX_6x4\">Google<\/a> &#8211;\u00a0<span style=\"color: #0000ff;\"><a style=\"color: #0000ff;\" href=\"https:\/\/www.mendeley.com\/research-papers\/search\/?query=%22Luiz+Carlos+Pardini%22\">Mendeley<\/a><\/span> &#8211; <span style=\"color: #0000ff;\"><a style=\"color: #0000ff;\" href=\"http:\/\/www.ask.com\/web?q=%22Pardini%2C+Luiz+Carlos%22&amp;qsrc=1&amp;o=10182&amp;l=dir&amp;qo=serpSearchTopBox\">Ask<\/a><\/span>\u00a0 &#8211;<span style=\"color: #0000ff;\"> <a style=\"color: #0000ff;\" href=\"https:\/\/br.search.yahoo.com\/search;_ylt=A0LEV2iWq8tZAsAAv0Xz6Qt.;_ylc=X1MDMjExNDcxMDAwMwRfcgMyBGZyA3NmcARncHJpZAMEbl9yc2x0AzAEbl9zdWdnAzAEb3JpZ2luA2JyLnNlYXJjaC55YWhvby5jb20EcG9zAzAEcHFzdHIDBHBxc3RybAMEcXN0cmwDNDIEcXVlcnkDJTIyTHVpeiUyMENhcmxvcyUyMFBhcmRpbmklMjAlMkIlMjBGT1JQJTIyBHRfc3RtcAMxNTA2NTE5OTc1?p=%22Luiz+Carlos+Pardini+%2B+FORP%22&amp;fr2=sb-top-br.search&amp;fr=sfp\">Yahoo<\/a><\/span> &#8211;<span style=\"color: #0000ff;\"><a style=\"color: #0000ff;\" href=\"https:\/\/www.bing.com\/search?q=%22luiz+carlos+pardini+%2b+forp%22&amp;FORM=HDRSC1\">Bing<\/a><\/span> &#8211; <span style=\"color: #0000ff;\"><a style=\"color: #0000ff;\" href=\"https:\/\/busca.uol.com.br\/result.html?term=%22Luiz%20Carlos%20Pardini%20%2B%20FORP%22\">UolBuscar<\/a><\/span>\u00a0 &#8211; <span style=\"color: #0000ff;\"><a style=\"color: #0000ff;\" href=\"http:\/\/www.dogpile.com\/search\/web?fcoid=417&amp;fcop=topnav&amp;fpid=27&amp;om_nextpage=True&amp;q=%22Luiz+Carlos+Pardini+%2B+FORP%22&amp;ql=\">dogpile<\/a><\/span>\u00a0 &#8211; <span style=\"color: #0000ff;\"><a style=\"color: #0000ff;\" href=\"http:\/\/search.lycos.com\/web\/?q=%22Luiz+Carlos+Pardini+%2B+FORP%22&amp;OrigLycosTld=es&amp;keyvol=00fda483601e6c8b59c7\">Lycos<\/a><\/span> &#8211; Membro de Corpo Editorial de Revista Cient\u00edfica\u00a0<\/strong><strong style=\"color: #0000ff; font-size: 10px;\">(Relator).casa Neste<\/strong><\/p>\n<p>&nbsp;<\/p>\n<p><span style=\"font-family: Arial;\">Neste s\u00e9culo XXI\u00a0 as atividades de fomento servem para estimular, ampliar e locomover as \u00e1reas m\u00faltiplas &#8220;\u00e1reas do saber&#8221; (Biol\u00f3gica, Exatas e Humanas).<\/span><\/p>\n<hr \/>\n<div align=\"justify\">\n<div align=\"justify\">\n<div align=\"justify\">\n<div align=\"justify\">\n<div align=\"justify\">\n<div align=\"justify\">\n<div align=\"justify\">\n<div align=\"justify\">\n<div align=\"justify\">\n<div align=\"justify\"><span style=\"font-size: 12px;\"><em><strong><span style=\"text-decoration: underline;\">REFER\u00caNCIAS<\/span><\/strong><\/em><\/span><\/div>\n<div style=\"font-size: 12px;\" align=\"justify\">\n<div align=\"justify\"><span style=\"font-size: 12px;\">1.<\/span><span style=\"font-size: 12px;\"> BRASIL &#8211; Diretrizes e Bases da Educa\u00e7\u00e3o Nacional. Di\u00e1rio Oficial da Uni\u00e3o &#8211; Se\u00e7\u00e3o 1 &#8211; 23\/12\/1996, p: 27833. [<span style=\"color: #0000ff;\"><strong><a style=\"color: #0000ff;\" href=\"http:\/\/sites.usp.br\/ebt\/wp-content\/uploads\/sites\/44\/2014\/11\/Lei_9.394.pdf\">Lei 9.394<\/a><\/strong><\/span>]<\/span><\/div>\n<div align=\"justify\">2. BRASIL &#8211; Regula o Exerc\u00edcio da Odontologia. Lei n\u00ba 5.081. 24\/8\/1966. Di\u00e1rio Oficial, Se\u00e7\u00e3o I. Parte I, 26\/8\/1966. [<strong><span style=\"color: #0000ff;\"><a style=\"color: #0000ff;\" href=\"http:\/\/www.planalto.gov.br\/ccivil_03\/leis\/L5081.htm\">Lei n\u00ba 5.081<\/a><\/span><\/strong>]<\/div>\n<div align=\"justify\"><span style=\"font-size: 12px;\">3. BRASIL &#8211; Diretrizes Curriculares Nacionais do Curso de Gradua\u00e7\u00e3o em Odontologia, 2002. [<span style=\"color: #0000ff;\"><strong><a style=\"color: #0000ff;\" href=\"http:\/\/sites.usp.br\/ebt\/wp-content\/uploads\/sites\/44\/2014\/11\/Resolu\u00e7\u00e3o-19-02-2002.pdf\">Resolu\u00e7\u00e3o CNE\/CES 3<\/a><\/strong><\/span>]<\/span><\/div>\n<div style=\"text-align: justify;\" align=\"justify\"><span style=\"font-size: 12px;\">4. <span style=\"color: #0000ff;\"><span style=\"color: #ff0000; font-size: 12px;\"><span style=\"color: #000000;\">ROZENDO, C.A.; CASAGRANDE, L.D.R.; SCHNEIDER, J.F.; PARDINI.L.C. Uma an\u00e1lise das pr\u00e1ticas docentes de professores universit\u00e1rios da \u00e1rea de sa\u00fade. Rev. latino-am.enfermagem, Ribeir\u00e3o Preto, 7( 2): 15-23, abril 1999. [<strong><a style=\"color: #0000ff;\" href=\"http:\/\/www.scielo.br\/scielo.php?script=sci_arttext&amp;pid=S0104-11691999000200003&amp;lng=pt&amp;nrm=iso\">LINK<\/a><\/strong>].<\/span><\/span><\/span><br \/>\n<\/span><\/div>\n<div style=\"text-align: justify;\" align=\"justify\"><span style=\"font-size: 12px;\">5. <\/span><span style=\"font-size: 12px;\">World Health Organization: International Statistical Classification of Diseases and Related Health Problems, Tenth Revision Instruction Manual. Geneva, World Health Organization, 2004. [<span style=\"color: #0000ff;\"><strong><a style=\"color: #0000ff;\" href=\"http:\/\/sites.usp.br\/ebt\/wp-content\/uploads\/sites\/44\/2014\/11\/ICD10-2010.pdf\">ICD<\/a><\/strong><\/span>].<\/span><\/div>\n<\/div>\n<\/div>\n<\/div>\n<\/div>\n<\/div>\n<\/div>\n<\/div>\n<\/div>\n<\/div>\n<\/div>\n<div align=\"justify\">\n<div align=\"justify\">\n<div style=\"text-align: center;\" align=\"justify\">\n<address style=\"text-align: right;\">\n<hr \/>\n<hr \/>\n<\/address>\n<\/div>\n<\/div>\n<div style=\"text-align: left;\" align=\"center\">\n<div style=\"text-align: center;\" align=\"center\">\n<div align=\"justify\">\n<p style=\"text-align: justify;\"><span style=\"font-size: 10px;\"><strong><span style=\"text-decoration: underline;\">Recebido<\/span> 1\/2\/2019 &#8211; <span style=\"color: #0000ff;\"><a style=\"color: #0000ff;\" href=\"https:\/\/sites.usp.br\/podae\/?page_id=3336\">Parecerista<\/a> <\/span>2\/2\/2019 &#8211; <span style=\"text-decoration: underline;\">Publicado<\/span> 2\/2\/2019 &#8211; Enciclop\u00e9dia Brasileira de Teleodontologia<\/strong><\/span><\/p>\n<hr \/>\n<\/div>\n<\/div>\n<\/div>\n<\/div>\n","protected":false},"excerpt":{"rendered":"<p>ENCICLOP\u00c9DIA BRASILEIRA DE TELEODONTOLOGIA ISSN 2448-1181 \/ SIBi \/ Expediente \/ Fasc\u00edculos (A-Z) Polo de [&hellip;]<\/p>\n","protected":false},"author":58,"featured_media":0,"parent":11107,"menu_order":0,"comment_status":"closed","ping_status":"closed","template":"","meta":{"footnotes":"","_links_to":"","_links_to_target":""},"class_list":["post-11115","page","type-page","status-publish","hentry"],"_links":{"self":[{"href":"https:\/\/sites.usp.br\/podae\/index.php?rest_route=\/wp\/v2\/pages\/11115","targetHints":{"allow":["GET"]}}],"collection":[{"href":"https:\/\/sites.usp.br\/podae\/index.php?rest_route=\/wp\/v2\/pages"}],"about":[{"href":"https:\/\/sites.usp.br\/podae\/index.php?rest_route=\/wp\/v2\/types\/page"}],"author":[{"embeddable":true,"href":"https:\/\/sites.usp.br\/podae\/index.php?rest_route=\/wp\/v2\/users\/58"}],"replies":[{"embeddable":true,"href":"https:\/\/sites.usp.br\/podae\/index.php?rest_route=%2Fwp%2Fv2%2Fcomments&post=11115"}],"version-history":[{"count":4,"href":"https:\/\/sites.usp.br\/podae\/index.php?rest_route=\/wp\/v2\/pages\/11115\/revisions"}],"predecessor-version":[{"id":11125,"href":"https:\/\/sites.usp.br\/podae\/index.php?rest_route=\/wp\/v2\/pages\/11115\/revisions\/11125"}],"up":[{"embeddable":true,"href":"https:\/\/sites.usp.br\/podae\/index.php?rest_route=\/wp\/v2\/pages\/11107"}],"wp:attachment":[{"href":"https:\/\/sites.usp.br\/podae\/index.php?rest_route=%2Fwp%2Fv2%2Fmedia&parent=11115"}],"curies":[{"name":"wp","href":"https:\/\/api.w.org\/{rel}","templated":true}]}}