{"id":120,"date":"2011-01-10T10:54:42","date_gmt":"2011-01-10T12:54:42","guid":{"rendered":"http:\/\/sites.usp.brprp\/?page_id=120"},"modified":"2023-06-05T11:15:55","modified_gmt":"2023-06-05T14:15:55","slug":"issn-2448-1181-enciclopedia-brasileira-de-teleodontologia","status":"publish","type":"page","link":"https:\/\/sites.usp.br\/podae\/?page_id=120","title":{"rendered":"Encicliclop\u00e9dia"},"content":{"rendered":"<h6><span style=\"color: #ff0000; font-size: 14px;\"><em><strong><a href=\"http:\/\/sites.usp.br\/podae\/wp-login.php\"><img loading=\"lazy\" decoding=\"async\" class=\"alignleft wp-image-528\" src=\"http:\/\/sites.usp.br\/podae\/wp-content\/uploads\/sites\/36\/2014\/05\/FORP_PODAE_00.jpg\" alt=\"FORP_PODAE_00\" width=\"32\" height=\"33\" \/><\/a><\/strong><\/em>\u2022<\/span><span style=\"color: #ff0000;\"><span style=\"color: #000000; font-size: 14px;\"><em><strong>\u00a0Enciclop\u00e9dia\u00a0<span style=\"font-size: 13px;\">Brasileira de Teleodontologia<\/span> <\/strong><\/em><\/span><\/span><\/h6>\n<hr \/>\n<p style=\"text-align: justify;\">\u00a0<span style=\"color: #ff0000;\"><span style=\"font-size: 13px; color: #ff0000;\"><span style=\"color: #000000;\">A<\/span><\/span><\/span><span style=\"color: #ff0000;\"><span style=\"font-size: 13px; color: #ff0000;\"><span style=\"color: #000000;\">\u00a0Equipe do <strong>Polo de Odontologia Digital Aplicado \u00e0 Educa\u00e7\u00e3o<\/strong> (<strong>PODAE<\/strong>), da <strong>Faculdade de Odontologia de Ribeir\u00e3o Preto<\/strong> (<a href=\"https:\/\/www.forp.usp.br\/\"><strong><span style=\"color: #0000ff;\">FOR<\/span>P<\/strong><\/a>) est\u00e1 associada com o Corpo Editorial e\u00a0 Assessores Volunt\u00e1riso (<span style=\"color: #0000ff;\"><strong><a style=\"color: #0000ff;\" href=\"https:\/\/sites.usp.br\/podae\/?page_id=3336\">Pareceristas<\/a><\/strong><\/span>) da <\/span><\/span><\/span><span style=\"font-size: 13px;\"><strong>Enciclop\u00e9dia Brasileira de Teleodontologi<\/strong><\/span><span style=\"color: #ff0000;\"><span style=\"font-size: 13px; color: #ff0000;\"><span style=\"color: #000000;\">a (<strong>ISSN <span style=\"color: #0000ff;\"><a style=\"color: #0000ff;\" href=\"https:\/\/portal.issn.org\/resource\/ISSN\/2448-1181#\">2448-1181<\/a><\/span><\/strong> &#8211; <strong>Encicl. Bras. Teleodontol<\/strong>. (<strong>Sistema Integrado de Bibliotecas da Universidade de S\u00e3o Paulo<\/strong> (<a href=\"https:\/\/www5.usp.br\/\"><strong><span style=\"color: #0000ff;\">USP<\/span><\/strong><\/a> \/ <strong><span style=\"color: #0000ff;\"><a style=\"color: #0000ff;\" href=\"https:\/\/sites.usp.br\/podae\/wp-content\/uploads\/sites\/36\/2019\/06\/Encicl.-Bras.Teleodontol.jpg\"><span style=\"color: #0000ff;\">SIBI<\/span><\/a><\/span><\/strong>). Esta\u00a0 parceria \u00a0contribui com as <strong>Estrat\u00e9gicas Midi\u00e1tica<\/strong>s (Inova\u00e7\u00f5es Tecnol\u00f3gicas) associadas com o Ensino e o Aprendizado em Sa\u00fade<\/span><\/span><\/span><span style=\"color: #ff0000;\"><span style=\"font-size: 13px; color: #ff0000;\"><span style=\"color: #000000;\">.<\/span><\/span><\/span><\/p>\n<p style=\"text-align: justify;\"><span style=\"color: #ff0000;\"><span style=\"font-size: 13px; color: #ff0000;\"><span style=\"color: #000000;\">A miss\u00e3o \u00e9 a\u00a0<\/span><\/span><\/span><strong><span style=\"color: #000000; font-size: 13px;\">Inclus\u00e3o Digi<\/span><span style=\"color: #000000; font-size: 13px;\">ta<\/span><\/strong><span style=\"color: #000000; font-size: 13px;\"><strong>l<\/strong> com as atualiza\u00e7\u00f5es educacionais centradas na \u00e1rea da Sa\u00fade Bucal em conformidade com as recomenda\u00e7\u00f5es das entidades Nacionais e Internacionais:<\/span><\/p>\n<ul>\n<li><span style=\"color: #ff0000;\"><span style=\"font-size: 13px; color: #ff0000;\"><span style=\"color: #000000;\">Organiza\u00e7\u00e3o Mundial de Sa\u00fade (<strong><span style=\"color: #0000ff;\">WHO<\/span><\/strong>) \/ <\/span><\/span><\/span><span style=\"color: #ff0000;\"><span style=\"font-size: 13px; color: #ff0000;\"><span style=\"color: #000000;\">Organiza\u00e7\u00e3o Panamericana (<strong><span style=\"color: #0000ff;\"><a style=\"color: #0000ff;\" href=\"http:\/\/www.paho.org\/hq\/\">OPAS<\/a><\/span><\/strong>) \/ <\/span><\/span><\/span><span style=\"color: #ff0000;\"><span style=\"font-size: 13px; color: #ff0000;\"><span style=\"color: #000000;\">Conselho Federal de Odontologia (<span style=\"color: #0000ff;\"><strong><a style=\"color: #0000ff;\" href=\"http:\/\/cfo.org.br\/\">CFO<\/a><\/strong><\/span>)<\/span><\/span><\/span><\/li>\n<li><span style=\"color: #ff0000;\"><span style=\"color: #ff0000;\"><span style=\"font-size: 13px; color: #ff0000;\"><span style=\"color: #000000;\">Portal Brasil (<strong><span style=\"color: #0000ff;\"><a style=\"color: #0000ff;\" href=\"http:\/\/www.brasil.gov.br\/saude\">Sa\u00fade<\/a><\/span><\/strong>)<br \/>\n<\/span><\/span><\/span><\/span><\/p>\n<hr style=\"width: 321px;\" \/>\n<hr style=\"width: 321px;\" \/>\n<p style=\"text-align: center;\"><strong><span style=\"font-size: 12px;\"><span style=\"font-family: Arial;\"><span style=\"color: #0000ff;\"><span style=\"color: #000000;\"><span style=\"font-size: 12px;\"><em><span style=\"text-decoration: underline;\">Fasc\u00edculos \/ S\u00e9ries<\/span><\/em><\/span><\/span><\/span><\/span><\/span><\/strong><\/p>\n<\/li>\n<\/ul>\n<p style=\"text-align: left;\"><strong><span style=\"font-size: 12px;\"><span style=\"font-family: Arial;\"><span style=\"color: #0000ff;\"><a style=\"color: #0000ff;\" href=\"https:\/\/sites.usp.br\/podae\/?page_id=3288\"><span style=\"color: #0000ff;\">A<\/span><\/a><\/span> &#8211; <a href=\"https:\/\/sites.usp.br\/podae\/?page_id=3290\"><span style=\"color: #0000ff;\">B<\/span><\/a> &#8211; <a href=\"https:\/\/sites.usp.br\/podae\/?page_id=3292\"><span style=\"color: #0000ff;\">C<\/span><\/a> &#8211;<a href=\"https:\/\/sites.usp.br\/podae\/?page_id=3297\"><span style=\"color: #0000ff;\"> D<\/span><\/a> &#8211; <a href=\"https:\/\/sites.usp.br\/podae\/?page_id=3760\"><span style=\"color: #0000ff;\">E<\/span><\/a> &#8211; <a href=\"https:\/\/sites.usp.br\/podae\/?page_id=3342\"><span style=\"color: #0000ff;\">F<\/span><\/a> &#8211; <a href=\"https:\/\/sites.usp.br\/podae\/?page_id=3344\"><span style=\"color: #0000ff;\">G<\/span><\/a> &#8211; <a href=\"https:\/\/sites.usp.br\/podae\/?page_id=3346\"><span style=\"color: #0000ff;\">H<\/span><\/a> &#8211; <a href=\"https:\/\/sites.usp.br\/podae\/?page_id=3348\"><span style=\"color: #0000ff;\">I<\/span><\/a> &#8211; <a href=\"https:\/\/sites.usp.br\/podae\/?page_id=3350\"><span style=\"color: #0000ff;\">J<\/span><\/a> &#8211; <a href=\"https:\/\/sites.usp.br\/podae\/?page_id=3352\"><span style=\"color: #0000ff;\">K<\/span><\/a> &#8211; <a href=\"https:\/\/sites.usp.br\/podae\/?page_id=3354\"><span style=\"color: #0000ff;\">L<\/span><\/a> &#8211; <a href=\"https:\/\/sites.usp.br\/podae\/?page_id=3356\"><span style=\"color: #0000ff;\">M<\/span><\/a> &#8211; <a href=\"https:\/\/sites.usp.br\/podae\/?page_id=3358\"><span style=\"color: #0000ff;\">N<\/span><\/a> &#8211; <a href=\"https:\/\/sites.usp.br\/podae\/?page_id=3360\"><span style=\"color: #0000ff;\">O<\/span><\/a> &#8211; <a href=\"https:\/\/sites.usp.br\/podae\/?page_id=3362\"><span style=\"color: #0000ff;\">P<\/span><\/a> &#8211; <a href=\"https:\/\/sites.usp.br\/podae\/?page_id=3364\"><span style=\"color: #0000ff;\">Q<\/span><\/a> &#8211; <a href=\"https:\/\/sites.usp.br\/podae\/?page_id=3366\"><span style=\"color: #0000ff;\">R<\/span><\/a> &#8211; <a href=\"https:\/\/sites.usp.br\/podae\/?page_id=3368\"><span style=\"color: #0000ff;\">S<\/span><\/a> &#8211; <a href=\"https:\/\/sites.usp.br\/podae\/?page_id=3370\"><span style=\"color: #0000ff;\">T<\/span><\/a> &#8211; <a href=\"https:\/\/sites.usp.br\/podae\/?page_id=3372\"><span style=\"color: #0000ff;\">U<\/span><\/a> &#8211; <a href=\"https:\/\/sites.usp.br\/podae\/?page_id=3374\"><span style=\"color: #0000ff;\">V<\/span><\/a> &#8211; <a href=\"https:\/\/sites.usp.br\/podae\/?page_id=3376\"><span style=\"color: #0000ff;\">W<\/span><\/a> &#8211;<a href=\"https:\/\/sites.usp.br\/podae\/?page_id=3378\"><span style=\"color: #0000ff;\"> X<\/span><\/a> &#8211; <a href=\"https:\/\/sites.usp.br\/podae\/?page_id=3380\"><span style=\"color: #0000ff;\">Y<\/span><\/a> &#8211; <a href=\"https:\/\/sites.usp.br\/podae\/?page_id=3382\"><span style=\"color: #0000ff;\">Z<\/span><\/a>\u00a0<\/span><\/span><\/strong><\/p>\n<div align=\"center\">\n<hr style=\"width: 321px;\" \/>\n<p><span style=\"font-family: Arial; font-size: xx-small;\"><strong><strong>2014: Reformulado pela Equipe do PODAE e auxiliado pela Equipe da &#8220;<em><span style=\"color: #0000ff;\"><a href=\"http:\/\/sites.usp.br\/\"><span style=\"color: #0000ff;\">Incubadora de Sites<\/span><\/a><\/span><\/em>&#8221; (<span style=\"color: #0000ff;\"><a href=\"http:\/\/www5.usp.br\/\"><span style=\"color: #0000ff;\">USP<\/span><\/a><\/span>)<\/strong><\/strong><\/span><\/p>\n<div align=\"justify\">\n<div style=\"text-align: center;\" align=\"justify\">\n<div align=\"justify\">\n<div align=\"justify\">\n<div align=\"justify\">\n<div align=\"justify\">\n<div style=\"text-align: left;\" align=\"justify\">\n<hr \/>\n<\/div>\n<\/div>\n<\/div>\n<\/div>\n<\/div>\n<\/div>\n<\/div>\n<hr \/>\n<\/div>\n","protected":false},"excerpt":{"rendered":"<p>\u2022\u00a0Enciclop\u00e9dia\u00a0Brasileira de Teleodontologia \u00a0A\u00a0Equipe do Polo de Odontologia Digital Aplicado \u00e0 Educa\u00e7\u00e3o (PODAE), da Faculdade [&hellip;]<\/p>\n","protected":false},"author":58,"featured_media":0,"parent":0,"menu_order":1,"comment_status":"closed","ping_status":"closed","template":"","meta":{"footnotes":"","_links_to":"","_links_to_target":""},"class_list":["post-120","page","type-page","status-publish","hentry"],"_links":{"self":[{"href":"https:\/\/sites.usp.br\/podae\/index.php?rest_route=\/wp\/v2\/pages\/120","targetHints":{"allow":["GET"]}}],"collection":[{"href":"https:\/\/sites.usp.br\/podae\/index.php?rest_route=\/wp\/v2\/pages"}],"about":[{"href":"https:\/\/sites.usp.br\/podae\/index.php?rest_route=\/wp\/v2\/types\/page"}],"author":[{"embeddable":true,"href":"https:\/\/sites.usp.br\/podae\/index.php?rest_route=\/wp\/v2\/users\/58"}],"replies":[{"embeddable":true,"href":"https:\/\/sites.usp.br\/podae\/index.php?rest_route=%2Fwp%2Fv2%2Fcomments&post=120"}],"version-history":[{"count":6,"href":"https:\/\/sites.usp.br\/podae\/index.php?rest_route=\/wp\/v2\/pages\/120\/revisions"}],"predecessor-version":[{"id":15654,"href":"https:\/\/sites.usp.br\/podae\/index.php?rest_route=\/wp\/v2\/pages\/120\/revisions\/15654"}],"wp:attachment":[{"href":"https:\/\/sites.usp.br\/podae\/index.php?rest_route=%2Fwp%2Fv2%2Fmedia&parent=120"}],"curies":[{"name":"wp","href":"https:\/\/api.w.org\/{rel}","templated":true}]}}