{"id":13402,"date":"2020-04-30T15:34:06","date_gmt":"2020-04-30T18:34:06","guid":{"rendered":"http:\/\/sites.usp.br\/podae\/?page_id=13402"},"modified":"2020-04-30T15:34:21","modified_gmt":"2020-04-30T18:34:21","slug":"abordagem-profissional-pesquisa-laboratorial-odontologia-implante-e-a-interface","status":"publish","type":"page","link":"https:\/\/sites.usp.br\/podae\/?page_id=13402","title":{"rendered":"Abordagem Profissional (Pesquisa Laboratorial): Odontologia (Implante e a Interface)"},"content":{"rendered":"<address>\n<address><span style=\"color: #ff0000;\"><span style=\"font-size: 10px;\"><strong><span style=\"color: #0000ff;\"><em><span style=\"color: #000000; font-size: 14px;\"><span style=\"color: #ff0000; font-size: 10px;\"><span style=\"color: #ff0000; font-size: 14px;\">\u25ca<\/span><\/span> L<\/span><\/em><\/span><\/strong><\/span><\/span><span style=\"color: #ff0000;\"><span style=\"color: #ff0000;\"><span style=\"font-size: 10px;\"><strong><span style=\"color: #0000ff;\"><em><span style=\"color: #ff0000;\"><em><strong><span style=\"color: #000000; font-size: 14px;\">uiz Carlos Pardini &#8211;<\/span><\/strong><\/em><\/span><\/em><span style=\"color: #ff0000;\"><strong><span style=\"font-size: 10px;\"><span style=\"color: #0000ff;\"><span style=\"color: #0000ff;\"> <span style=\"color: #000000;\">{<\/span><\/span><\/span><\/span><\/strong><\/span><\/span><\/strong><\/span><\/span><\/span><span style=\"font-size: 10px;\"><strong><span style=\"color: #0000ff;\"><span style=\"color: #ff0000;\"><strong><span style=\"font-size: 10px;\"><span style=\"color: #000000;\"><a style=\"color: #0000ff;\" href=\"https:\/\/uspdigital.usp.br\/telefonia\/telFormularioEmail.jsp?codigoPessoaUsuario=0&amp;codigoPessoa=75623&amp;nomePessoa=Luiz Carlos Pardini&amp;print=s\">E-mailUSP<\/a>] <span style=\"color: #ff0000;\"><span style=\"color: #ff0000;\"><span style=\"font-size: 10px;\"><strong><span style=\"color: #0000ff;\"><em><span style=\"color: #ff0000;\"><em><strong><span style=\"color: #000000; font-size: 14px;\">&#8211;<\/span><\/strong><\/em><\/span><\/em> <\/span><\/strong><\/span><\/span><\/span><span style=\"color: #0000ff;\"> <a style=\"color: #0000ff;\" href=\"http:\/\/buscatextual.cnpq.br\/buscatextual\/visualizacv.do?metodo=apresentar&amp;id=K4796807T1\">Curr\u00edculo Lattes<\/a> <\/span><\/span> <\/span><\/strong><\/span><\/span><\/strong><\/span><\/address>\n<\/address>\n<hr \/>\n<hr \/>\n<address style=\"text-align: right;\"><strong><span style=\"font-size: 10px;\">p\u00e1gina 1<\/span><\/strong><\/address>\n<hr \/>\n<p style=\"text-align: justify;\"><span style=\"font-size: 10px;\"><span style=\"color: #ff0000; font-size: 10px;\"><span style=\"color: #ff0000; font-size: 14px;\">\u25ca<\/span><\/span> <strong>PARDINI, L.C. Abordagem Profissional (Pesquisa Laboratorial): Odontologia (Implante e a Interface). Encicl. Bras. Teleodontol., Volume 8 (S\u00e9rie A): p\u00e1gina 1, julho, <\/strong><\/span><strong><span style=\"font-size: 10px;\"> 2018. ISSN 2448-1181<\/span><\/strong><\/p>\n<hr \/>\n<p style=\"text-align: justify;\"><span style=\"font-family: Arial;\">Neste s\u00e9culo de inova\u00e7\u00f5es tecnol\u00f3gicas e cient\u00edficas a \u00e1rea da Sa\u00fade Bucal que apresenta grande relev\u00eancia, atualmente com destaque \u00e9 o Implate Odontologico (Implante Dental). <\/span><\/p>\n<p style=\"text-align: justify;\"><span style=\"font-family: Arial;\">A Implantodontia est\u00e1 inserida na atua\u00e7\u00e3o do profissional de Sa\u00fade (Cirurgi\u00e3o-Dentista) com a\u00e7\u00f5es que visam, principalmente, a reabilita\u00e7\u00e3o de estruturas dentais em regi\u00f5es de Maxila e Mand\u00edbula com Pr\u00f3teses Odontol\u00f3gicas.<\/span><\/p>\n<p style=\"text-align: justify;\"><span style=\"font-family: Arial;\"> Estudo avaliaram, atrav\u00e9s da Microscopia Eletr\u00f4nica de varredura (SEM), a interface entre as plataformas de sistemas de implante e os pilares prot\u00e9ticos. <\/span><\/p>\n<p style=\"text-align: justify;\"><span style=\"font-family: Arial;\">Cumpre enfatizar que\u00a0a plataforma do implante (pilar prot\u00e9tico) e a falta de adapta\u00e7\u00e3o passiva \u00a0podem alterar a mec\u00e2nica dos componentes, levando a fric\u00e7\u00e3o do pilar, parafuso e\/ou implante. Al\u00e9m disso, essas lacunas podem levar a uma distribui\u00e7\u00e3o inadequada das for\u00e7as no osso de suporte, bem como a penetra\u00e7\u00e3o bacteriana, inflama\u00e7\u00e3o gengival e problemas na interface do pilar \/ tecido mole (<strong>FUJIWARA et al. 2009<\/strong>).<\/span><\/p>\n<hr \/>\n<p style=\"text-align: justify;\"><strong><span style=\"font-size: 10px;\"> REFER\u00caNCIAS<br \/>\n<\/span><\/strong><\/p>\n<div style=\"text-align: justify;\" align=\"justify\">\n<div align=\"justify\"><span style=\"font-size: 10px;\">1.\u00a0FUJIWARA, C. A.; MAGRO FILHO, O. ; OLIVEIRA, N.T. C. ; QUEIROZ, T. P.; ABLA, M. S. ; PARDINI, L. C.Assessment of the interface between implant and abutments of five systems by scanning electronic microscopy. Journal of Osseointegration, v. 1, p. 87-93, 2009. [<span style=\"color: #0000ff;\"><a style=\"color: #0000ff;\" href=\"http:\/\/www.journalofosseointegration.eu\/index.php\/jo\/article\/view\/80\"><strong>LINK<\/strong><\/a><\/span>]<br \/>\n<\/span><\/div>\n<div align=\"justify\"><span style=\"font-size: 10px;\">2. FREIRE, P. A import\u00e2ncia do ato de ler. 23\u00aa ed., S\u00e3o Paulo: Autores Associados: Cortez, 1989. [<span style=\"color: #0000ff;\"><strong><a style=\"color: #0000ff;\" href=\"http:\/\/www.paulofreire.ufpb.br\/paulofreire\/Controle?tipo=Livrox&amp;op=listar&amp;id=0&amp;obra_critica=C\">LINK<\/a><\/strong><\/span>] <\/span><\/div>\n<div align=\"justify\"><\/div>\n<div style=\"text-align: center;\" align=\"justify\">\n<address style=\"text-align: right;\">\n<hr \/>\n<hr \/>\n<\/address>\n<\/div>\n<\/div>\n<div style=\"text-align: left;\" align=\"center\">\n<div style=\"text-align: center;\" align=\"center\">\n<div align=\"justify\">\n<p><span style=\"font-size: 10px;\"><strong><span style=\"color: #ff0000;\"><span style=\"color: #ff0000; font-size: 10px;\"><span style=\"color: #ff0000; font-size: 14px;\">\u25ca<\/span><\/span><\/span><\/strong><\/span> <span style=\"font-size: 10px;\"><strong><span style=\"color: #0000ff;\"><span style=\"color: #000000;\"><span style=\"text-decoration: underline;\">PROFESSOR S\u00caNIOR<\/span> &#8211; USP (<\/span><a style=\"color: #0000ff;\" href=\"http:\/\/www.leginf.usp.br\/?resolucao=resolucao-no-6073-de-1o-de-marco-de-2012\">Resolu\u00e7\u00e3o N\u00ba 6073, 01\/03\/2012<\/a><\/span><\/strong><\/span><span style=\"font-size: 10px;\"><strong>) &#8211; Faculdade de Odontologia de Ribeir\u00e3o (<\/strong><\/span><span style=\"font-size: 10px;\"><strong><span style=\"color: #0000ff;\"><a style=\"color: #0000ff;\" href=\"http:\/\/www.forp.usp.br\/\">FORP<\/a><\/span><\/strong><\/span><span style=\"font-size: 10px;\"><strong>) \/ Processo 2017.1.345.58.8 \/ Termo de Autoriza\u00e7\u00e3o (Dirigente: Profa. Dra.L\u00e9a Assed Bezerra da Silva &#8211; 29\/05\/2017)<\/strong><\/span><\/p>\n<hr \/>\n<p><span style=\"font-size: 10px;\"><strong><span style=\"text-decoration: underline;\">Recebido<\/span> \/ <span style=\"text-decoration: underline;\">Publicado<\/span>: 1\/7\/2017 &#8211; Enciclop\u00e9dia Brasileira de Teleodontologia &#8211; ISSN 2448-1181<\/strong><br \/>\n<\/span><\/p>\n<\/div>\n<\/div>\n<hr \/>\n<\/div>\n","protected":false},"excerpt":{"rendered":"<p>\u25ca Luiz Carlos Pardini &#8211; {E-mailUSP] &#8211; Curr\u00edculo Lattes p\u00e1gina 1 \u25ca PARDINI, L.C. Abordagem [&hellip;]<\/p>\n","protected":false},"author":58,"featured_media":0,"parent":3452,"menu_order":0,"comment_status":"closed","ping_status":"closed","template":"","meta":{"footnotes":"","_links_to":"","_links_to_target":""},"class_list":["post-13402","page","type-page","status-publish","hentry"],"_links":{"self":[{"href":"https:\/\/sites.usp.br\/podae\/index.php?rest_route=\/wp\/v2\/pages\/13402","targetHints":{"allow":["GET"]}}],"collection":[{"href":"https:\/\/sites.usp.br\/podae\/index.php?rest_route=\/wp\/v2\/pages"}],"about":[{"href":"https:\/\/sites.usp.br\/podae\/index.php?rest_route=\/wp\/v2\/types\/page"}],"author":[{"embeddable":true,"href":"https:\/\/sites.usp.br\/podae\/index.php?rest_route=\/wp\/v2\/users\/58"}],"replies":[{"embeddable":true,"href":"https:\/\/sites.usp.br\/podae\/index.php?rest_route=%2Fwp%2Fv2%2Fcomments&post=13402"}],"version-history":[{"count":1,"href":"https:\/\/sites.usp.br\/podae\/index.php?rest_route=\/wp\/v2\/pages\/13402\/revisions"}],"predecessor-version":[{"id":13403,"href":"https:\/\/sites.usp.br\/podae\/index.php?rest_route=\/wp\/v2\/pages\/13402\/revisions\/13403"}],"up":[{"embeddable":true,"href":"https:\/\/sites.usp.br\/podae\/index.php?rest_route=\/wp\/v2\/pages\/3452"}],"wp:attachment":[{"href":"https:\/\/sites.usp.br\/podae\/index.php?rest_route=%2Fwp%2Fv2%2Fmedia&parent=13402"}],"curies":[{"name":"wp","href":"https:\/\/api.w.org\/{rel}","templated":true}]}}