{"id":14548,"date":"2020-06-02T15:59:30","date_gmt":"2020-06-02T18:59:30","guid":{"rendered":"http:\/\/sites.usp.br\/podae\/?page_id=14548"},"modified":"2020-06-02T16:00:36","modified_gmt":"2020-06-02T19:00:36","slug":"01-editorial-forp-pae-metodologias-e-dinamica-no-ensino-da-odontologia","status":"publish","type":"page","link":"https:\/\/sites.usp.br\/podae\/?page_id=14548","title":{"rendered":"01. Editorial. FORP\/PAE \u2013 Metodologias e Din\u00e2mica no Ensino da Odontologia"},"content":{"rendered":"<p style=\"text-align: center;\"><strong><span style=\"font-size: 14px;\"><span style=\"font-family: Arial;\">Programa de Aperfei\u00e7oamento de Ensino (<em>Ensino Superior \/<\/em> <a href=\"https:\/\/www.forp.usp.br\/?page_id=71\"><span style=\"color: #0000ff;\">FORP<\/span>)<\/a><\/span><\/span><\/strong><br \/>\n<strong><span style=\"font-size: 14px;\"><span style=\"font-family: Arial;\"><span style=\"color: #0000ff;\"><span style=\"color: #000000;\">Publica\u00e7\u00e3o Anual<\/span> <\/span><\/span><\/span><\/strong><span style=\"font-size: 14px;\"><span style=\"font-family: Arial;\"><span style=\"color: #0000ff;\">(<\/span><\/span><\/span><strong><span style=\"font-size: 14px;\"><span style=\"font-family: Arial;\"><span style=\"color: #0000ff;\"><span style=\"font-size: 15px;\"><em><span style=\"color: #000000;\"><span style=\"text-decoration: underline;\">Suplemento<\/span><\/span><\/em><\/span>: <a style=\"color: #0000ff;\" href=\"http:\/\/sites.usp.br\/ebt\/forp-e-h-encl-bras-teleodontol\/f-revista-brasileira-de-teleodontologia_issn-2448-1181\/forum-pedagogico-online-programa-de-aperfeicoamento-do-ensino-pae\/\">Sum\u00e1rio<\/a><\/span><\/span><\/span><\/strong><span style=\"font-size: 14px;\"><span style=\"font-family: Arial;\"><span style=\"color: #0000ff;\"><span style=\"color: #000000;\">): <strong>Abril e Outubro 2012<\/strong><\/span><\/span><\/span><\/span><strong><span style=\"font-size: 14px;\"><span style=\"font-family: Arial;\"><span style=\"color: #0000ff;\"> <span style=\"color: #000000;\">\/<\/span> <a style=\"color: #0000ff;\" href=\"http:\/\/sites.usp.br\/ebt\/forp-e-h-encl-bras-teleodontol\/f-revista-brasileira-de-teleodontologia\/\">S\u00e9rie F<\/a> &#8211; <a style=\"color: #0000ff;\" href=\"http:\/\/sites.usp.br\/ebt\/forp-e-h-encl-bras-teleodontol\/f-revista-brasileira-de-teleodontologia_issn-2448-1181\/forum-pedagogico-online-programa-de-aperfeicoamento-do-ensino-pae\/forum-pedagogico-online-pae-metodologias-e-dinamica-no-ensino-da-odontologia\/\">2\u00aa F\u00f3rum Pedag\u00f3gico Online<\/a><\/span><\/span><\/span><\/strong><br \/>\n<strong><span style=\"font-size: 14px;\"><span style=\"font-family: Arial;\"><span style=\"font-size: 15px;\"><em><span style=\"color: #000000;\"><span style=\"text-decoration: underline;\">Tema<\/span><\/span><\/em><\/span>: An\u00e1lise Cr\u00edtica e Reflexiva (Forma\u00e7\u00e3o Acad\u00eamica)<br \/>\nEixo Educacional: Educador \/ Educando<\/span><\/span><\/strong><\/p>\n<hr \/>\n<p style=\"text-align: justify;\"><strong><span style=\"font-size: 10px;\">EDITORIAL. <\/span><span style=\"font-size: 10px;\"> FORP\/PAE &#8211; Metodologias e Din\u00e2mica no Ensino da Odontologia. Encicl. Bras. Teleodontol., Volume 2 (<span style=\"color: #0000ff;\"><a style=\"color: #0000ff;\" href=\"http:\/\/sites.usp.br\/ebt\/forp-e-h-encl-bras-teleodontol\/f-revista-brasileira-de-teleodontologia\/\">S\u00e9rie F<\/a><\/span>): p\u00e1gina 1, abril, <\/span><span style=\"font-size: 10px;\"> 2012. Suplementar. ISSN 24481-1181<\/span><\/strong><\/p>\n<hr \/>\n<p style=\"text-align: center;\"><span style=\"font-family: Arial;\"><strong>EDITORIAL<\/strong> <\/span><\/p>\n<p style=\"text-align: justify;\"><span style=\"font-family: Arial;\"><strong>Programa de Aperfei\u00e7oamento de Ensino <\/strong>(<strong>PAE &#8211; <\/strong>Instruindo em 9 de dezembro 2010 &#8211; <span style=\"color: #0000ff;\"><strong><a style=\"color: #0000ff;\" href=\"http:\/\/www.prpg.usp.br\/attachments\/article\/631\/Diretrizes_PAE.pdf\">Diretrizes do Programa<\/a><\/strong><\/span>) contribui com<strong> Ensino <\/strong>e<strong> Aprendizado <\/strong>em a\u00e7\u00f5es pedag\u00f3gicas efetivas com destaque para as interven\u00e7\u00f5es educacionais no Programa de P\u00f3s-Gradua\u00e7\u00e3o (<strong>USP<\/strong>) com atua\u00e7\u00e3o dos docentes da Faculadade de Odontologia de Ribeir\u00e3o Preto (<strong>FORP<\/strong>) com conte\u00fados de qualidade fornecidos pela Grade Curricular: Disciplina: Metodologias e Din\u00e2mica no Ensino da Odontologia (Respons\u00e1vel: Prof. Dr. <strong>Luiz Carlos Pardini<\/strong>).<br \/>\n<\/span><\/p>\n<p style=\"text-align: justify;\"><span style=\"font-family: Arial;\"><strong>PAE<\/strong> (<strong>Programa de Aperfei\u00e7oamento de Ensino<\/strong>) est\u00e1 estruturado no<strong> Ensino e Aprendizado<\/strong> em Odontologia com ampla as descobertas e as infer\u00eancias pedag\u00f3gicas <\/span><\/p>\n<p style=\"text-align: justify;\"><span style=\"font-family: Arial;\">Devem ser amplamente compartilhadas com plena comunica\u00e7\u00e3o para os universos educacionais: 1\u00ba. <strong>Comunidade Acad\u00eamico<\/strong> (Comunica\u00e7\u00e3o Cient\u00edfica \/ Divulga\u00e7\u00e3o Cient\u00edfica \/ Publica\u00e7\u00e3o Cient\u00edfica) e 2\u00ba. <strong>P\u00fablico Leigo<\/strong> (forma condizente e baseado em princ\u00edpios \u00e9ticos e condutas bio\u00e9ticas).<\/span><\/p>\n<p style=\"text-align: justify;\"><span style=\"font-family: Arial;\">O s\u00e9culo XXI \u00e9 marcado como agente principal das inova\u00e7\u00f5es tecnol\u00f3gicas e cient\u00edficas em Educa\u00e7\u00e3o Superior, com destaque e \u00eanfase na \u00e1rea da sa\u00fade: <strong>Odontologia<\/strong>. <\/span><\/p>\n<p style=\"text-align: justify;\"><span style=\"font-family: Arial;\"><strong>PAE <\/strong>(<strong>Programa de Aperfei\u00e7oamento de Ensino<\/strong>) Publica\u00e7\u00e3o Cient\u00edfica Online (Hipertexto Site do <span style=\"color: #0000ff;\"><a style=\"color: #0000ff;\" href=\"http:\/\/sites.usp.br\/podae\/\"><strong>PODAE<\/strong><\/a><\/span> &#8211; Substitu\u00eddo pelo atual: sites.usp.br\/podae em colabora\u00e7\u00e3o com o <strong><span style=\"color: #0000ff;\"><a style=\"color: #0000ff;\" href=\"http:\/\/sites.usp.br\/ebt\">sites.usp.br\/ebt<\/a><\/span><\/strong>) representa o &#8220;<em>contraponto<\/em>&#8221; entre pesquisador e leitor (&#8220;<em>internauta<\/em>&#8220;) contribuindo para divulga\u00e7\u00e3o do Ensino e do Aprendizado em Sa\u00fade Bucal e \u00e1reas correlatas dos saberes: Humanas e Exatas. <\/span><\/p>\n<p style=\"text-align: justify;\"><span style=\"font-family: Arial;\">Este interc\u00e2mbio de encorajamento objetiva Interatividade online (<strong>Di\u00e1logo Virtual<\/strong>) com <strong>Educa\u00e7\u00e3o Participativa<\/strong> para motivar, facilitar, despertar e conduz a <strong>Educa\u00e7\u00e3o Transformadora<\/strong> seguindo orienta\u00e7\u00f5es da Literatura Educacional [1,2,3,4] estimulando <strong>Inclus\u00e3o Digital <\/strong>e a\u00e7\u00f5es educacionais (<strong>Ambiente Colaborativo de Aprendizagem<\/strong>) no Ensino Superior (Odontologia) com interven\u00e7\u00f5es construtivas (<strong>Discuss\u00e3o Participativa<\/strong>).<\/span><\/p>\n<p style=\"text-align: right;\"><strong><span style=\"font-family: Arial;\">Luiz Carlos Pardini<\/span><\/strong><\/p>\n<hr \/>\n<div align=\"justify\">\n<div align=\"justify\">\n<p><span style=\"font-size: 12px;\"><em><strong><span style=\"text-decoration: underline;\">REFER\u00caNCIAS<\/span><\/strong><\/em><\/span><\/p>\n<div style=\"font-size: 12px;\" align=\"justify\">\n<div align=\"justify\"><span style=\"font-size: 12px;\">1.<\/span><span style=\"font-size: 12px;\"> BRASIL &#8211; Diretrizes e Bases da Educa\u00e7\u00e3o Nacional, 1996. [<span style=\"color: #0000ff;\"><strong><a style=\"color: #0000ff;\" href=\"http:\/\/sites.usp.br\/ebt\/wp-content\/uploads\/sites\/44\/2014\/11\/Lei_9.394.pdf\">Lei 9.394<\/a><\/strong><\/span>]<\/span><\/div>\n<div align=\"justify\">2. BRASIL &#8211; Regula o Exerc\u00edcio da Odontologia. Lei n\u00ba 5.081 de 24\/08\/1966. Di\u00e1rio Oficial, Se\u00e7\u00e3o I. Parte I, 26\/08\/1966. [<strong><span style=\"color: #0000ff;\"><a style=\"color: #0000ff;\" href=\"http:\/\/www.planalto.gov.br\/ccivil_03\/leis\/L5081.htm\">Lei n\u00ba 5.081<\/a><\/span><\/strong>]<\/div>\n<div align=\"justify\"><span style=\"font-size: 12px;\">2. BRASIL &#8211; Diretrizes Curriculares Nacionais do Curso de Gradua\u00e7\u00e3o em Odontologia, 2002. [<span style=\"color: #0000ff;\"><strong><a style=\"color: #0000ff;\" href=\"http:\/\/sites.usp.br\/ebt\/wp-content\/uploads\/sites\/44\/2014\/11\/Resolu\u00e7\u00e3o-19-02-2002.pdf\">Resolu\u00e7\u00e3o CNE\/CES 3<\/a><\/strong><\/span>]<\/span><\/div>\n<div align=\"justify\"><span style=\"font-size: 12px;\">3. <\/span><span style=\"font-size: 12px;\">World Health Organization: International Statistical Classification of Diseases and Related Health Problems, Tenth Revision Instruction Manual. Geneva, World Health Organization, 2004. [<span style=\"color: #0000ff;\"><strong><a style=\"color: #0000ff;\" href=\"http:\/\/sites.usp.br\/ebt\/wp-content\/uploads\/sites\/44\/2014\/11\/ICD10-2010.pdf\">ICD<\/a><\/strong><\/span>]<\/span><\/div>\n<\/div>\n<\/div>\n<\/div>\n<div style=\"text-align: justify;\" align=\"justify\">\n<div style=\"text-align: center;\" align=\"justify\">\n<address style=\"text-align: right;\">\n<hr \/>\n<hr \/>\n<\/address>\n<\/div>\n<\/div>\n<div align=\"justify\"><span style=\"font-size: 10px;\"><strong><span style=\"text-decoration: underline;\">Publicado<\/span>:<\/strong> 02\/04\/2012<br \/>\n<\/span><\/div>\n<div style=\"text-align: center;\" align=\"justify\">\n<hr \/>\n<p><span style=\"font-size: 10px;\"><strong>Enciclop\u00e9dia Brasileira de Teleodontologia<\/strong> &#8211; <strong>ISSN 2448-1181 <\/strong><\/span><\/p>\n<\/div>\n<div style=\"text-align: left;\" align=\"center\">\n<hr \/>\n<\/div>\n","protected":false},"excerpt":{"rendered":"<p>Programa de Aperfei\u00e7oamento de Ensino (Ensino Superior \/ FORP) Publica\u00e7\u00e3o Anual (Suplemento: Sum\u00e1rio): Abril e [&hellip;]<\/p>\n","protected":false},"author":58,"featured_media":0,"parent":3954,"menu_order":0,"comment_status":"closed","ping_status":"closed","template":"","meta":{"footnotes":"","_links_to":"","_links_to_target":""},"class_list":["post-14548","page","type-page","status-publish","hentry"],"_links":{"self":[{"href":"https:\/\/sites.usp.br\/podae\/index.php?rest_route=\/wp\/v2\/pages\/14548","targetHints":{"allow":["GET"]}}],"collection":[{"href":"https:\/\/sites.usp.br\/podae\/index.php?rest_route=\/wp\/v2\/pages"}],"about":[{"href":"https:\/\/sites.usp.br\/podae\/index.php?rest_route=\/wp\/v2\/types\/page"}],"author":[{"embeddable":true,"href":"https:\/\/sites.usp.br\/podae\/index.php?rest_route=\/wp\/v2\/users\/58"}],"replies":[{"embeddable":true,"href":"https:\/\/sites.usp.br\/podae\/index.php?rest_route=%2Fwp%2Fv2%2Fcomments&post=14548"}],"version-history":[{"count":2,"href":"https:\/\/sites.usp.br\/podae\/index.php?rest_route=\/wp\/v2\/pages\/14548\/revisions"}],"predecessor-version":[{"id":14550,"href":"https:\/\/sites.usp.br\/podae\/index.php?rest_route=\/wp\/v2\/pages\/14548\/revisions\/14550"}],"up":[{"embeddable":true,"href":"https:\/\/sites.usp.br\/podae\/index.php?rest_route=\/wp\/v2\/pages\/3954"}],"wp:attachment":[{"href":"https:\/\/sites.usp.br\/podae\/index.php?rest_route=%2Fwp%2Fv2%2Fmedia&parent=14548"}],"curies":[{"name":"wp","href":"https:\/\/api.w.org\/{rel}","templated":true}]}}