{"id":2496,"date":"2015-05-28T13:48:20","date_gmt":"2015-05-28T16:48:20","guid":{"rendered":"http:\/\/sites.usp.br\/podae\/?page_id=2496"},"modified":"2023-12-05T11:49:06","modified_gmt":"2023-12-05T14:49:06","slug":"pequisador-responde","status":"publish","type":"page","link":"https:\/\/sites.usp.br\/podae\/?page_id=2496","title":{"rendered":"DISCIPLINA"},"content":{"rendered":"<p>\u2022<span style=\"color: #ff0000;\"><span style=\"color: #000000; font-size: 20px;\"><em><strong> TELEODONTOLOGIA (FORP \/ PODAE): DISCIPLINA<br \/>\n<\/strong><\/em><\/span><\/span><\/p>\n<hr \/>\n<p style=\"text-align: justify;\"><span style=\"font-family: Arial;\"><span style=\"font-size: 13px;\"><strong>Polo de Odontologia Digital Aplicado \u00e0 Educa\u00e7\u00e3o <\/strong>(<em>acr\u00f4nimo<\/em><strong> PODAE<\/strong>), inserido na Plataforma Digital da <strong>Faculdade de Odontologia de Ribeir\u00e3o Preto <\/strong>[<strong><span style=\"color: #0000ff;\"><a style=\"color: #0000ff;\" href=\"\/\/www.forp.usp.br\/\">FORP<\/a><\/span><\/strong>]<strong>, <\/strong>da<strong> Universidade de S\u00e3o Paulo <\/strong>[<strong><span style=\"color: #0000ff;\"><a style=\"color: #0000ff;\" href=\"\/\/www5.usp.br\/\">USP<\/a><\/span><\/strong>] <\/span><\/span><span style=\"font-family: Arial;\"><span style=\"font-size: 13px;\"><span style=\"color: #0000ff;\"><span style=\"color: #000000;\">contribuindo na Educa\u00e7\u00e3o Superior (<strong><a style=\"color: #0000ff;\" href=\"http:\/\/portal.mec.gov.br\/e-mec-sp-257584288\">MEC<\/a><\/strong> &#8211; <strong><a style=\"color: #0000ff;\" href=\"https:\/\/emec.mec.gov.br\/emec\/nova\">IES<\/a><\/strong>) na \u00c1rea Sa\u00fade: <strong>Odontologia<\/strong><\/span>.<\/span><\/span><\/span><\/p>\n<p style=\"text-align: justify;\"><span style=\"font-family: Arial;\"><span style=\"font-size: 13px;\"><strong>DISCISPLINA de <\/strong><\/span><\/span><strong style=\"font-family: Arial; font-size: 13px;\">TELEODONTOLOGIA <\/strong><span style=\"font-family: Arial;\"><span style=\"font-size: 13px;\">tem como\u00a0<\/span><\/span><strong style=\"font-family: Arial; font-size: 13px;\"> MISS\u00c3O <\/strong><span style=\"font-size: 13px; font-family: Arial;\">ampliar as <strong>A\u00c7\u00d5ES\u00a0 EDUCACIONAIS <\/strong><\/span><span style=\"font-size: 13px; font-family: Arial;\">no <\/span><strong style=\"font-size: 13px; font-family: Arial;\">Curso de Gradua\u00e7\u00e3o em Odontologia, <\/strong><strong style=\"font-size: 13px; font-family: Arial;\">Programas de P\u00f3s-Gradua\u00e7\u00e3o e Atividades de Extens\u00e3o.<\/strong><\/p>\n<p style=\"text-align: justify;\"><span style=\"font-family: Arial;\"><span style=\"font-size: 13px;\"><strong>DISCIPLINA de <strong style=\"font-family: Arial; font-size: 13px;\">TELEODONTOLOGIA<\/strong> <\/strong>est\u00e1 associada com a <strong>Revista Brasileira de Teleodontologia<\/strong> (ISSN: 1809-0745 &#8211; <strong>Rev. Bras. Teleodontol<\/strong>.\/ LATINDEX ). <\/span><\/span><span style=\"font-family: Arial;\"><span style=\"font-size: 13px;\">Esta parceria estimula as <strong>Estrat\u00e9gicas Midi\u00e1ticas<\/strong> (<em>Inova\u00e7\u00f5es Tecnol\u00f3gica<\/em>s) associadas com o Ensino e o Aprendizado em Sa\u00fade.xxxxx Em 15 de setembro de 2004) a Profa. Dra. Marisa Semprini, Diretora da Faculdade de Odontologia de Ribeir\u00e3o Preto (FORP), da Universidade S\u00e3o Paulo (USP), designa (Portaria no 033\/2004) comiss\u00e3o para Levantamento e Elabora\u00e7\u00e3o de Material Did\u00e1tico da FORP\/USP tendo como presidente Prof. Dr. Luiz Carlos Pardini<\/span><\/span><\/p>\n<p><span style=\"font-family: Arial; font-size: 13px; text-align: justify;\">Em 15 de setembro de 2004, a Profa. Dra. <strong>Marisa Semprini<\/strong>, Diretora da Faculdade de Odontologia de Ribeir\u00e3o Preto (FORP\/USDP), designa (Portaria no 033\/2004) comiss\u00e3o para <em>Levantamento e Elabora\u00e7\u00e3o de Material Did\u00e1tico da FORP\/USP<\/em> tendo como presidente<strong> Prof. Dr. Luiz Carlos Pardini. <\/strong><\/span><span style=\"font-family: Arial; font-size: 13px; text-align: justify;\">Foi proposto e aprovado por todos o membros, a necessidade de criar a <strong>DISCIPLINA de TELEODONTOLOGIA (Obrigat\u00f3ria ou Optativa)<\/strong>, encaminhado a documenta\u00e7\u00e3o para para a <strong>Comiss\u00e3o de Gradua\u00e7\u00e3o<\/strong> (FORP) sendo indicado o respons\u00e1vel o Prof. Dr. <strong>LUIZ CARLOS PARDINI.<\/strong><\/span><\/p>\n<p><strong style=\"font-size: 13px; font-family: Arial; text-align: justify;\">DISCIPLINA de <strong>TELEODONTOLOGIA <\/strong><\/strong><span style=\"font-size: 13px; font-family: Arial; text-align: justify;\">iniciou em 2006 tendo como Respons\u00e1vel o Prof. Dr. <\/span><strong style=\"font-size: 13px; font-family: Arial; text-align: justify;\">LUIZ CARLOS PARDINI (<span style=\"color: #0000ff;\"><span style=\"color: #000000;\"><a style=\"color: #0000ff;\" href=\"http:\/\/lattes.cnpq.br\/5853462846099775\">CV LATTES<\/a><\/span><\/span>). <\/strong><\/p>\n<p><span style=\"font-size: 13px; font-family: Arial; text-align: justify;\">As <\/span><strong style=\"font-size: 13px; font-family: Arial; text-align: justify;\">ATIVIDADES EDUCACIONAIS<\/strong><span style=\"font-size: 13px; font-family: Arial; text-align: justify;\"> foram realizadas:<\/span><\/p>\n<ul>\n<li>2 Semestre de 2006<\/li>\n<li>1 Semestre de 2007 e 2008<\/li>\n<li>2 Semestre de 2007 e 2008<\/li>\n<\/ul>\n<hr \/>\n<address style=\"text-align: right;\"><strong><span style=\"font-size: 10px;\">PODAE &#8211;<br \/>\n<\/span><\/strong><\/address>\n<hr \/>\n<hr \/>\n<address style=\"text-align: right;\">\u00a0<\/address>\n","protected":false},"excerpt":{"rendered":"<p>\u2022 TELEODONTOLOGIA (FORP \/ PODAE): DISCIPLINA Polo de Odontologia Digital Aplicado \u00e0 Educa\u00e7\u00e3o (acr\u00f4nimo PODAE), [&hellip;]<\/p>\n","protected":false},"author":58,"featured_media":0,"parent":149,"menu_order":0,"comment_status":"closed","ping_status":"closed","template":"","meta":{"footnotes":"","_links_to":"","_links_to_target":""},"class_list":["post-2496","page","type-page","status-publish","hentry"],"_links":{"self":[{"href":"https:\/\/sites.usp.br\/podae\/index.php?rest_route=\/wp\/v2\/pages\/2496","targetHints":{"allow":["GET"]}}],"collection":[{"href":"https:\/\/sites.usp.br\/podae\/index.php?rest_route=\/wp\/v2\/pages"}],"about":[{"href":"https:\/\/sites.usp.br\/podae\/index.php?rest_route=\/wp\/v2\/types\/page"}],"author":[{"embeddable":true,"href":"https:\/\/sites.usp.br\/podae\/index.php?rest_route=\/wp\/v2\/users\/58"}],"replies":[{"embeddable":true,"href":"https:\/\/sites.usp.br\/podae\/index.php?rest_route=%2Fwp%2Fv2%2Fcomments&post=2496"}],"version-history":[{"count":5,"href":"https:\/\/sites.usp.br\/podae\/index.php?rest_route=\/wp\/v2\/pages\/2496\/revisions"}],"predecessor-version":[{"id":15698,"href":"https:\/\/sites.usp.br\/podae\/index.php?rest_route=\/wp\/v2\/pages\/2496\/revisions\/15698"}],"up":[{"embeddable":true,"href":"https:\/\/sites.usp.br\/podae\/index.php?rest_route=\/wp\/v2\/pages\/149"}],"wp:attachment":[{"href":"https:\/\/sites.usp.br\/podae\/index.php?rest_route=%2Fwp%2Fv2%2Fmedia&parent=2496"}],"curies":[{"name":"wp","href":"https:\/\/api.w.org\/{rel}","templated":true}]}}