{"id":2567,"date":"2015-06-09T10:47:03","date_gmt":"2015-06-09T13:47:03","guid":{"rendered":"http:\/\/sites.usp.br\/podae\/?page_id=2567"},"modified":"2020-02-07T15:58:16","modified_gmt":"2020-02-07T18:58:16","slug":"bolsa-de-estudo","status":"publish","type":"page","link":"https:\/\/sites.usp.br\/podae\/?page_id=2567","title":{"rendered":"Diret\u00f3rio de Grupo"},"content":{"rendered":"<p>&nbsp;<\/p>\n<p><span style=\"color: #ff0000; font-size: 14px;\">\u2022<\/span><span style=\"color: #ff0000;\"><span style=\"color: #000000; font-size: 14px;\"><em><strong> Diret\u00f3rio de Grupo<a href=\"http:\/\/sites.usp.br\/podae\/wp-login.php\"><img loading=\"lazy\" decoding=\"async\" class=\"alignleft wp-image-528\" src=\"http:\/\/sites.usp.br\/podae\/wp-content\/uploads\/sites\/36\/2014\/05\/FORP_PODAE_00.jpg\" alt=\"FORP_PODAE_00\" width=\"32\" height=\"33\" \/><\/a><br \/>\n<\/strong><\/em><\/span><\/span><\/p>\n<hr \/>\n<p style=\"text-align: justify;\"><span style=\"font-family: Arial;\"><strong><strong>Inclus\u00e3o Digital<\/strong> (Telessa\u00fade)<\/strong> amplia a atua\u00e7\u00e3o, desde 2004, no <strong>Site<\/strong> <span style=\"color: #0000ff;\"><a href=\"http:\/\/sites.usp.br\/podae\/podae\/\"><span style=\"color: #0000ff;\"><em><strong>PODAE<\/strong><\/em><\/span><\/a><\/span> <\/span><span style=\"font-family: Arial;\"><strong>(<\/strong><\/span><a href=\"http:\/\/sites.usp.br\/podae\/podae\/equipe\/\"><em><strong><span style=\"color: #0000ff;\">Equipe<\/span><\/strong><\/em><\/a><span style=\"font-family: Arial;\"><strong>), <\/strong><\/span><span style=\"font-family: Arial;\">da Faculdade de Odontologia de Ribeir\u00e3o Preto <\/span><span style=\"font-family: Arial;\"><strong>(<\/strong><\/span><a href=\"http:\/\/www.forp.usp.br\/\"><em><strong><span style=\"color: #0000ff;\">FORP<\/span><\/strong><\/em><\/a><span style=\"font-family: Arial;\"> &#8211; <strong><em><span style=\"color: #0000ff;\"><a href=\"https:\/\/www.google.com\/maps\/search\/usp+ribeir%C3%A3o+Preto\/@-21.169478,-47.835292,14z\/data=!3m1!4b1?hl=en\"><span style=\"color: #0000ff;\">MAPS<\/span><\/a><\/span><\/em>), da Universidade de S\u00e3o Paulo <\/strong><\/span><span style=\"font-family: Arial;\">(<\/span><em><a href=\"http:\/\/www5.usp.br\/\"><strong><span style=\"color: #0000ff;\">USP<\/span><\/strong><\/a><\/em><span style=\"font-family: Arial;\">). Conte\u00fados foram disponibilizados n<\/span><span style=\"font-family: Arial;\">a modalidade de interatividade online denominada de: <strong>Tele-Sa\u00fade<\/strong> (<strong>Telessa\u00fade<\/strong>)<\/span><\/p>\n<p style=\"text-align: justify;\"><span style=\"font-family: Arial;\"><strong>Telessa\u00fade: <em>Tecnologia Educacional <\/em><\/strong>contribuindo com as inovadoras ferramentas virtuais. Facilitar e estimular as atividades comportamentais do Aluno (Aprendiz) com foco no Ensino e a Aprendizado interativo compartilhado em Odontologia. <\/span><\/p>\n<p style=\"text-align: justify;\"><span style=\"font-family: Arial;\"><strong>Inclus\u00e3o Digital<\/strong> (<strong><strong>Educa\u00e7\u00e3o Compartilhada<\/strong><\/strong>) as atividades interativas contribu\u00edram para <\/span><span style=\"font-family: Arial;\"><strong><em>Inclus\u00e3o Social<\/em><\/strong> estimulando a participa\u00e7\u00e3o no conhecimento gerando a dissemina\u00e7\u00e3o da Tecnologias da Informa\u00e7\u00e3o (<strong>TI<\/strong>) em ambiental virtual tecnol\u00f3gico, centrados no Ensino e no Aprendizado.\u00a0<\/span><span style=\"font-family: Arial;\"><strong><strong>Inclus\u00e3o Digital <\/strong><\/strong>na <span style=\"color: #0000ff;\"><a href=\"http:\/\/www.forp.usp.br\/\" target=\"_blank\" rel=\"noopener noreferrer\"><span style=\"color: #0000ff;\"><em><strong>FORP<\/strong><\/em><\/span><\/a><\/span> visa estimular as a\u00e7\u00f5es educadoras preventivas e empreendedoras auxiliando o Ensino e Aprendizado ampliando a qualidade da Sa\u00fade Bucal associado com as habilidades, <\/span><span style=\"font-family: Arial;\">compet\u00eancias <\/span><span style=\"font-family: Arial;\">e atitudes comportamentais do Ensino e do Aprendizado com apoio dos conhecimentos e os instrumentos pedag\u00f3gicos facilitadores educacionais.\u00a0<\/span><span style=\"font-family: Arial;\">O Curso de Gradua\u00e7\u00e3o (<\/span><span style=\"font-family: Arial;\">Odontologia &#8211; <span style=\"color: #0000ff;\"><a href=\"http:\/\/www.forp.usp.br\/\"><span style=\"color: #0000ff;\"><em><strong>FORP<\/strong><\/em><\/span><\/a><\/span>) \u00e9 orientado pelas Pr\u00f3 &#8211; Reitorias de <\/span><a href=\"http:\/\/www.prg.usp.br\/\"><em><strong><span style=\"color: #0000ff;\">Gradua\u00e7\u00e3o<\/span><\/strong><\/em><\/a><span style=\"font-family: Arial;\"><strong>, <\/strong><\/span><a href=\"http:\/\/www.prpg.usp.br\/\"><em><strong><span style=\"color: #0000ff;\">P\u00f3s-Gradua\u00e7\u00e3o<\/span><\/strong><\/em><\/a><span style=\"font-family: Arial;\">, <\/span><a href=\"http:\/\/www.usp.br\/prp\/\"><em><strong><span style=\"color: #0000ff;\">Pesquisa<\/span><\/strong><\/em><\/a><span style=\"font-family: Arial;\"> e <\/span><em><a href=\"http:\/\/www.reitoria.usp.br\/?page_id=317\"><strong><span style=\"color: #0000ff;\">Extens\u00e3o<\/span><\/strong><\/a><\/em><span style=\"font-family: Arial;\">, com todas as informa\u00e7\u00f5es que est\u00e3o est\u00e3o agrupadas no <\/span><a href=\"https:\/\/uspdigital.usp.br\/wsusuario\/\"><em><strong><span style=\"color: #0000ff;\">Portal Sistemas USP<\/span><\/strong><\/em><\/a><span style=\"font-family: Arial;\"><strong>.\u00a0<\/strong><\/span>A <span style=\"color: #0000ff;\"><a href=\"http:\/\/sites.usp.br\/podae\/podae\/equipe\/\"><span style=\"color: #0000ff;\"><em><strong>Equipe<\/strong><\/em><\/span><\/a><\/span> do <span style=\"color: #0000ff;\"><a href=\"http:\/\/sites.usp.br\/podae\/podae\/\"><span style=\"color: #0000ff;\"><em><strong>PODAE<\/strong><\/em><\/span><\/a><\/span> <span style=\"font-family: Arial;\">desenvolve e apoia a Gest\u00e3o Midi\u00e1tica dos Laborat\u00f3rios, dos <em><span style=\"color: #0000ff;\"><strong><a href=\"https:\/\/uspdigital.usp.br\/tycho\/gruposPesquisaListarAreasConhecimento?areaConhecimento=40200000&amp;nomeArea=Odontologia\"><span style=\"color: #0000ff;\">Grupos de Pesquisa<\/span><\/a><\/strong><\/span><\/em> e dos Centros de Pesquisas com as participa\u00e7\u00f5es volunt\u00e1rias e efetivas dos Funcion\u00e1rios e dos Docentes <\/span><span style=\"font-family: Arial;\">associados com <\/span><span style=\"font-family: Arial;\">a <\/span><a href=\"http:\/\/www.inovacao.usp.br\/\"><em><strong><span style=\"color: #0000ff;\">Ag\u00eancia USP de Inova\u00e7\u00e3o<\/span><\/strong><\/em><\/a><span style=\"font-family: Arial;\"> tendo como fator desencadeante a divulga\u00e7\u00e3o em Sistemas Midi\u00e1ticos de Livre Acesso tendo como Referencial Te\u00f3rico da <strong><em><span style=\"text-decoration: underline;\"><span style=\"color: #0000ff; text-decoration: underline;\"><a href=\"https:\/\/uspdigital.usp.br\/tycho\/ProducaoAcademicaIntelectualUSP?codmnu=1110\"><span style=\"color: #0000ff; text-decoration: underline;\">Produ\u00e7\u00e3o Cient\u00edficas -USP<\/span><\/a><\/span><\/span><\/em> <\/strong> dos Pesquisadores (<span style=\"color: #0000ff;\"><em><a href=\"http:\/\/www5.usp.br\/\"><span style=\"color: #0000ff;\"><strong>USP<\/strong><\/span><\/a><\/em><\/span>) e acervo do <em><strong><a href=\"http:\/\/www.teses.usp.br\/index.php?option=com_jumi&amp;fileid=30&amp;Itemid=162&amp;lang=pt-br&amp;id=58\"><span style=\"color: #0000ff;\">Banco de Tese<\/span><\/a><\/strong><\/em>. <\/span><\/p>\n<p style=\"text-align: justify;\"><span style=\"font-family: Arial;\">As intera\u00e7\u00f5es visam incentivar as participa\u00e7\u00f5es nas atividades reflexivas na <strong>Inclus\u00e3o Digital<\/strong> brasileira promovida pelo Minist\u00e9rio da Ci\u00eancia e Tecnologia e Informa\u00e7\u00e3o<strong> (<\/strong><\/span><a href=\"http:\/\/www.mct.gov.br\/\"><em><strong><span style=\"color: #0000ff;\">MCTI<\/span><\/strong><\/em><\/a><span style=\"font-family: Arial;\"><strong>) <\/strong>e Instituto Brasileiro de Informa\u00e7\u00e3o em Ci\u00eancia e Tecnologia <\/span><span style=\"font-family: Arial;\"><strong>(<\/strong><\/span><a href=\"http:\/\/www.ibict.br\/\"><em><strong><span style=\"color: #0000ff;\">IBICT<\/span><\/strong><\/em><\/a><span style=\"font-family: Arial;\">)<\/span><span style=\"font-family: Arial;\"><strong><strong>.\u00a0<\/strong><\/strong><\/span><span style=\"font-family: Arial;\"><strong><strong>Inclus\u00e3o Digital <\/strong><\/strong>e as atualiza\u00e7\u00f5es educacionais est\u00e3o <\/span><span style=\"font-family: Arial;\">centradas <\/span><span style=\"font-family: Arial;\">nas \u00e1reas da Sa\u00fade Bucal (Odontologia) em conformidade com as recomenda\u00e7\u00f5es das entidades Nacionais e Internacionais: Organiza\u00e7\u00e3o Mundial de Sa\u00fade (<em><strong><span style=\"text-decoration: underline; color: #0000ff;\"><a href=\"http:\/\/www.who.int\/en\/\"><span style=\"color: #0000ff; text-decoration: underline;\">WHO<\/span><\/a><\/span><\/strong><\/em>), Organiza\u00e7\u00e3o Panamericana de Sa\u00fade (<em><span style=\"text-decoration: underline;\"><strong><span style=\"color: #0000ff; text-decoration: underline;\"><a href=\"http:\/\/www.paho.org\/hq\/\"><span style=\"color: #0000ff; text-decoration: underline;\">OPAS<\/span><\/a><\/span><\/strong><\/span><\/em>)<\/span><span style=\"font-family: Arial;\"><strong>, <\/strong><\/span><span style=\"font-family: Arial;\">Conselho Federal de Odontologia <\/span><span style=\"font-family: Arial;\"><strong>(<\/strong><\/span><span style=\"color: #0000ff;\"><a href=\"http:\/\/cfo.org.br\/\"><span style=\"color: #0000ff;\"><em><strong>CFO<\/strong><\/em><\/span><\/a><\/span><span style=\"font-family: Arial;\"><strong>), <span style=\"text-decoration: underline; color: #0000ff;\"><em><a href=\"http:\/\/www.sustentabilidade.edm.org.br\/profiles\/blogs\/teleodontologia-podae-forp-usp\"><span style=\"color: #0000ff; text-decoration: underline;\">Portal Sustentabilidade<\/span><\/a><\/em><\/span> <\/strong>e <\/span><a href=\"http:\/\/www.brasil.gov.br\/\"><em><strong><span style=\"color: #0000ff;\">Portal Brasil<\/span><\/strong><\/em><\/a><strong><em>.<\/em><\/strong><\/p>\n<div align=\"center\">\n<hr style=\"width: 321px;\" \/>\n<div align=\"justify\">\n<div style=\"text-align: center;\" align=\"justify\">\n<div align=\"justify\">\n<div align=\"justify\">\n<div align=\"justify\">\n<div align=\"justify\">\n<div style=\"text-align: left;\" align=\"justify\">\n<hr \/>\n<\/div>\n<\/div>\n<\/div>\n<\/div>\n<\/div>\n<\/div>\n<\/div>\n<hr \/>\n<p><strong style=\"font-family: Arial;\">Linhas de Pesquisas\u00a0<\/strong><\/p>\n<\/div>\n<address>\n<ul>\n<li><span style=\"color: #0000ff;\"><strong style=\"color: #0000ff; font-size: 10px;\"><span style=\"color: #000000;\">Conselho Nacional de Desenvolvimento Cient\u00edfico e Tecnol\u00f3gico &#8211;\u00a0 <span style=\"color: #0000ff;\"><a style=\"color: #0000ff;\" href=\"http:\/\/lattes.cnpq.br\/\">CNPq<\/a><\/span>\u00a0&#8211; <span style=\"color: #0000ff;\"><a style=\"color: #0000ff;\" href=\"http:\/\/buscatextual.cnpq.br\/buscatextual\/busca.do?metodo=apresentar\">Buscar <\/a><\/span>\u00a0&#8211; <span style=\"color: #0000ff;\"><a style=\"color: #0000ff;\" href=\"https:\/\/wwws.cnpq.br\/cvlattesweb\/pkg_login.prc_form\">Atualizar<\/a><\/span>\u00a0 &#8211;\u00a0 Diret\u00f3rio (<\/span><\/strong><strong style=\"color: #0000ff; font-size: 10px;\"><span style=\"color: #000000;\"><span style=\"color: #0000ff;\"><a style=\"color: #0000ff;\" href=\"http:\/\/dgp.cnpq.br\/dgp\/\">Acessar<\/a><\/span> \/ <span style=\"color: #0000ff;\"><a style=\"color: #0000ff;\" href=\"http:\/\/dgp.cnpq.br\/dgp\/faces\/consulta\/consulta_parametrizada.jsf\">Buscar<\/a><\/span><\/span><\/strong><span style=\"color: #000000;\"><strong style=\"color: #0000ff; font-size: 10px;\">)\u00a0<\/strong><\/span><strong style=\"color: #0000ff; font-size: 10px;\"><span style=\"color: #000000;\"><br \/>\n<\/span><\/strong><\/span><\/li>\n<li><span style=\"color: #0000ff;\"><strong style=\"color: #0000ff; font-size: 10px;\"><span style=\"color: #000000;\">Laborat\u00f3rio de An\u00e1lise e Controle da Imagem Radiogr\u00e1fica Odontologia (<a href=\"http:\/\/dgp.cnpq.br\/dgp\/espelhogrupo\/7860212987967525\">LACIRO<\/a>)<\/span><\/strong><\/span><\/li>\n<li><strong style=\"color: #0000ff; font-size: 10px;\"><span style=\"color: #000000;\">Polo de Odontologia Digital Aplicado \u00e0 Educa\u00e7\u00e3o<\/span><span style=\"color: #0000ff;\"> <span style=\"color: #000000;\">(<\/span><\/span><span style=\"color: #0000ff;\"><a href=\"http:\/\/dgp.cnpq.br\/dgp\/espelhogrupo\/7823090133066976\">PODAE<\/a><\/span><span style=\"color: #0000ff;\"><span style=\"color: #000000;\">)<\/span><\/span><\/strong><\/li>\n<li><strong style=\"color: #0000ff; font-size: 10px;\"><span style=\"color: #000000;\">Laborat\u00f3rio \u00a0 Multidisciplinar de Ensino, Pesquisa e Extens\u00e3o em Teleodontologia<\/span> (<span style=\"color: #0000ff;\"><a href=\"http:\/\/dgp.cnpq.br\/dgp\/espelhogrupo\/8688250186864370\">LaMEPET<\/a><\/span>)\u00a0\u00a0<\/strong><\/li>\n<li><\/li>\n<\/ul>\n<\/address>\n","protected":false},"excerpt":{"rendered":"<p>&nbsp; \u2022 Diret\u00f3rio de Grupo Inclus\u00e3o Digital (Telessa\u00fade) amplia a atua\u00e7\u00e3o, desde 2004, no Site [&hellip;]<\/p>\n","protected":false},"author":58,"featured_media":0,"parent":149,"menu_order":0,"comment_status":"open","ping_status":"closed","template":"","meta":{"footnotes":"","_links_to":"","_links_to_target":""},"class_list":["post-2567","page","type-page","status-publish","hentry"],"_links":{"self":[{"href":"https:\/\/sites.usp.br\/podae\/index.php?rest_route=\/wp\/v2\/pages\/2567","targetHints":{"allow":["GET"]}}],"collection":[{"href":"https:\/\/sites.usp.br\/podae\/index.php?rest_route=\/wp\/v2\/pages"}],"about":[{"href":"https:\/\/sites.usp.br\/podae\/index.php?rest_route=\/wp\/v2\/types\/page"}],"author":[{"embeddable":true,"href":"https:\/\/sites.usp.br\/podae\/index.php?rest_route=\/wp\/v2\/users\/58"}],"replies":[{"embeddable":true,"href":"https:\/\/sites.usp.br\/podae\/index.php?rest_route=%2Fwp%2Fv2%2Fcomments&post=2567"}],"version-history":[{"count":5,"href":"https:\/\/sites.usp.br\/podae\/index.php?rest_route=\/wp\/v2\/pages\/2567\/revisions"}],"predecessor-version":[{"id":11564,"href":"https:\/\/sites.usp.br\/podae\/index.php?rest_route=\/wp\/v2\/pages\/2567\/revisions\/11564"}],"up":[{"embeddable":true,"href":"https:\/\/sites.usp.br\/podae\/index.php?rest_route=\/wp\/v2\/pages\/149"}],"wp:attachment":[{"href":"https:\/\/sites.usp.br\/podae\/index.php?rest_route=%2Fwp%2Fv2%2Fmedia&parent=2567"}],"curies":[{"name":"wp","href":"https:\/\/api.w.org\/{rel}","templated":true}]}}