{"id":3876,"date":"2019-05-04T16:35:31","date_gmt":"2019-05-04T19:35:31","guid":{"rendered":"http:\/\/sites.usp.br\/podae\/?page_id=3876"},"modified":"2019-09-09T10:06:15","modified_gmt":"2019-09-09T13:06:15","slug":"04-2","status":"publish","type":"page","link":"https:\/\/sites.usp.br\/podae\/?page_id=3876","title":{"rendered":"03 Forma\u00e7\u00e3o Acad\u00eamica (Especializa\u00e7\u00e3o): Compartilhando Conhecimento (Investiga\u00e7\u00e3o Cient\u00edfica)"},"content":{"rendered":"<p style=\"text-align: center;\"><span style=\"font-family: Arial;\"><strong> Enciclop\u00e9dia Brasileira de Teleodontologia<\/strong><\/span><\/p>\n<p style=\"text-align: center;\"><strong><span style=\"font-size: 14px;\"><span style=\"font-family: Arial;\"><span style=\"color: #0000ff;\"><em><span style=\"color: #000000;\"><span style=\"text-decoration: underline;\"><a href=\"https:\/\/sites.usp.br\/podae\/?page_id=3954\"><span style=\"color: #0000ff; text-decoration: underline;\">2\u00ba F\u00f3rum Pedag\u00f3gico Online<\/span><\/a><br \/>\n<\/span><\/span><\/em><\/span><\/span><\/span><\/strong><\/p>\n<p style=\"text-align: center;\"><strong><span style=\"font-size: 14px;\"><span style=\"font-family: Arial;\"><span style=\"color: #0000ff;\"><span style=\"color: #000000;\"><span style=\"font-size: 15px;\"><em><span style=\"text-decoration: underline;\">Tema<\/span><\/em><\/span>: Caracter\u00edsticas Educacionais (Atividades Acad\u00eamicas<\/span><\/span><\/span><\/span><\/strong><span style=\"font-size: 14px;\"><span style=\"font-family: Arial;\"><span style=\"color: #0000ff;\"><span style=\"color: #000000;\">)<\/span><\/span><\/span><\/span><strong><span style=\"font-size: 14px;\"><span style=\"font-family: Arial;\"><br \/>\n<\/span><\/span><\/strong><strong><span style=\"font-size: 14px;\"><span style=\"font-family: Arial;\"><span style=\"color: #0000ff;\"><span style=\"color: #000000;\"><span style=\"font-size: 15px;\"><em><span style=\"text-decoration: underline;\">Eixo Educacional<\/span><\/em><\/span>: Perfil Profissional <\/span><\/span><\/span><\/span><\/strong><span style=\"font-size: 14px;\"><span style=\"font-family: Arial;\">(<\/span><\/span><strong><span style=\"font-size: 14px;\"><span style=\"font-family: Arial;\">Educando e Educador<\/span><\/span><\/strong><span style=\"font-size: 14px;\"><span style=\"font-family: Arial;\">) teste<\/span><\/span><\/p>\n<address><em><span style=\"color: #ff0000; font-size: 14px;\">\u2666 <strong><span style=\"font-size: 10px;\"><span style=\"color: #0000ff;\"><span style=\"color: #ff0000;\"><span style=\"color: #000000;\"><span style=\"color: #000000; font-size: 14px;\">Maria da Gl\u00f3ria Chiarello de Mattos <\/span>&#8211; <a style=\"color: #0000ff;\" href=\"https:\/\/uspdigital.usp.br\/telefonia\/telFormularioEmail.jsp?codigoPessoaUsuario=0&amp;codigoPessoa=75623&amp;nomePessoa=Maria da Gl\u00f3ria Chiarello de Mattos&amp;print=s\">E-mail<\/a> &#8211; <a style=\"color: #0000ff;\" href=\"http:\/\/lattes.cnpq.br\/7354333829511417\">Curr\u00edculo Lattes<\/a> &#8211; <span style=\"color: #0000ff;\"><a style=\"color: #0000ff;\" href=\"https:\/\/sites.usp.br\/podae\/?page_id=3509\">Informa\u00e7\u00f5es Adicionais<\/a><\/span><\/span><\/span><\/span><\/span><\/strong><\/span><\/em><\/address>\n<address>\n<address><em><span style=\"color: #ff0000; font-size: 14px;\">\u2666 <\/span><\/em><span style=\"color: #ff0000;\"><span style=\"font-size: 10px;\"><strong><span style=\"color: #0000ff;\"><em><span style=\"color: #000000; font-size: 14px;\">L<\/span><\/em><\/span><\/strong><\/span><\/span><span style=\"color: #ff0000;\"><span style=\"font-size: 10px;\"><strong><span style=\"color: #0000ff;\"><em><span style=\"color: #000000; font-size: 14px;\">uiz Carlos Pardini &#8211;<\/span><\/em> <span style=\"color: #000000;\">{<\/span><\/span><\/strong><\/span><\/span><span style=\"font-size: 10px;\"><strong><span style=\"color: #0000ff;\"><span style=\"color: #ff0000;\"><span style=\"color: #000000;\"><a style=\"color: #0000ff;\" href=\"https:\/\/uspdigital.usp.br\/telefonia\/telFormularioEmail.jsp?codigoPessoaUsuario=0&amp;codigoPessoa=75623&amp;nomePessoa=Luiz Carlos Pardini&amp;print=s\">E-mail<\/a>\u00a0<em><span style=\"color: #000000; font-size: 14px;\">&#8211;<\/span><\/em> <a style=\"color: #0000ff;\" href=\"http:\/\/buscatextual.cnpq.br\/buscatextual\/visualizacv.do?metodo=apresentar&amp;id=K4796807T1\">Curr\u00edculo Lattes<\/a> &#8211; <span style=\"color: #0000ff;\"><a style=\"color: #0000ff;\" href=\"https:\/\/sites.usp.br\/podae\/?page_id=3338\">Informa\u00e7\u00f5es adicionais<\/a><\/span><\/span><\/span><\/span><\/strong><\/span><\/address>\n<\/address>\n<address>\n<address style=\"text-align: right;\">\n<hr style=\"width: 321px;\" \/>\n<\/address>\n<\/address>\n<hr \/>\n<address style=\"text-align: right;\"><strong><span style=\"font-size: 12px;\"><span style=\"font-size: 10px;\"><span style=\"font-family: Arial;\"><span style=\"color: #0000ff;\"><span style=\"color: #000000;\">Publica\u00e7\u00e3o Anual<\/span> <\/span><\/span><span style=\"font-size: 12pxpx;\"><span style=\"font-family: Arial;\"><span style=\"color: #0000ff;\">(<\/span><\/span><\/span><span style=\"font-size: 12pxpx;\"><span style=\"font-family: Arial;\"><span style=\"color: #0000ff;\"><em><span style=\"color: #000000;\"><span style=\"text-decoration: underline;\">Suplemento<\/span><\/span><\/em>: <a style=\"color: #0000ff;\" href=\"https:\/\/sites.usp.br\/podae\/?page_id=3605\">Sum\u00e1rio<\/a><\/span><\/span><\/span><span style=\"font-size: 12pxpx;\"><span style=\"font-family: Arial;\"><span style=\"color: #0000ff;\"><span style=\"color: #000000;\">) \/ Maio e Outubro 2012 \/ <\/span><\/span><\/span><\/span>\u00a0p\u00e1gina 3<\/span><\/span><\/strong><\/address>\n<hr \/>\n<p><strong><span style=\"color: #000000; font-family: Arial;\"><span style=\"font-size: 12px; line-height: 18px;\">MATTOS, M.G.C.; PARDINI, L.C. Forma\u00e7\u00e3o Acad\u00eamica (Especializa\u00e7\u00e3o): Compartilhando Conhecimento (Investiga\u00e7\u00e3o Cient\u00edfica). Encicl. Bras.Teleodontol., Volume 2 (<a href=\"https:\/\/sites.usp.br\/podae\/?page_id=3342\"><span style=\"color: #0000ff;\">S\u00e9rie F<\/span><\/a>): p\u00e1gina 3, maio, 2012. Suplemento. ISSN 2448-1181<\/span><\/span><\/strong><\/p>\n<hr \/>\n<p style=\"text-align: justify;\"><span style=\"font-family: Arial;\"><strong>Forma\u00e7\u00e3o Acad\u00eamica<\/strong> (Especializa\u00e7\u00e3o) com as atividades em grupos multidisciplinares e pluralismo educacional com m\u00e9todos de ensino e aprendizado visam\u00a0 ampliar os conhecimentos, tendo a Especializa\u00e7\u00e3o o aprofundamento das a\u00e7\u00f5es e interven\u00e7\u00f5es na \u00e1rea da sa\u00fade com \u00eanfase e destaque para a Odontologia.<\/span><\/p>\n<p style=\"text-align: justify;\"><span style=\"font-family: Arial;\">C<\/span><span style=\"font-family: Arial;\"><strong>ompartilhando Conhecimento <\/strong>(<strong>Investiga\u00e7\u00e3o Cient\u00edfica<\/strong>) com<strong> A<\/strong><\/span><span style=\"font-family: Arial;\"><strong>bordagem Articular\u00a0<\/strong> entre Institui\u00e7\u00e3o, Docente e Discente com apoio de <strong>Avalia\u00e7\u00e3o Diagn\u00f3stica<\/strong> da <strong>Proposta Pol\u00edtico Pedag\u00f3gica<\/strong>.do Curso de Especializa\u00e7\u00e3o amparado pelo Conselho Federal de Educa\u00e7\u00e3o (<strong><span style=\"color: #0000ff;\"><a style=\"color: #0000ff;\" href=\"http:\/\/cfo.org.br\/website\/\">CFO<\/a><\/span><\/strong>).<br \/>\n<\/span><\/p>\n<p style=\"text-align: justify;\"><span style=\"font-family: Arial;\">Neste S\u00e9culo XXI o\u00a0 <\/span><span style=\"font-family: Arial;\">Cirurgi\u00e3o &#8211; Dentista deve estar aliado as a\u00e7\u00f5es que conduzam para a forma\u00e7\u00e3o educacional complementar (Especializa\u00e7\u00e3o) e atualiza\u00e7\u00e3o constante estabelecido pela Literatura Cient\u00edfica [1,2,3,4], <\/span><\/p>\n<p style=\"text-align: justify;\"><span style=\"font-family: Arial;\"><strong>Perfil Profissional <\/strong>atuante e estimulante participa com <strong>Inser\u00e7\u00e3o Midi\u00e1tica <\/strong>contribuindo para o aperfei\u00e7oamento, e como meta para a constante atividade profissional real\u00edstica e inovadora deve participar das ferramentas virtuais com publica\u00e7\u00f5es online\u00a0 [1,2,3,4,5]<\/span><span style=\"font-family: Arial;\"><strong><br \/>\n<\/strong><\/span><\/p>\n<p style=\"text-align: justify;\"><span style=\"font-family: Arial;\">Neste s\u00e9culo XXI a <strong>Forma\u00e7\u00e3o Acad\u00eamica,<\/strong> no Curso de Gradua\u00e7\u00e3o, a Especializa\u00e7\u00e3o em Odontologia e o compartilhamento dos conhecimentos em Investiga\u00e7\u00e3o Cient\u00edfica (Programa de P\u00f3s-Gradua\u00e7\u00e3o) na \u00e1rea da Sa\u00fade (Odontologia) contribui para a <strong>Forma\u00e7\u00e3o<\/strong> <strong>Profissional<\/strong> (Perfil do Profissional: Cirurgi\u00e3o-Dentista e\/ou Doc\u00eancia).<\/span><\/p>\n<hr \/>\n<div align=\"justify\">\n<div align=\"justify\">\n<div align=\"justify\">\n<div align=\"justify\">\n<div align=\"justify\">\n<div align=\"justify\">\n<div align=\"justify\">\n<div align=\"justify\">\n<div align=\"justify\"><span style=\"font-size: 12px;\"><em><strong><span style=\"text-decoration: underline;\">REFER\u00caNCIAS<\/span><\/strong><\/em><\/span><\/div>\n<div style=\"font-size: 12px;\" align=\"justify\">\n<div align=\"justify\">1. FARIA, A. C.L.; RODRIGUES, R.C.S.; ALMEIDA, R.P. ; MATTOS, M.G.C. ; RIBEIRO, R.F. Endodontically treated teeth: Characteristics and considerations to restore them. Journal of Prosthodontic Research , v. 55, p. 69-74, 2011. [<strong><span style=\"color: #0000ff;\"><a style=\"color: #0000ff;\" href=\"http:\/\/www.dentalnews.com.br\/downloads\/artigos-cientificos\/pinos-RTD\/Faria;%20Endo%20treated%20teeth%20%20Characteristics.pdf\">LINK<\/a><\/span><\/strong>]<\/div>\n<div align=\"justify\">2. FUJIWARA, C.A; MAGRO FILHO, O.; OLIVEIRA, N.T.C.; QUEIROZ, T.P.; ABLA, M.S.; PARDINI, L.C. Assessment of the interface between implant and abutments of five systems by scanning electronic microscopy. Journal of Osseointegration, 2(1):60-66, Aug, 2009. [<strong><a href=\"http:\/\/www.journalofosseointegration.eu\/index.php\/jo\/article\/view\/80\/76\"><span style=\"color: #0000ff;\">LIN<\/span>K<\/a><\/strong>].<\/div>\n<div align=\"justify\">3. MELLARA, T.S.; PARDINI, L.C; NELSON-FILHO, P.; SILVA, R.A.B.; SILVA, L.A.B.; QUEIROZ, A.M. Occurrence of hypodontia, supernumerary teeth and dental anomalies in Brazilian individuals with Down Syndrome. Journal of Disability and Oral Health, 12(1):31-34, 2011. [<strong><a href=\"https:\/\/pdfs.semanticscholar.org\/6fc9\/7707369f71d866dd20599ac7016ac7ef2bec.pdf\"><span style=\"color: #0000ff;\">LINK<\/span><\/a><\/strong>].<\/div>\n<div style=\"font-size: 12px;\" align=\"justify\">\n<div align=\"justify\">\n<div align=\"justify\">4. ROZENDO, C.A.; CASAGRANDE, L.D.R.; SCHNEIDER,J.F.; PARDINI, L.C. Uma an\u00e1lise das pr\u00e1ticas docentes de professores universit\u00e1rios da \u00e1rea de sa\u00fade. Rev. latino-am.enfermagem, Ribeir\u00e3o Preto, 7( 2): 15-23, abril 1999<span style=\"color: #0000ff;\">. <strong>[<span style=\"color: #0000ff;\"><a style=\"color: #0000ff;\" href=\"http:\/\/www.scielo.br\/scielo.php?script=sci_arttext&amp;pid=S0104-11691999000200003&amp;lng=pt&amp;nrm=iso\">LINK<\/a><\/span><\/strong><\/span>].<\/div>\n<div align=\"justify\">5. World Health Organization: International Statistical Classification of Diseases and Related Health Problems, Tenth Revision Instruction Manual. Geneva, World Health Organization, 2004. [<span style=\"color: #0000ff;\"><strong><a style=\"color: #0000ff;\" href=\"http:\/\/sites.usp.br\/ebt\/wp-content\/uploads\/sites\/44\/2014\/11\/ICD10-2010.pdf\">ICD<\/a><\/strong><\/span>].<\/div>\n<\/div>\n<\/div>\n<\/div>\n<\/div>\n<\/div>\n<\/div>\n<\/div>\n<\/div>\n<\/div>\n<\/div>\n<\/div>\n<div align=\"justify\">\n<div align=\"justify\">\n<div style=\"text-align: center;\" align=\"justify\">\n<address style=\"text-align: right;\">\n<hr \/>\n<hr \/>\n<\/address>\n<\/div>\n<\/div>\n<div style=\"text-align: left;\" align=\"center\">\n<div style=\"text-align: center;\" align=\"center\">\n<div align=\"justify\"><strong style=\"font-size: 10px; text-align: center;\"><strong>Recebido 30\/4\/2012<\/strong><span style=\"color: #0000ff;\"><strong> &#8211; <a href=\"https:\/\/sites.usp.br\/podae\/?page_id=3336\"><span style=\"color: #0000ff;\">Parecerista<\/span><\/a><\/strong><\/span><strong><span style=\"color: #0000ff;\"> 1<\/span>\/5\/2012<\/strong><span style=\"color: #0000ff;\"><strong> &#8211;\u00a0<\/strong><\/span><strong>\u00a0Publicado 3\/5\/2<\/strong><strong>012<\/strong><span style=\"color: #0000ff;\"><strong> &#8211; <\/strong><\/span><strong>Enciclop\u00e9dia Brasileira de Teleodontologia &#8211;\u00a0\u00a0<\/strong><strong>ISS<\/strong><span style=\"color: #0000ff;\"><strong>N <a href=\"https:\/\/portal.issn.org\/resource\/ISSN\/2448-1181#\">2448-1181\u00a0<\/a><\/strong><\/span><\/strong><\/div>\n<\/div>\n<hr \/>\n<\/div>\n<address style=\"text-align: right;\">\u00a0<\/address>\n<\/div>\n","protected":false},"excerpt":{"rendered":"<p>Enciclop\u00e9dia Brasileira de Teleodontologia 2\u00ba F\u00f3rum Pedag\u00f3gico Online Tema: Caracter\u00edsticas Educacionais (Atividades Acad\u00eamicas) Eixo Educacional: [&hellip;]<\/p>\n","protected":false},"author":58,"featured_media":0,"parent":3954,"menu_order":0,"comment_status":"closed","ping_status":"closed","template":"","meta":{"footnotes":"","_links_to":"","_links_to_target":""},"class_list":["post-3876","page","type-page","status-publish","hentry"],"_links":{"self":[{"href":"https:\/\/sites.usp.br\/podae\/index.php?rest_route=\/wp\/v2\/pages\/3876","targetHints":{"allow":["GET"]}}],"collection":[{"href":"https:\/\/sites.usp.br\/podae\/index.php?rest_route=\/wp\/v2\/pages"}],"about":[{"href":"https:\/\/sites.usp.br\/podae\/index.php?rest_route=\/wp\/v2\/types\/page"}],"author":[{"embeddable":true,"href":"https:\/\/sites.usp.br\/podae\/index.php?rest_route=\/wp\/v2\/users\/58"}],"replies":[{"embeddable":true,"href":"https:\/\/sites.usp.br\/podae\/index.php?rest_route=%2Fwp%2Fv2%2Fcomments&post=3876"}],"version-history":[{"count":5,"href":"https:\/\/sites.usp.br\/podae\/index.php?rest_route=\/wp\/v2\/pages\/3876\/revisions"}],"predecessor-version":[{"id":6246,"href":"https:\/\/sites.usp.br\/podae\/index.php?rest_route=\/wp\/v2\/pages\/3876\/revisions\/6246"}],"up":[{"embeddable":true,"href":"https:\/\/sites.usp.br\/podae\/index.php?rest_route=\/wp\/v2\/pages\/3954"}],"wp:attachment":[{"href":"https:\/\/sites.usp.br\/podae\/index.php?rest_route=%2Fwp%2Fv2%2Fmedia&parent=3876"}],"curies":[{"name":"wp","href":"https:\/\/api.w.org\/{rel}","templated":true}]}}