{"id":6298,"date":"2019-09-09T16:30:01","date_gmt":"2019-09-09T19:30:01","guid":{"rendered":"http:\/\/sites.usp.br\/podae\/?page_id=6298"},"modified":"2019-09-09T17:16:49","modified_gmt":"2019-09-09T20:16:49","slug":"11-perfil-profissional-endodontia-acoes-pedagogicas","status":"publish","type":"page","link":"https:\/\/sites.usp.br\/podae\/?page_id=6298","title":{"rendered":"11 Perfil Profissional (Endodontia): A\u00e7\u00f5es Pedag\u00f3gicas"},"content":{"rendered":"<p style=\"text-align: center;\"><span style=\"font-family: Arial;\"><strong> Enciclop\u00e9dia Brasileira de Teleodontologia<\/strong><\/span><\/p>\n<p style=\"text-align: center;\"><strong><span style=\"font-size: 14px;\"><span style=\"font-family: Arial;\"><span style=\"color: #0000ff;\"><em><span style=\"color: #000000;\"><span style=\"text-decoration: underline;\"><a href=\"https:\/\/sites.usp.br\/podae\/?page_id=3607\"><span style=\"color: #0000ff;\">8\u00ba F\u00f3rum Pedag\u00f3gico Online<\/span><\/a><br \/>\n<\/span><\/span><\/em><\/span><\/span><\/span><\/strong><\/p>\n<p style=\"text-align: center;\"><strong><span style=\"font-size: 14px;\"><span style=\"font-family: Arial;\"><span style=\"color: #0000ff;\"><span style=\"color: #000000;\"><span style=\"font-size: 15px;\"><em><span style=\"text-decoration: underline;\">Tema<\/span><\/em><\/span>: <\/span><\/span><\/span><\/span><\/strong> <strong><span style=\"font-size: 14px;\"><span style=\"font-family: Arial;\"><span style=\"color: #0000ff;\"><span style=\"color: #000000;\">Caracter\u00edsticas Educacionais <\/span><\/span><\/span><\/span><\/strong><span style=\"font-size: 14px;\"><span style=\"font-family: Arial;\"><span style=\"color: #0000ff;\"><span style=\"color: #000000;\">(<\/span><\/span><\/span><\/span><strong><span style=\"font-size: 14px;\"><span style=\"font-family: Arial;\"><span style=\"color: #0000ff;\"><span style=\"color: #000000;\">Atividades Acad\u00eamicas<\/span><\/span><\/span><\/span><\/strong><span style=\"font-size: 14px;\"><span style=\"font-family: Arial;\"><span style=\"color: #0000ff;\"><span style=\"color: #000000;\">)<\/span><\/span><\/span><\/span><strong><span style=\"font-size: 14px;\"><span style=\"font-family: Arial;\"><br \/>\n<\/span><\/span><\/strong><strong><span style=\"font-size: 14px;\"><span style=\"font-family: Arial;\"><span style=\"color: #0000ff;\"><span style=\"color: #000000;\"><span style=\"font-size: 15px;\"><em><span style=\"text-decoration: underline;\">Eixo Educacional<\/span><\/em><\/span>: Perfil Profissional <\/span><\/span><\/span><\/span><\/strong><span style=\"font-size: 14px;\"><span style=\"font-family: Arial;\">(<\/span><\/span><strong><span style=\"font-size: 14px;\"><span style=\"font-family: Arial;\">Educando e Educador<\/span><\/span><\/strong><span style=\"font-size: 14px;\"><span style=\"font-family: Arial;\">) <\/span><\/span><\/p>\n<p style=\"text-align: justify;\"><strong><span style=\"font-size: 10px;\"><span style=\"color: #ff0000;\"><em><span style=\"color: #ff0000; font-size: 14px;\">\u2666\u00a0<\/span><\/em><\/span><\/span><span style=\"font-size: 10px;\"><span style=\"color: #0000ff;\"><span style=\"color: #ff0000;\"><em><span style=\"color: #000000; font-size: 14px;\">Paulo Andr\u00e9 Yamin &#8211;\u00a0<\/span><\/em><span style=\"color: #000000;\">[<\/span><span style=\"color: #000000;\"><a style=\"color: #0000ff;\" href=\"http:\/\/buscatextual.cnpq.br\/buscatextual\/email.do?metodo=apresentar&amp;seqIdPessoa=102140993&amp;nomeDestinatario=Paulo_Andr\u00e9_Yamin\">E-mail<\/a>]\u00a0<em><span style=\"color: #000000; font-size: 14px;\">&#8211;<\/span><\/em>\u00a0<a style=\"color: #0000ff;\" href=\"http:\/\/lattes.cnpq.br\/8593904865072442\">Curr\u00edculo Lattes<\/a>\u00a0&#8211;\u00a0<a style=\"color: #0000ff;\" href=\"http:\/\/bv.fapesp.br\/pt\/pesquisador\/74622\/paulo-andre-yamin\/\">FAPESP<\/a> <\/span><span style=\"color: #000000;\"> &#8211;<\/span><\/span><\/span><\/span><\/strong><span style=\"color: #ff0000;\"><span style=\"font-size: 10px;\"><strong><span style=\"color: #0000ff;\"><br \/>\n<\/span><\/strong><\/span><\/span><\/p>\n<address>\n<address style=\"text-align: right;\">\n<hr style=\"width: 321px;\" \/>\n<\/address>\n<\/address>\n<hr \/>\n<address style=\"text-align: right;\"><strong><span style=\"font-size: 12px;\"><span style=\"font-family: Arial;\"><span style=\"color: #0000ff;\"><span style=\"color: #000000;\"> Publica\u00e7\u00e3o Anual<\/span> <\/span><\/span><\/span><\/strong><span style=\"font-size: 12px;\"><span style=\"font-size: 12pxpx;\"><span style=\"font-family: Arial;\"><span style=\"color: #0000ff;\">(<\/span><\/span><\/span><\/span><strong><span style=\"font-size: 12px;\"><span style=\"font-size: 12pxpx;\"><span style=\"font-family: Arial;\"><span style=\"color: #0000ff;\"><em><span style=\"color: #000000;\"><span style=\"text-decoration: underline;\">Suplemento<\/span><\/span><\/em>: <a style=\"color: #0000ff;\" href=\"https:\/\/sites.usp.br\/podae\/?page_id=3605\">Sum\u00e1rio<\/a><\/span><\/span><\/span><\/span><\/strong><span style=\"font-size: 12px;\"><span style=\"font-size: 12pxpx;\"><span style=\"font-family: Arial;\"><span style=\"color: #0000ff;\"><span style=\"color: #000000;\">) \/ Maio e Setembro 2018 \/\u00a0<\/span><\/span><\/span><\/span><\/span><strong><span style=\"font-size: 12px;\"><span style=\"font-size: 10px;\"> p\u00e1gina 11<\/span><br \/>\n<\/span><\/strong><\/address>\n<hr \/>\n<p><span style=\"font-size: 13px;\"><strong><span style=\"color: #ff0000;\"><em><span style=\"color: #ff0000; font-size: 14px;\">\u25ca<\/span><\/em><\/span><\/strong><\/span> <span style=\"color: #000000; font-family: Arial;\"><span style=\"font-size: 12px; line-height: 18px;\"><strong>YAMIN, P.A. \u00a0Profissional (Endodontia): A\u00e7\u00f5es Pedag\u00f3gicas. Encicl. Bras.Teleodontol., Volume 8 (<a href=\"https:\/\/sites.usp.br\/podae\/?page_id=3605\"><span style=\"color: #0000ff;\">S\u00e9rie F<\/span><\/a>): p\u00e1gina 11, maio, 2018. Suplemento. ISSN 2448-1181<\/strong> <\/span><\/span><\/p>\n<hr \/>\n<p style=\"text-align: justify;\"><span style=\"font-family: Arial;\"><strong>Conselho Federal de Odontologia<\/strong> (Brasil &#8211;\u00a0 <span style=\"color: #0000ff;\"><strong><a style=\"color: #0000ff;\" href=\"http:\/\/cfo.org.br\/\">CFO<\/a><\/strong><\/span>) orienta e sinaliza para o Conte\u00fados Programa do Curso de Odontologia estabelecendo atua\u00e7\u00f5es profdissionais.\u00a0 No Brasil, o <strong>Minist\u00e9rio da Educa\u00e7\u00e3o<\/strong> (<\/span><span style=\"font-family: Arial;\">Cadastro <\/span><span style=\"font-family: Arial;\"><span style=\"color: #0000ff;\"><strong><a style=\"color: #0000ff;\" href=\"http:\/\/emec.mec.gov.br\/\">e-Mec<\/a><\/strong><\/span><\/span><span style=\"font-family: Arial;\">) <\/span><span style=\"font-family: Arial;\">realiza as a\u00e7\u00f5es nas\u00a0 Institui\u00e7\u00f5es e Cursos de Educa\u00e7\u00e3o Superior mediante a\u00a0 base de dados oficial e \u00fanica de informa\u00e7\u00f5es relativas \u00e0s <strong><span style=\"color: #0000ff;\"><span style=\"color: #000000;\">Institui\u00e7\u00f5es de Educa\u00e7\u00e3o Superio<\/span>r<\/span><\/strong> (<strong><span style=\"color: #0000ff;\"><a style=\"color: #0000ff;\" href=\"http:\/\/portal.mec.gov.br\/inicio\/323-secretarias-112877938\/orgaos-vinculados-82187207\/13033-credenciamento-e-recredenciamento-de-ies\">IES<\/a><\/span><\/strong>).\u00a0<\/span><span style=\"font-family: Arial;\"><strong>Minist\u00e9rio da Educa\u00e7\u00e3o<\/strong> (<span style=\"color: #0000ff;\"><strong><a style=\"color: #0000ff;\" href=\"http:\/\/emec.mec.gov.br\/\">e-Mec<\/a><\/strong><\/span>) &#8211; <strong><span style=\"color: #0000ff;\"><a style=\"color: #0000ff;\" href=\"http:\/\/portal.mec.gov.br\/inicio\/323-secretarias-112877938\/orgaos-vinculados-82187207\/13033-credenciamento-e-recredenciamento-de-ies\">IES<\/a><\/span><\/strong>) Cursos de Gradua\u00e7\u00e3o do Sistema Federal de Ensino. Os dados do Cadastro devem estar\u00a0 conformidade com os atos autorizativos das institui\u00e7\u00f5es e cursos de educa\u00e7\u00e3o superior, editados com base nos processos regulat\u00f3rios competentes. (<a href=\"http:\/\/download.inep.gov.br\/download\/condicoes_ensino\/2007\/Portaria_n40.pdf\"><strong><span style=\"color: #0000ff;\">Portaria MEC n\u00ba 40\/2007<\/span><\/strong><\/a>) <\/span><span style=\"font-family: Arial;\">com avalia\u00e7\u00f5es peri\u00f3dicas (<span style=\"text-decoration: underline;\"><span style=\"color: #0000ff;\"><strong><a style=\"color: #0000ff; text-decoration: underline;\" href=\"http:\/\/emec.mec.gov.br\/emec\/consulta-cadastro\/detalhamento\/d96957f455f6405d14c6542552b0f6eb\/NTU=\">Site do MEC<\/a><\/strong><\/span><\/span> \/ <span style=\"color: #0000ff;\"><strong><a style=\"color: #0000ff;\" href=\"http:\/\/emec.mec.gov.br\/modulos\/visao_comum\/php\/login\/comum_login.php?691ba69561e311dd66adaae89947c631=YWJhX2F2YWxpYWRvcg==\">emec-Avaliador<\/a><\/strong><\/span>)<\/span><span style=\"font-family: Arial;\">.O <\/span><span style=\"font-family: Arial;\"><strong>Sistema Nacional de Avalia\u00e7\u00e3o da Educa\u00e7\u00e3o Superior<\/strong> (<span style=\"color: #0000ff;\"><strong><a style=\"color: #0000ff;\" href=\"http:\/\/sites.usp.br\/ebt\/wp-content\/uploads\/sites\/44\/2014\/11\/Lei_10861_2004_SINAES.pdf\">SINAES<\/a><\/strong><\/span>) contribui para a qualidade do Ensino<br \/>\n<\/span><\/p>\n<p style=\"text-align: justify;\"><span style=\"font-family: Arial;\"><strong>Perfil Profissional <\/strong>(<strong>Cirurgi\u00e3o &#8211; Dentista<\/strong>):<strong> Endodontia <\/strong>(<strong>Conte\u00fado Program\u00e1tico<\/strong>) o<strong> Educador <\/strong>(<strong>Professor<\/strong>) deve estabelecer as a\u00e7\u00f5es pedag\u00f3gicas um harmonia com a <strong>Proposta Pol\u00edtico Pedag\u00f3gica da Institui\u00e7\u00e3o<\/strong> (PPP).\u00a0<\/span><span style=\"font-family: Arial;\"><strong>Perfil Profissional <\/strong>\u00e9 estimulado com as <strong>A\u00e7\u00f5es Pedag\u00f3gicas\u00a0 <\/strong>da<strong> &#8220;Arte de Educar&#8221;<\/strong> do Educador deve estar atento para os Eixos Pedag\u00edcos (Ensino, Pesquisa e Extens\u00e3o) estabelecendo parcerias com os docente e pesquisadores (<\/span><span style=\"font-family: Arial;\"><strong><span style=\"color: #0000ff;\"><a style=\"color: #0000ff;\" href=\"http:\/\/sites.usp.br\/LACIRO\/\">Laciro<\/a><\/span><\/strong><\/span><span style=\"font-family: Arial;\"> &#8211; <strong><span style=\"color: #0000ff;\"><a style=\"color: #0000ff;\" href=\"http:\/\/dgp.cnpq.br\/dgp\/espelhogrupo\/7860212987967525\">Diret\u00f3rio de Grupo<\/a><\/span><\/strong> &#8211; <strong><span style=\"color: #0000ff;\"><a style=\"color: #0000ff;\" href=\"http:\/\/dgp.cnpq.br\/dgp\/espelhogrupo\/7860212987967525#recursosHumanos\">Pesquisadores<\/a><\/span><\/strong>)<strong>Perfil Profissional<\/strong> (<strong>A\u00e7\u00f5es Pedag\u00f3gicas<\/strong>) Nas institui\u00e7\u00f5es, Ensino Superior &#8211; Odontologia)\u00a0 a Grade Curricular deve contemplar o &#8220;Perfil Profissional&#8221; (Cirurgi\u00e3o -Dentista), e dentre o elenco das\u00a0 &#8220;Disciplinas&#8221; (N\u00facleo de Aprendizagem): Endodontia.\u00a0<\/span><span style=\"font-family: Arial;\"><strong>Endodontia<\/strong> (<strong>A\u00e7\u00f5es Pedag\u00f3gicas<\/strong>) deve promover as Compet\u00eancia Educacionais (Qualidade do Ensino) promovendo as a\u00e7\u00f5es do Educando (Aluno &#8211; Aprendiz) motivando paras descobertas educacionais com m\u00e9todos que estimulem atividades acad\u00eamicas (T\u00e9cnicas e Cient\u00edficas): Ensino Baseado e Evid\u00eancias (EBE) associado com o Ensino Baseado em Problema (PBL).\u00a0<\/span><span style=\"font-family: Arial;\"><strong>A\u00e7\u00f5es Pedag\u00f3gicas <\/strong>deve incentiva a colabora\u00e7\u00e3o\u00a0 entre os Educando (Equipe: <\/span><span style=\"font-family: Arial;\">Educa\u00e7\u00e3o Participativa) fomentado a busca pelo conhecimento com<\/span><span style=\"font-family: Arial;\"> a Literatura (Classifica\u00e7\u00f5es das Doen\u00e7as&#8221; (<strong><span style=\"color: #0000ff;\"><a style=\"color: #0000ff;\" href=\"http:\/\/World Health Organization: WHO\">WHO<\/a><\/span><\/strong> &#8211; <span style=\"color: #0000ff;\"><strong><a style=\"color: #0000ff;\" href=\"http:\/\/sites.usp.br\/ebt\/wp-content\/uploads\/sites\/44\/2014\/11\/ICD10-2010.pdf\">10th Editon<\/a><\/strong>] <\/span><span style=\"color: #0000ff;\"><span style=\"color: #000000;\">e as orienta\u00e7\u00f5es das condutas e procedimentos em Odontologia [<\/span><\/span><span style=\"color: #0000ff;\"><a style=\"color: #0000ff;\" href=\"http:\/\/www.who.int\/en\/\">4<\/a><\/span>]. A <strong>Arte de Educar<\/strong> est\u00e1 intimamente associada a <\/span><strong style=\"font-family: Arial;\">Gest\u00e3o em Estrat\u00e9gia Educacional<\/strong><span style=\"font-family: Arial;\">, inicia-se muito antes das contextualiza\u00e7\u00e3o e <\/span><span style=\"font-family: Arial;\">implanta\u00e7\u00e3o do <strong>Projeto Pol\u00edtico Pedag\u00f3gico <\/strong>(<strong>PPP<\/strong>). \u00a0<\/span><\/p>\n<hr \/>\n<div align=\"justify\">\n<div align=\"justify\">\n<div align=\"justify\">\n<div align=\"justify\">\n<div align=\"justify\">\n<div align=\"justify\">\n<div align=\"justify\"><span style=\"font-size: 12px;\"><em><strong><span style=\"text-decoration: underline;\">REFER\u00caNCIAS<\/span><\/strong><\/em><\/span><\/div>\n<div style=\"font-size: 12px;\" align=\"justify\">\n<div align=\"justify\"><span style=\"font-size: 12px;\">1.<\/span><span style=\"font-size: 12px;\"> BRASIL &#8211; Diretrizes e Bases da Educa\u00e7\u00e3o Nacional, 1996. [<span style=\"color: #0000ff;\"><strong><a style=\"color: #0000ff;\" href=\"http:\/\/sites.usp.br\/ebt\/wp-content\/uploads\/sites\/44\/2014\/11\/Lei_9.394.pdf\">Lei 9.394<\/a><\/strong><\/span>]<\/span><\/div>\n<div align=\"justify\">2. BRASIL &#8211; Regula o Exerc\u00edcio da Odontologia. Lei\u00a0 5.081 &#8211; 24\/08\/1966. Di\u00e1rio Oficial, Se\u00e7\u00e3o I. Parte I, 26\/08\/1966. [<strong><span style=\"color: #0000ff;\"><a style=\"color: #0000ff;\" href=\"http:\/\/www.planalto.gov.br\/ccivil_03\/leis\/L5081.htm\">Lei n\u00ba 5.081<\/a><\/span><\/strong>]<\/div>\n<div align=\"justify\"><span style=\"font-size: 12px;\">3. BRASIL &#8211; Diretrizes Curriculares Nacionais do Curso de Gradua\u00e7\u00e3o em Odontologia, 2002. [<span style=\"color: #0000ff;\"><strong><a style=\"color: #0000ff;\" href=\"http:\/\/sites.usp.br\/ebt\/wp-content\/uploads\/sites\/44\/2014\/11\/Resolu\u00e7\u00e3o-19-02-2002.pdf\">Resolu\u00e7\u00e3o CNE\/CES 3<\/a><\/strong><\/span>].<\/span><\/div>\n<div align=\"justify\"><span style=\"font-size: 12px;\">4. PELOZO,L.L.; SILVA NETO, R.D.; CORONA,S.A.M.; PALMA-DIBB,R.G.; GABRIEL,A.E.S. Dentin pretreatment with Er:YAG laser and sodium ascorbate to improve the bond strength of glass fiber post. Lasers in Medical Science, p. 1-8, 2018. [<strong><span style=\"color: #0000ff;\"><a style=\"color: #0000ff;\" href=\"https:\/\/link.springer.com\/article\/10.1007%2Fs10103-018-2579-5\">LINK<\/a><\/span><\/strong>]<\/span><\/div>\n<div style=\"font-size: 12px;\" align=\"justify\"><span style=\"font-size: 12px;\">5.<\/span> <span style=\"font-size: 12px;\">World Health Organization: International Statistical Classification of Diseases and Related Health Problems, Tenth Revision Instruction Manual. Geneva, World Health Organization, 2004. [<span style=\"color: #0000ff;\"><strong><a style=\"color: #0000ff;\" href=\"http:\/\/sites.usp.br\/ebt\/wp-content\/uploads\/sites\/44\/2014\/11\/ICD10-2010.pdf\">ICD<\/a><\/strong><\/span>]<\/span>.<\/div>\n<\/div>\n<\/div>\n<\/div>\n<\/div>\n<\/div>\n<\/div>\n<\/div>\n<div align=\"justify\">\n<div align=\"justify\">\n<div style=\"text-align: center;\" align=\"justify\">\n<address style=\"text-align: right;\">\n<hr \/>\n<hr \/>\n<\/address>\n<\/div>\n<\/div>\n<div style=\"text-align: left;\" align=\"center\">\n<div style=\"text-align: center;\" align=\"center\">\n<div align=\"justify\">\n<p><span style=\"font-size: 13px;\"><strong><span style=\"color: #ff0000;\"><em><span style=\"color: #ff0000; font-size: 14px;\">\u25ca\u00a0<\/span><\/em><\/span><\/strong><\/span><span style=\"font-size: 10px;\"><strong>F\u00f3rum de Discuss\u00e3o (Sala de Aula) &#8211; <span style=\"color: #0000ff;\"><a style=\"color: #0000ff;\" href=\"http:\/\/www5.usp.br\/\">USP<\/a><\/span> \/ <span style=\"color: #0000ff;\"><a style=\"color: #0000ff;\" href=\"https:\/\/uspdigital.usp.br\/wsusuario\/\">SistemasUSP<\/a><\/span> \/ <\/strong><\/span><span style=\"font-size: 10px;\"><strong><span style=\"color: #0000ff;\"><a style=\"color: #0000ff;\" href=\"http:\/\/www.forp.usp.br\/\">FORP<\/a><\/span><\/strong><\/span><span style=\"font-size: 10px;\"><strong> \/ <span style=\"color: #0000ff;\"><a style=\"color: #0000ff;\" href=\"http:\/\/www.prpg.usp.br\/index.php\/pt-br\/faca-pos-na-usp\/ache-um-programa?art_title=&amp;unidades%5B%5D=Faculdade+de+Odontologia+de+Ribeir%C3%A3o+Preto&amp;area_pos_graduacao%5B%5D=Ci%C3%AAncias+Biol%C3%B3gicas+e+da+Sa%C3%BAde&amp;art_language=pt-BR&amp;boxchecked=0&amp;search=programas_de_ps_graduaco&amp;task=search\">PgPG <\/a><\/span>(<span style=\"color: #0000ff;\"><a style=\"color: #0000ff;\" href=\"http:\/\/143.107.206.201\/pradua-mainmenu-61\/13-cursos-oferecidos\/246-programa-de-pradua-em-odontopediatria.html\">58135<\/a><\/span>). Disciplina\u00a0 (<a href=\"https:\/\/uspdigital.usp.br\/janus\/Disciplina?sgldis=8035743&amp;origem=C&amp;\"><span style=\"color: #0000ff;\">Conte\u00fado Program\u00e1tico<\/span><\/a>): <em>Metodologias e Din\u00e2mica no Ensino da Odontologia<\/em><\/strong><\/span><span style=\"font-size: 10px;\"><strong>. Respons\u00e1vel (5\/5\/2000 at\u00e9 presente data):<\/strong><\/span><span style=\"font-size: 10px;\"><strong> Prof. Dr. Luiz Carlos Carlos Pardini (<span style=\"color: #0000ff;\"><a style=\"color: #0000ff;\" href=\"http:\/\/sites.usp.br\/ebt\/forp-expediente-encicl-bras-teleodontol\/parecerista-relator-consultor-avaliador\/luiz-carlos-pardini\/\">Informa\u00e7\u00f5es Adicionais<\/a><\/span>).<\/strong><\/span><\/p>\n<hr \/>\n<p><span style=\"font-size: 10px;\"><strong><span style=\"text-decoration: underline;\">Recebido<\/span>\u00a09\/03\/2018 &#8211;\u00a0<span style=\"color: #0000ff;\"><a style=\"color: #0000ff;\" href=\"http:\/\/sites.usp.br\/ebt\/forp-expediente-encicl-bras-teleodontol\/parecerista-relator-consultor-avaliador\/\">Parecerista<\/a>\u00a0<\/span>15\/03\/2018 &#8211; Reformulado 23\/03\/2018 &#8211;\u00a0<span style=\"text-decoration: underline;\">Publicado<\/span>\u00a002\/04\/2018 &#8211; Enciclop\u00e9dia Brasileira de Teleodontologia<\/strong><br \/>\n<\/span><\/p>\n<\/div>\n<\/div>\n<hr \/>\n<\/div>\n<\/div>\n<p>&nbsp;<\/p>\n<address style=\"text-align: right;\">\u00a0<\/address>\n","protected":false},"excerpt":{"rendered":"<p>Enciclop\u00e9dia Brasileira de Teleodontologia 8\u00ba F\u00f3rum Pedag\u00f3gico Online Tema: Caracter\u00edsticas Educacionais (Atividades Acad\u00eamicas) Eixo Educacional: [&hellip;]<\/p>\n","protected":false},"author":58,"featured_media":0,"parent":3607,"menu_order":0,"comment_status":"closed","ping_status":"closed","template":"","meta":{"footnotes":"","_links_to":"","_links_to_target":""},"class_list":["post-6298","page","type-page","status-publish","hentry"],"_links":{"self":[{"href":"https:\/\/sites.usp.br\/podae\/index.php?rest_route=\/wp\/v2\/pages\/6298","targetHints":{"allow":["GET"]}}],"collection":[{"href":"https:\/\/sites.usp.br\/podae\/index.php?rest_route=\/wp\/v2\/pages"}],"about":[{"href":"https:\/\/sites.usp.br\/podae\/index.php?rest_route=\/wp\/v2\/types\/page"}],"author":[{"embeddable":true,"href":"https:\/\/sites.usp.br\/podae\/index.php?rest_route=\/wp\/v2\/users\/58"}],"replies":[{"embeddable":true,"href":"https:\/\/sites.usp.br\/podae\/index.php?rest_route=%2Fwp%2Fv2%2Fcomments&post=6298"}],"version-history":[{"count":4,"href":"https:\/\/sites.usp.br\/podae\/index.php?rest_route=\/wp\/v2\/pages\/6298\/revisions"}],"predecessor-version":[{"id":6341,"href":"https:\/\/sites.usp.br\/podae\/index.php?rest_route=\/wp\/v2\/pages\/6298\/revisions\/6341"}],"up":[{"embeddable":true,"href":"https:\/\/sites.usp.br\/podae\/index.php?rest_route=\/wp\/v2\/pages\/3607"}],"wp:attachment":[{"href":"https:\/\/sites.usp.br\/podae\/index.php?rest_route=%2Fwp%2Fv2%2Fmedia&parent=6298"}],"curies":[{"name":"wp","href":"https:\/\/api.w.org\/{rel}","templated":true}]}}