{"id":6888,"date":"2019-09-17T19:17:41","date_gmt":"2019-09-17T22:17:41","guid":{"rendered":"http:\/\/sites.usp.br\/podae\/?page_id=6888"},"modified":"2020-04-28T15:03:20","modified_gmt":"2020-04-28T18:03:20","slug":"relatorio-avaliacao-formatacao","status":"publish","type":"page","link":"https:\/\/sites.usp.br\/podae\/?page_id=6888","title":{"rendered":"Parecerista (Modelo Relat\u00f3rio Avalia\u00e7\u00e3o): Formata\u00e7\u00e3o (Design) &#8211; RBT"},"content":{"rendered":"","protected":true},"excerpt":{"rendered":"","protected":true},"author":58,"featured_media":0,"parent":3329,"menu_order":0,"comment_status":"closed","ping_status":"closed","template":"","meta":{"footnotes":"","_links_to":"","_links_to_target":""},"class_list":["post-6888","page","type-page","status-publish","post-password-required","hentry"],"_links":{"self":[{"href":"https:\/\/sites.usp.br\/podae\/index.php?rest_route=\/wp\/v2\/pages\/6888","targetHints":{"allow":["GET"]}}],"collection":[{"href":"https:\/\/sites.usp.br\/podae\/index.php?rest_route=\/wp\/v2\/pages"}],"about":[{"href":"https:\/\/sites.usp.br\/podae\/index.php?rest_route=\/wp\/v2\/types\/page"}],"author":[{"embeddable":true,"href":"https:\/\/sites.usp.br\/podae\/index.php?rest_route=\/wp\/v2\/users\/58"}],"replies":[{"embeddable":true,"href":"https:\/\/sites.usp.br\/podae\/index.php?rest_route=%2Fwp%2Fv2%2Fcomments&post=6888"}],"version-history":[{"count":4,"href":"https:\/\/sites.usp.br\/podae\/index.php?rest_route=\/wp\/v2\/pages\/6888\/revisions"}],"predecessor-version":[{"id":13230,"href":"https:\/\/sites.usp.br\/podae\/index.php?rest_route=\/wp\/v2\/pages\/6888\/revisions\/13230"}],"up":[{"embeddable":true,"href":"https:\/\/sites.usp.br\/podae\/index.php?rest_route=\/wp\/v2\/pages\/3329"}],"wp:attachment":[{"href":"https:\/\/sites.usp.br\/podae\/index.php?rest_route=%2Fwp%2Fv2%2Fmedia&parent=6888"}],"curies":[{"name":"wp","href":"https:\/\/api.w.org\/{rel}","templated":true}]}}