{"id":68,"date":"2014-02-12T11:30:24","date_gmt":"2014-02-12T13:30:24","guid":{"rendered":"http:\/\/sites.usp.br\/polifonia\/?page_id=68"},"modified":"2024-07-24T21:47:29","modified_gmt":"2024-07-24T23:47:29","slug":"integrantes","status":"publish","type":"page","link":"https:\/\/sites.usp.br\/polifonia\/integrantes\/","title":{"rendered":"Integrantes"},"content":{"rendered":"<p>Renato Melo Ribeiro (Educador e Docente da Feusp; coordenador do Grupo Polifonia)<\/p>\n<p>Afonso Martins Andrade (Educador da Feusp)<\/p>\n<p>Alexandra Naima Machado Rudakoff (Doutora pela Feusp; docente do IFMA)<\/p>\n<p>Allana Silva dos Santos Felix (Mestranda na Feusp)<\/p>\n<p>Christiane Matos Batista (Doutoranda na Feusp)<\/p>\n<p>\u00c9rika Aparecida Borges de Oliveira (Escritora e Professora)<\/p>\n<p>Kelly Tavares do Nascimento (egressa da Pedagogia\/Feusp e professora da SME-SP)<\/p>\n<p>Leandro Romeo Peccequillo Freire (Advogado formado pelo Mackenzie)<\/p>\n<p>Luiza Ferreira de Oliveira Santos (Mestranda na Feusp)<\/p>\n<p>Marina Morais Caporrino (Pedagoga pela Feusp e Jornalista pela ECA-USP)<\/p>\n<p>Miriam Fernandes Muramoto (Doutora pela Feusp)<\/p>\n<p>Nadjalena de Araujo Souza (Doutoranda na Feusp; docente do IFMA)<\/p>\n<p>Rachel Melo Ribeiro (Pesquisadora e Docente da UFMA)<\/p>\n<p>R\u00f4mulo Melo Ribeiro (Professor de Matem\u00e1tica e Consultor Pedag\u00f3gico)<\/p>\n<p>Ruan Ribeiro Melo (Estudante de Direito &#8211; UFMA)<\/p>\n<p>Vanessa de Mello Borges (Professora da SME-SP)<\/p>\n<p>&nbsp;<\/p>\n","protected":false},"excerpt":{"rendered":"<p>Renato Melo Ribeiro (Educador e Docente da Feusp; coordenador do Grupo Polifonia) Afonso Martins Andrade (Educador da Feusp) Alexandra Naima Machado Rudakoff (Doutora pela Feusp; docente do IFMA) Allana Silva dos Santos Felix (Mestranda na Feusp) Christiane Matos Batista (Doutoranda na Feusp) \u00c9rika Aparecida Borges de Oliveira (Escritora e Professora) Kelly Tavares do Nascimento (egressa [&hellip;]<\/p>\n","protected":false},"author":24156,"featured_media":0,"parent":0,"menu_order":0,"comment_status":"closed","ping_status":"closed","template":"","meta":{"footnotes":"","_links_to":"","_links_to_target":""},"class_list":["post-68","page","type-page","status-publish","hentry"],"_links":{"self":[{"href":"https:\/\/sites.usp.br\/polifonia\/wp-json\/wp\/v2\/pages\/68","targetHints":{"allow":["GET"]}}],"collection":[{"href":"https:\/\/sites.usp.br\/polifonia\/wp-json\/wp\/v2\/pages"}],"about":[{"href":"https:\/\/sites.usp.br\/polifonia\/wp-json\/wp\/v2\/types\/page"}],"author":[{"embeddable":true,"href":"https:\/\/sites.usp.br\/polifonia\/wp-json\/wp\/v2\/users\/24156"}],"replies":[{"embeddable":true,"href":"https:\/\/sites.usp.br\/polifonia\/wp-json\/wp\/v2\/comments?post=68"}],"version-history":[{"count":4,"href":"https:\/\/sites.usp.br\/polifonia\/wp-json\/wp\/v2\/pages\/68\/revisions"}],"predecessor-version":[{"id":297,"href":"https:\/\/sites.usp.br\/polifonia\/wp-json\/wp\/v2\/pages\/68\/revisions\/297"}],"wp:attachment":[{"href":"https:\/\/sites.usp.br\/polifonia\/wp-json\/wp\/v2\/media?parent=68"}],"curies":[{"name":"wp","href":"https:\/\/api.w.org\/{rel}","templated":true}]}}