{"id":3471,"date":"2024-11-19T15:36:43","date_gmt":"2024-11-19T18:36:43","guid":{"rendered":"https:\/\/sites.usp.br\/polinguas\/?page_id=3471"},"modified":"2024-11-21T17:10:08","modified_gmt":"2024-11-21T20:10:08","slug":"eventos-com-outras-universidades","status":"publish","type":"page","link":"https:\/\/sites.usp.br\/polinguas\/eventos-com-outras-universidades\/","title":{"rendered":"Eventos com outras universidades"},"content":{"rendered":"<p><span style=\"font-weight: 400;\">Confira os eventos relacionados \u00e0 \u00e1rea de L\u00ednguas e Universidade dos quais o PoL\u00ednguas participou:<\/span><\/p>\n<h4><span style=\"color: #b50755;\"><a style=\"color: #b50755;\" href=\"https:\/\/sites.usp.br\/polinguas\/xiv-seminario-internacional-sobre-leitura-e-producao-no-ensino-superior-slepes\/\">XIV SLEPES &#8211; Universidad Nacional Aut\u00f3noma do M\u00e9xico<\/a><\/span><\/h4>\n<h4><span style=\"color: #b50755;\"><a style=\"color: #b50755;\" href=\"https:\/\/sites.usp.br\/polinguas\/simposio-lenguas-en-la-universidad-politicas-linguisticas-en-educacion-superior\/\">Simposio Lenguas en la Universidad \u2013 Universidad de Chile<\/a><\/span><\/h4>\n<h4><span style=\"color: #b50755;\"><a style=\"color: #b50755;\" href=\"https:\/\/sites.usp.br\/polinguas\/lenguatge-ii-jornadas-internacionais-linguas-e-politicas-linguisticas\/\">LENGUATGE \u2013 II Jornadas Internacionais: L\u00ednguas e Pol\u00edticas Lingu\u00edsticas<\/a><\/span><\/h4>\n","protected":false},"excerpt":{"rendered":"<p>Confira os eventos relacionados \u00e0 \u00e1rea de L\u00ednguas e Universidade dos quais o PoL\u00ednguas participou: XIV SLEPES &#8211; Universidad Nacional Aut\u00f3noma do M\u00e9xico Simposio Lenguas en la Universidad \u2013 Universidad de Chile LENGUATGE \u2013 II Jornadas Internacionais: L\u00ednguas e Pol\u00edticas Lingu\u00edsticas<\/p>\n","protected":false},"author":24198,"featured_media":0,"parent":0,"menu_order":0,"comment_status":"closed","ping_status":"closed","template":"","meta":{"footnotes":"","_links_to":"","_links_to_target":""},"class_list":["post-3471","page","type-page","status-publish","hentry"],"_links":{"self":[{"href":"https:\/\/sites.usp.br\/polinguas\/wp-json\/wp\/v2\/pages\/3471","targetHints":{"allow":["GET"]}}],"collection":[{"href":"https:\/\/sites.usp.br\/polinguas\/wp-json\/wp\/v2\/pages"}],"about":[{"href":"https:\/\/sites.usp.br\/polinguas\/wp-json\/wp\/v2\/types\/page"}],"author":[{"embeddable":true,"href":"https:\/\/sites.usp.br\/polinguas\/wp-json\/wp\/v2\/users\/24198"}],"replies":[{"embeddable":true,"href":"https:\/\/sites.usp.br\/polinguas\/wp-json\/wp\/v2\/comments?post=3471"}],"version-history":[{"count":2,"href":"https:\/\/sites.usp.br\/polinguas\/wp-json\/wp\/v2\/pages\/3471\/revisions"}],"predecessor-version":[{"id":3515,"href":"https:\/\/sites.usp.br\/polinguas\/wp-json\/wp\/v2\/pages\/3471\/revisions\/3515"}],"wp:attachment":[{"href":"https:\/\/sites.usp.br\/polinguas\/wp-json\/wp\/v2\/media?parent=3471"}],"curies":[{"name":"wp","href":"https:\/\/api.w.org\/{rel}","templated":true}]}}