{"id":398,"date":"2023-03-16T16:11:06","date_gmt":"2023-03-16T19:11:06","guid":{"rendered":"https:\/\/sites.usp.br\/polinguas\/?page_id=398"},"modified":"2024-03-18T16:20:37","modified_gmt":"2024-03-18T19:20:37","slug":"italiano","status":"publish","type":"page","link":"https:\/\/sites.usp.br\/polinguas\/italiano\/","title":{"rendered":"Ler para conhecer a It\u00e1lia atrav\u00e9s da arte"},"content":{"rendered":"<p><img fetchpriority=\"high\" decoding=\"async\" class=\"wp-image-1879 size-medium alignleft\" src=\"https:\/\/sites.usp.br\/polinguas\/wp-content\/uploads\/sites\/1234\/2024\/03\/logos-300x300.png\" alt=\"\" width=\"300\" height=\"300\" srcset=\"https:\/\/sites.usp.br\/polinguas\/wp-content\/uploads\/sites\/1234\/2024\/03\/logos-300x300.png 300w, https:\/\/sites.usp.br\/polinguas\/wp-content\/uploads\/sites\/1234\/2024\/03\/logos-1024x1024.png 1024w, https:\/\/sites.usp.br\/polinguas\/wp-content\/uploads\/sites\/1234\/2024\/03\/logos-150x150.png 150w, https:\/\/sites.usp.br\/polinguas\/wp-content\/uploads\/sites\/1234\/2024\/03\/logos-768x768.png 768w, https:\/\/sites.usp.br\/polinguas\/wp-content\/uploads\/sites\/1234\/2024\/03\/logos-45x45.png 45w, https:\/\/sites.usp.br\/polinguas\/wp-content\/uploads\/sites\/1234\/2024\/03\/logos.png 1080w\" sizes=\"(max-width: 300px) 100vw, 300px\" \/>O curso\u00a0<b>Ler para conhecer a It\u00e1lia atrav\u00e9s da arte<\/b> foi voltado para estudantes dos cursos de gradua\u00e7\u00e3o e funcion\u00e1rios e teve por objetivo propiciar o desenvolvimento das habilidades de leitura e compreens\u00e3o de textos. Em cada unidade do curso foram propostas atividades de compreens\u00e3o textual e pr\u00e1ticas reflexivas sobre a estrutura gramatical e o l\u00e9xico. Al\u00e9m disso, a fim de propiciar o aprimoramento da compet\u00eancia intercultural cr\u00edtica, foram selecionados textos sobre arte italiana. O curso foi ministrado \u00e0 dist\u00e2ncia pelo Google Meet.<\/p>\n<p><strong>Bolsista PROIAD respons\u00e1vel:<\/strong>\u00a0Carolina Lemos (<a>carolina.fernandes.lemos@usp.br<\/a>)<\/p>\n<p><strong>Professor respons\u00e1vel:<\/strong>\u00a0Profa. Dra. Fernanda Ortale (<a>ortale@usp.br<\/a>)<\/p>\n","protected":false},"excerpt":{"rendered":"<p>O curso\u00a0Ler para conhecer a It\u00e1lia atrav\u00e9s da arte foi voltado para estudantes dos cursos de gradua\u00e7\u00e3o e funcion\u00e1rios e teve por objetivo propiciar o desenvolvimento das habilidades de leitura e compreens\u00e3o de textos. Em cada unidade do curso foram propostas atividades de compreens\u00e3o textual e pr\u00e1ticas reflexivas sobre a estrutura gramatical e o l\u00e9xico. [&hellip;]<\/p>\n","protected":false},"author":23416,"featured_media":0,"parent":0,"menu_order":0,"comment_status":"closed","ping_status":"closed","template":"","meta":{"footnotes":"","_links_to":"","_links_to_target":""},"class_list":["post-398","page","type-page","status-publish","hentry"],"_links":{"self":[{"href":"https:\/\/sites.usp.br\/polinguas\/wp-json\/wp\/v2\/pages\/398","targetHints":{"allow":["GET"]}}],"collection":[{"href":"https:\/\/sites.usp.br\/polinguas\/wp-json\/wp\/v2\/pages"}],"about":[{"href":"https:\/\/sites.usp.br\/polinguas\/wp-json\/wp\/v2\/types\/page"}],"author":[{"embeddable":true,"href":"https:\/\/sites.usp.br\/polinguas\/wp-json\/wp\/v2\/users\/23416"}],"replies":[{"embeddable":true,"href":"https:\/\/sites.usp.br\/polinguas\/wp-json\/wp\/v2\/comments?post=398"}],"version-history":[{"count":5,"href":"https:\/\/sites.usp.br\/polinguas\/wp-json\/wp\/v2\/pages\/398\/revisions"}],"predecessor-version":[{"id":1936,"href":"https:\/\/sites.usp.br\/polinguas\/wp-json\/wp\/v2\/pages\/398\/revisions\/1936"}],"wp:attachment":[{"href":"https:\/\/sites.usp.br\/polinguas\/wp-json\/wp\/v2\/media?parent=398"}],"curies":[{"name":"wp","href":"https:\/\/api.w.org\/{rel}","templated":true}]}}