{"id":4012,"date":"2025-04-23T14:16:45","date_gmt":"2025-04-23T17:16:45","guid":{"rendered":"https:\/\/sites.usp.br\/polinguas\/?page_id=4012"},"modified":"2025-10-31T11:39:34","modified_gmt":"2025-10-31T14:39:34","slug":"cursos-de-chines-2025","status":"publish","type":"page","link":"https:\/\/sites.usp.br\/polinguas\/cursos-de-chines-2025\/","title":{"rendered":"Cursos de Chin\u00eas 2025"},"content":{"rendered":"\t\t<div data-elementor-type=\"wp-page\" data-elementor-id=\"4012\" class=\"elementor elementor-4012\" data-elementor-post-type=\"page\">\n\t\t\t\t\t\t<section class=\"elementor-section elementor-top-section elementor-element elementor-element-a99ad55 elementor-section-boxed elementor-section-height-default elementor-section-height-default\" data-id=\"a99ad55\" data-element_type=\"section\">\n\t\t\t\t\t\t<div class=\"elementor-container elementor-column-gap-default\">\n\t\t\t\t\t<div class=\"elementor-column elementor-col-50 elementor-top-column elementor-element elementor-element-a0e0a3f\" data-id=\"a0e0a3f\" data-element_type=\"column\">\n\t\t\t<div class=\"elementor-widget-wrap elementor-element-populated\">\n\t\t\t\t\t\t<div class=\"elementor-element elementor-element-1b01d59 elementor-widget elementor-widget-image\" data-id=\"1b01d59\" data-element_type=\"widget\" data-widget_type=\"image.default\">\n\t\t\t\t<div class=\"elementor-widget-container\">\n\t\t\t\t\t\t\t\t\t\t\t\t\t<img fetchpriority=\"high\" decoding=\"async\" width=\"604\" height=\"802\" src=\"https:\/\/sites.usp.br\/polinguas\/wp-content\/uploads\/sites\/1234\/2025\/07\/Divulgacao-Chines-2025-e1751480661101-771x1024.png\" class=\"attachment-large size-large wp-image-4335\" alt=\"\" srcset=\"https:\/\/sites.usp.br\/polinguas\/wp-content\/uploads\/sites\/1234\/2025\/07\/Divulgacao-Chines-2025-e1751480661101-771x1024.png 771w, https:\/\/sites.usp.br\/polinguas\/wp-content\/uploads\/sites\/1234\/2025\/07\/Divulgacao-Chines-2025-e1751480661101-226x300.png 226w, https:\/\/sites.usp.br\/polinguas\/wp-content\/uploads\/sites\/1234\/2025\/07\/Divulgacao-Chines-2025-e1751480661101-768x1020.png 768w, https:\/\/sites.usp.br\/polinguas\/wp-content\/uploads\/sites\/1234\/2025\/07\/Divulgacao-Chines-2025-e1751480661101-1156x1536.png 1156w, https:\/\/sites.usp.br\/polinguas\/wp-content\/uploads\/sites\/1234\/2025\/07\/Divulgacao-Chines-2025-e1751480661101-1542x2048.png 1542w, https:\/\/sites.usp.br\/polinguas\/wp-content\/uploads\/sites\/1234\/2025\/07\/Divulgacao-Chines-2025-e1751480661101.png 1586w\" sizes=\"(max-width: 604px) 100vw, 604px\" \/>\t\t\t\t\t\t\t\t\t\t\t\t\t<\/div>\n\t\t\t\t<\/div>\n\t\t\t\t\t<\/div>\n\t\t<\/div>\n\t\t\t\t<div class=\"elementor-column elementor-col-50 elementor-top-column elementor-element elementor-element-1e7b5ef\" data-id=\"1e7b5ef\" data-element_type=\"column\">\n\t\t\t<div class=\"elementor-widget-wrap elementor-element-populated\">\n\t\t\t\t\t\t<div class=\"elementor-element elementor-element-aeff1ab elementor-widget elementor-widget-text-editor\" data-id=\"aeff1ab\" data-element_type=\"widget\" data-widget_type=\"text-editor.default\">\n\t\t\t\t<div class=\"elementor-widget-container\">\n\t\t\t\t\t\t\t<p><span style=\"font-weight: 400;\">O m\u00f3dulo III da s\u00e9rie de cursos PROIAD de chin\u00eas b\u00e1sico tem como objetivo aprofundar a pr\u00e1tica da l\u00edngua chinesa por meio de di\u00e1logos adaptados inspirados em diferentes aspectos da cultura chinesa, como etiqueta chinesa nos neg\u00f3cios; ditos e prov\u00e9rbios populares; festivais, supersti\u00e7\u00f5es e tradi\u00e7\u00f5es, e no\u00e7\u00f5es geogr\u00e1ficas e clim\u00e1ticas da China.\u00a0<\/span><\/p><p><span style=\"font-weight: 400;\">As aulas ser\u00e3o \u00e0 dist\u00e2ncia e s\u00edncronas via Google Meet com o uso de aplicativos e de sites recomendados pelos monitores. A orienta\u00e7\u00e3o dos alunos ser\u00e1 feita atrav\u00e9s do Google Classroom, e-mails e material autoinstrucional feito especialmente para a realiza\u00e7\u00e3o das aulas.<\/span><\/p><p><span style=\"color: #a31010;\">Buscando o m\u00e1ximo de aproveitamento dos conte\u00fados ministrados, \u00e9 pr\u00e9-requisito para os inscritos terem feito o M\u00f3dulo II do Curso de Chin\u00eas B\u00e1sico (em 2023, 2024 ou 2025), informa\u00e7\u00e3o que pode ser declarada na <strong>carta de interesse<\/strong> necess\u00e1ria para a inscri\u00e7\u00e3o. Outra alternativa, caso o candidato n\u00e3o tenha feito o M\u00f3dulo II, \u00e9 a realiza\u00e7\u00e3o de uma <strong>prova de nivelamento<\/strong> com as bolsistas ministrantes, na qual ser\u00e1 testado o n\u00edvel de conhecimento do aluno em pinyin, produ\u00e7\u00e3o e compreens\u00e3o de frases simples. A inten\u00e7\u00e3o de realizar o nivelamento tamb\u00e9m deve constar na carta de inten\u00e7\u00e3o.<strong> N\u00e3o ser\u00e3o aceitos alunos com n\u00edveis acima ou abaixo\u00a0do\u00a0solicitado.<\/strong><\/span><\/p><p><b>Bolsistas PROIAD respons\u00e1veis:<\/b> <span style=\"font-weight: 400;\" data-rich-links=\"{&quot;per_n&quot;:&quot;Bruna Miki Okuyama&quot;,&quot;per_e&quot;:&quot;brunamiki@usp.br&quot;,&quot;type&quot;:&quot;person&quot;}\">Bruna Miki Okuyama<\/span> <span style=\"font-weight: 400;\">e <\/span><span style=\"font-weight: 400;\" data-rich-links=\"{&quot;per_n&quot;:&quot;Camila Vieira Baccarin&quot;,&quot;per_e&quot;:&quot;camila.baccarin@usp.br&quot;,&quot;type&quot;:&quot;person&quot;}\">Camila Vieira Baccarin<\/span><\/p><p><b>Supervisora<\/b><span style=\"font-weight: 400;\">: Profa. Dra. <\/span><span style=\"font-weight: 400;\">Ho Yeh Chia<\/span><\/p>\t\t\t\t\t\t<\/div>\n\t\t\t\t<\/div>\n\t\t\t\t\t<\/div>\n\t\t<\/div>\n\t\t\t\t\t<\/div>\n\t\t<\/section>\n\t\t\t\t<section class=\"elementor-section elementor-top-section elementor-element elementor-element-6c2dadb elementor-section-boxed elementor-section-height-default elementor-section-height-default\" data-id=\"6c2dadb\" data-element_type=\"section\">\n\t\t\t\t\t\t<div class=\"elementor-container elementor-column-gap-default\">\n\t\t\t\t\t<div class=\"elementor-column elementor-col-50 elementor-top-column elementor-element elementor-element-3c4553d\" data-id=\"3c4553d\" data-element_type=\"column\">\n\t\t\t<div class=\"elementor-widget-wrap elementor-element-populated\">\n\t\t\t\t\t\t<div class=\"elementor-element elementor-element-6bffa27 elementor-widget elementor-widget-text-editor\" data-id=\"6bffa27\" data-element_type=\"widget\" data-widget_type=\"text-editor.default\">\n\t\t\t\t<div class=\"elementor-widget-container\">\n\t\t\t\t\t\t\t<p>Se voc\u00ea \u00e9 estudante de gradua\u00e7\u00e3o na USP, devidamente matriculado:<\/p>\t\t\t\t\t\t<\/div>\n\t\t\t\t<\/div>\n\t\t\t\t\t<\/div>\n\t\t<\/div>\n\t\t\t\t<div class=\"elementor-column elementor-col-50 elementor-top-column elementor-element elementor-element-aee34bf\" data-id=\"aee34bf\" data-element_type=\"column\">\n\t\t\t<div class=\"elementor-widget-wrap elementor-element-populated\">\n\t\t\t\t\t\t<div class=\"elementor-element elementor-element-38b74ff elementor-widget elementor-widget-text-editor\" data-id=\"38b74ff\" data-element_type=\"widget\" data-widget_type=\"text-editor.default\">\n\t\t\t\t<div class=\"elementor-widget-container\">\n\t\t\t\t\t\t\t<p>Se <u><b>n\u00e3o<\/b><\/u> \u00e9 estudante de gradua\u00e7\u00e3o na USP:<\/p>\t\t\t\t\t\t<\/div>\n\t\t\t\t<\/div>\n\t\t\t\t\t<\/div>\n\t\t<\/div>\n\t\t\t\t\t<\/div>\n\t\t<\/section>\n\t\t\t\t<section class=\"elementor-section elementor-top-section elementor-element elementor-element-7eab6f4 elementor-section-boxed elementor-section-height-default elementor-section-height-default\" data-id=\"7eab6f4\" data-element_type=\"section\">\n\t\t\t\t\t\t<div class=\"elementor-container elementor-column-gap-default\">\n\t\t\t\t\t<div class=\"elementor-column elementor-col-50 elementor-top-column elementor-element elementor-element-1557511\" data-id=\"1557511\" data-element_type=\"column\">\n\t\t\t<div class=\"elementor-widget-wrap elementor-element-populated\">\n\t\t\t\t\t\t<div class=\"elementor-element elementor-element-5cac746 elementor-button-success elementor-align-center elementor-widget elementor-widget-button\" data-id=\"5cac746\" data-element_type=\"widget\" data-widget_type=\"button.default\">\n\t\t\t\t<div class=\"elementor-widget-container\">\n\t\t\t\t\t\t\t<div class=\"elementor-button-wrapper\">\n\t\t\t\t\t<a class=\"elementor-button elementor-button-link elementor-size-sm\" href=\"https:\/\/sites.usp.br\/polinguas\/orientacao-para-os-alunos-no-momento-da-inscricao-chines\/\">\n\t\t\t\t\t\t<span class=\"elementor-button-content-wrapper\">\n\t\t\t\t\t\t\t\t\t<span class=\"elementor-button-text\">Saiba como se inscrever<\/span>\n\t\t\t\t\t<\/span>\n\t\t\t\t\t<\/a>\n\t\t\t\t<\/div>\n\t\t\t\t\t\t<\/div>\n\t\t\t\t<\/div>\n\t\t\t\t\t<\/div>\n\t\t<\/div>\n\t\t\t\t<div class=\"elementor-column elementor-col-50 elementor-top-column elementor-element elementor-element-a1205dd\" data-id=\"a1205dd\" data-element_type=\"column\">\n\t\t\t<div class=\"elementor-widget-wrap elementor-element-populated\">\n\t\t\t\t\t\t<div class=\"elementor-element elementor-element-66422b3 elementor-button-info elementor-align-center elementor-widget elementor-widget-button\" data-id=\"66422b3\" data-element_type=\"widget\" data-widget_type=\"button.default\">\n\t\t\t\t<div class=\"elementor-widget-container\">\n\t\t\t\t\t\t\t<div class=\"elementor-button-wrapper\">\n\t\t\t\t\t<a class=\"elementor-button elementor-button-link elementor-size-sm\" href=\"https:\/\/sites.usp.br\/polinguas\/mensagem-para-outros-estudantes\/\">\n\t\t\t\t\t\t<span class=\"elementor-button-content-wrapper\">\n\t\t\t\t\t\t\t\t\t<span class=\"elementor-button-text\">Clique aqui<\/span>\n\t\t\t\t\t<\/span>\n\t\t\t\t\t<\/a>\n\t\t\t\t<\/div>\n\t\t\t\t\t\t<\/div>\n\t\t\t\t<\/div>\n\t\t\t\t\t<\/div>\n\t\t<\/div>\n\t\t\t\t\t<\/div>\n\t\t<\/section>\n\t\t\t\t<section class=\"elementor-section elementor-top-section elementor-element elementor-element-07de5ca elementor-section-boxed elementor-section-height-default elementor-section-height-default\" data-id=\"07de5ca\" data-element_type=\"section\">\n\t\t\t\t\t\t<div class=\"elementor-container elementor-column-gap-default\">\n\t\t\t\t\t<div class=\"elementor-column elementor-col-50 elementor-top-column elementor-element elementor-element-621cf6e\" data-id=\"621cf6e\" data-element_type=\"column\">\n\t\t\t<div class=\"elementor-widget-wrap elementor-element-populated\">\n\t\t\t\t\t\t<div class=\"elementor-element elementor-element-24f967c elementor-widget elementor-widget-image\" data-id=\"24f967c\" data-element_type=\"widget\" data-widget_type=\"image.default\">\n\t\t\t\t<div class=\"elementor-widget-container\">\n\t\t\t\t\t\t\t\t\t\t\t\t\t<img decoding=\"async\" width=\"604\" height=\"801\" src=\"https:\/\/sites.usp.br\/polinguas\/wp-content\/uploads\/sites\/1234\/2025\/07\/Divulgacao-Chines-2025-2-e1751578634701-772x1024.png\" class=\"attachment-large size-large wp-image-4386\" alt=\"\" srcset=\"https:\/\/sites.usp.br\/polinguas\/wp-content\/uploads\/sites\/1234\/2025\/07\/Divulgacao-Chines-2025-2-e1751578634701-772x1024.png 772w, https:\/\/sites.usp.br\/polinguas\/wp-content\/uploads\/sites\/1234\/2025\/07\/Divulgacao-Chines-2025-2-e1751578634701-226x300.png 226w, https:\/\/sites.usp.br\/polinguas\/wp-content\/uploads\/sites\/1234\/2025\/07\/Divulgacao-Chines-2025-2-e1751578634701-768x1018.png 768w, https:\/\/sites.usp.br\/polinguas\/wp-content\/uploads\/sites\/1234\/2025\/07\/Divulgacao-Chines-2025-2-e1751578634701-1158x1536.png 1158w, https:\/\/sites.usp.br\/polinguas\/wp-content\/uploads\/sites\/1234\/2025\/07\/Divulgacao-Chines-2025-2-e1751578634701-1545x2048.png 1545w, https:\/\/sites.usp.br\/polinguas\/wp-content\/uploads\/sites\/1234\/2025\/07\/Divulgacao-Chines-2025-2-e1751578634701.png 1586w\" sizes=\"(max-width: 604px) 100vw, 604px\" \/>\t\t\t\t\t\t\t\t\t\t\t\t\t<\/div>\n\t\t\t\t<\/div>\n\t\t\t\t\t<\/div>\n\t\t<\/div>\n\t\t\t\t<div class=\"elementor-column elementor-col-50 elementor-top-column elementor-element elementor-element-461999b\" data-id=\"461999b\" data-element_type=\"column\">\n\t\t\t<div class=\"elementor-widget-wrap elementor-element-populated\">\n\t\t\t\t\t\t<div class=\"elementor-element elementor-element-f06c272 elementor-widget elementor-widget-text-editor\" data-id=\"f06c272\" data-element_type=\"widget\" data-widget_type=\"text-editor.default\">\n\t\t\t\t<div class=\"elementor-widget-container\">\n\t\t\t\t\t\t\t<p><span style=\"font-weight: 400;\">O m\u00f3dulo II tem como objetivo introduzir os alunos \u00e0 leitura de textos simples por meio de trechos selecionados e adaptados (de hist\u00f3rias infantis, parlendas, manchetes de jornais, minibiografias, etc). Ao final do curso, \u00e9 esperado que o aluno obtenha autonomia na leitura de materiais em chin\u00eas. <\/span><\/p><p><span style=\"font-weight: 400;\">As aulas ser\u00e3o \u00e0 dist\u00e2ncia e s\u00edncronas via Google Meet com o uso de aplicativos e de sites recomendados pela equipe PROIAD-chin\u00eas. A orienta\u00e7\u00e3o dos alunos ser\u00e1 feita atrav\u00e9s do Google Classroom e via e-mails. O material de leitura, de apoio e de atividades a serem realizadas ser\u00e1 de autoria da referida equipe.<\/span><\/p><p><span style=\"color: #a31010;\">Buscando o m\u00e1ximo de aproveitamento dos conte\u00fados ministrados, \u00e9 pr\u00e9-requisito para os inscritos terem feito o M\u00f3dulo II do Curso de Chin\u00eas B\u00e1sico (em 2023, 2024 ou 2025), informa\u00e7\u00e3o que pode ser declarada na carta de interesse necess\u00e1ria para a inscri\u00e7\u00e3o. Outra alternativa, caso o candidato n\u00e3o tenha feito o M\u00f3dulo II, \u00e9 a realiza\u00e7\u00e3o de uma prova de nivelamento com as bolsistas ministrantes, na qual ser\u00e1 testado o n\u00edvel de conhecimento do aluno em pinyin, produ\u00e7\u00e3o e compreens\u00e3o de frases simples. A inten\u00e7\u00e3o de realizar o nivelamento tamb\u00e9m deve constar na carta de inten\u00e7\u00e3o. N\u00e3o ser\u00e3o aceitos alunos com n\u00edveis acima ou abaixo\u00a0do\u00a0solicitado.<\/span><\/p><p><b>Bolsistas PROIAD respons\u00e1veis:<\/b> <span style=\"font-weight: 400;\" data-rich-links=\"{&quot;per_n&quot;:&quot;Bruna Miki Okuyama&quot;,&quot;per_e&quot;:&quot;brunamiki@usp.br&quot;,&quot;type&quot;:&quot;person&quot;}\">Bruna Miki Okuyama<\/span> <span style=\"font-weight: 400;\">e <\/span><span style=\"font-weight: 400;\" data-rich-links=\"{&quot;per_n&quot;:&quot;Camila Vieira Baccarin&quot;,&quot;per_e&quot;:&quot;camila.baccarin@usp.br&quot;,&quot;type&quot;:&quot;person&quot;}\">Camila Vieira Baccarin<\/span><\/p><p><b>Supervisora<\/b><span style=\"font-weight: 400;\">: Profa. Dra. <\/span><span style=\"font-weight: 400;\">Ho Yeh Chia<\/span><\/p>\t\t\t\t\t\t<\/div>\n\t\t\t\t<\/div>\n\t\t\t\t\t<\/div>\n\t\t<\/div>\n\t\t\t\t\t<\/div>\n\t\t<\/section>\n\t\t\t\t<section class=\"elementor-section elementor-top-section elementor-element elementor-element-c932ebb elementor-section-boxed elementor-section-height-default elementor-section-height-default\" data-id=\"c932ebb\" data-element_type=\"section\">\n\t\t\t\t\t\t<div class=\"elementor-container elementor-column-gap-default\">\n\t\t\t\t\t<div class=\"elementor-column elementor-col-50 elementor-top-column elementor-element elementor-element-9a3ae71\" data-id=\"9a3ae71\" data-element_type=\"column\">\n\t\t\t<div class=\"elementor-widget-wrap elementor-element-populated\">\n\t\t\t\t\t\t<div class=\"elementor-element elementor-element-cb821f2 elementor-widget elementor-widget-image\" data-id=\"cb821f2\" data-element_type=\"widget\" data-widget_type=\"image.default\">\n\t\t\t\t<div class=\"elementor-widget-container\">\n\t\t\t\t\t\t\t\t\t\t\t\t\t<img decoding=\"async\" width=\"604\" height=\"803\" src=\"https:\/\/sites.usp.br\/polinguas\/wp-content\/uploads\/sites\/1234\/2025\/04\/Divulgacao-Chines-2025-e1745438064857-770x1024.png\" class=\"attachment-large size-large wp-image-4116\" alt=\"\" srcset=\"https:\/\/sites.usp.br\/polinguas\/wp-content\/uploads\/sites\/1234\/2025\/04\/Divulgacao-Chines-2025-e1745438064857-770x1024.png 770w, https:\/\/sites.usp.br\/polinguas\/wp-content\/uploads\/sites\/1234\/2025\/04\/Divulgacao-Chines-2025-e1745438064857-225x300.png 225w, https:\/\/sites.usp.br\/polinguas\/wp-content\/uploads\/sites\/1234\/2025\/04\/Divulgacao-Chines-2025-e1745438064857-768x1022.png 768w, https:\/\/sites.usp.br\/polinguas\/wp-content\/uploads\/sites\/1234\/2025\/04\/Divulgacao-Chines-2025-e1745438064857-1155x1536.png 1155w, https:\/\/sites.usp.br\/polinguas\/wp-content\/uploads\/sites\/1234\/2025\/04\/Divulgacao-Chines-2025-e1745438064857-1539x2048.png 1539w, https:\/\/sites.usp.br\/polinguas\/wp-content\/uploads\/sites\/1234\/2025\/04\/Divulgacao-Chines-2025-e1745438064857.png 1586w\" sizes=\"(max-width: 604px) 100vw, 604px\" \/>\t\t\t\t\t\t\t\t\t\t\t\t\t<\/div>\n\t\t\t\t<\/div>\n\t\t\t\t\t<\/div>\n\t\t<\/div>\n\t\t\t\t<div class=\"elementor-column elementor-col-50 elementor-top-column elementor-element elementor-element-b4c34eb\" data-id=\"b4c34eb\" data-element_type=\"column\">\n\t\t\t<div class=\"elementor-widget-wrap elementor-element-populated\">\n\t\t\t\t\t\t<div class=\"elementor-element elementor-element-f6e32c9 elementor-widget elementor-widget-text-editor\" data-id=\"f6e32c9\" data-element_type=\"widget\" data-widget_type=\"text-editor.default\">\n\t\t\t\t<div class=\"elementor-widget-container\">\n\t\t\t\t\t\t\t<p><span style=\"font-weight: 400;\">O curso tem como objetivo oferecer aos alunos iniciantes elementos essenciais para a aprendizagem da l\u00edngua chinesa. <\/span><\/p><p><span style=\"font-weight: 400;\">Tal proposta ser\u00e1 introduzida por meio da apresenta\u00e7\u00e3o do Pinyin (sistema de transcri\u00e7\u00e3o fon\u00e9tica em letras romanas), da composi\u00e7\u00e3o de caracteres chineses e da sele\u00e7\u00e3o de leituras complementares. <\/span><\/p><p><span style=\"font-weight: 400;\">Ao final do curso \u00e9 esperado que o aluno tenha no\u00e7\u00f5es sobre a estrutura de frases simples escritas em chin\u00eas, bem como capacidade de compreender e produzir textos iniciais. <\/span><\/p><p><span style=\"font-weight: 400;\">As aulas ser\u00e3o \u00e0 dist\u00e2ncia e s\u00edncronas via Google Meet com o uso de aplicativos e de sites recomendados pelos monitores. A orienta\u00e7\u00e3o dos alunos ser\u00e1 feita atrav\u00e9s do Google Classroom, de e-mails e de material autoinstrucional feito especialmente para o oferecimento do curso.<\/span><\/p><p><b>Bolsistas PROIAD respons\u00e1veis:<\/b> <span style=\"font-weight: 400;\" data-rich-links=\"{&quot;per_n&quot;:&quot;Bruna Miki Okuyama&quot;,&quot;per_e&quot;:&quot;brunamiki@usp.br&quot;,&quot;type&quot;:&quot;person&quot;}\">Bruna Miki Okuyama<\/span> <span style=\"font-weight: 400;\">e <\/span><span style=\"font-weight: 400;\" data-rich-links=\"{&quot;per_n&quot;:&quot;Camila Vieira Baccarin&quot;,&quot;per_e&quot;:&quot;camila.baccarin@usp.br&quot;,&quot;type&quot;:&quot;person&quot;}\">Camila Vieira Baccarin<\/span><\/p><p><b>Supervisora<\/b><span style=\"font-weight: 400;\">: Profa. Dra. <\/span><span style=\"font-weight: 400;\">Ho Yeh Chia<\/span><\/p><p>\u00a0<\/p>\t\t\t\t\t\t<\/div>\n\t\t\t\t<\/div>\n\t\t\t\t\t<\/div>\n\t\t<\/div>\n\t\t\t\t\t<\/div>\n\t\t<\/section>\n\t\t\t\t<section class=\"elementor-section elementor-top-section elementor-element elementor-element-1f4d6bd elementor-section-boxed elementor-section-height-default elementor-section-height-default\" data-id=\"1f4d6bd\" data-element_type=\"section\">\n\t\t\t\t\t\t<div class=\"elementor-container elementor-column-gap-default\">\n\t\t\t\t\t<div class=\"elementor-column elementor-col-100 elementor-top-column elementor-element elementor-element-25aa272\" data-id=\"25aa272\" data-element_type=\"column\">\n\t\t\t<div class=\"elementor-widget-wrap elementor-element-populated\">\n\t\t\t\t\t\t<div class=\"elementor-element elementor-element-53c8f5a elementor-absolute elementor-widget elementor-widget-image\" data-id=\"53c8f5a\" data-element_type=\"widget\" data-settings=\"{&quot;_position&quot;:&quot;absolute&quot;}\" data-widget_type=\"image.default\">\n\t\t\t\t<div class=\"elementor-widget-container\">\n\t\t\t\t\t\t\t\t\t\t\t\t\t<img loading=\"lazy\" decoding=\"async\" width=\"500\" height=\"147\" src=\"https:\/\/sites.usp.br\/polinguas\/wp-content\/uploads\/sites\/1234\/2025\/10\/4-e1761921524228.png\" class=\"attachment-large size-large wp-image-4844\" alt=\"\" srcset=\"https:\/\/sites.usp.br\/polinguas\/wp-content\/uploads\/sites\/1234\/2025\/10\/4-e1761921524228.png 500w, https:\/\/sites.usp.br\/polinguas\/wp-content\/uploads\/sites\/1234\/2025\/10\/4-e1761921524228-300x88.png 300w\" sizes=\"(max-width: 500px) 100vw, 500px\" \/>\t\t\t\t\t\t\t\t\t\t\t\t\t<\/div>\n\t\t\t\t<\/div>\n\t\t\t\t\t<\/div>\n\t\t<\/div>\n\t\t\t\t\t<\/div>\n\t\t<\/section>\n\t\t\t\t<\/div>\n\t\t","protected":false},"excerpt":{"rendered":"<p>O m\u00f3dulo III da s\u00e9rie de cursos PROIAD de chin\u00eas b\u00e1sico tem como objetivo aprofundar a pr\u00e1tica da l\u00edngua chinesa por meio de di\u00e1logos adaptados inspirados em diferentes aspectos da cultura chinesa, como etiqueta chinesa nos neg\u00f3cios; ditos e prov\u00e9rbios populares; festivais, supersti\u00e7\u00f5es e tradi\u00e7\u00f5es, e no\u00e7\u00f5es geogr\u00e1ficas e clim\u00e1ticas da China.\u00a0 As aulas ser\u00e3o [&hellip;]<\/p>\n","protected":false},"author":24538,"featured_media":0,"parent":0,"menu_order":0,"comment_status":"closed","ping_status":"closed","template":"","meta":{"footnotes":"","_links_to":"","_links_to_target":""},"class_list":["post-4012","page","type-page","status-publish","hentry"],"_links":{"self":[{"href":"https:\/\/sites.usp.br\/polinguas\/wp-json\/wp\/v2\/pages\/4012","targetHints":{"allow":["GET"]}}],"collection":[{"href":"https:\/\/sites.usp.br\/polinguas\/wp-json\/wp\/v2\/pages"}],"about":[{"href":"https:\/\/sites.usp.br\/polinguas\/wp-json\/wp\/v2\/types\/page"}],"author":[{"embeddable":true,"href":"https:\/\/sites.usp.br\/polinguas\/wp-json\/wp\/v2\/users\/24538"}],"replies":[{"embeddable":true,"href":"https:\/\/sites.usp.br\/polinguas\/wp-json\/wp\/v2\/comments?post=4012"}],"version-history":[{"count":4,"href":"https:\/\/sites.usp.br\/polinguas\/wp-json\/wp\/v2\/pages\/4012\/revisions"}],"predecessor-version":[{"id":4861,"href":"https:\/\/sites.usp.br\/polinguas\/wp-json\/wp\/v2\/pages\/4012\/revisions\/4861"}],"wp:attachment":[{"href":"https:\/\/sites.usp.br\/polinguas\/wp-json\/wp\/v2\/media?parent=4012"}],"curies":[{"name":"wp","href":"https:\/\/api.w.org\/{rel}","templated":true}]}}