{"id":5017,"date":"2026-04-10T12:24:33","date_gmt":"2026-04-10T15:24:33","guid":{"rendered":"https:\/\/sites.usp.br\/polinguas\/?page_id=5017"},"modified":"2026-04-24T15:08:24","modified_gmt":"2026-04-24T18:08:24","slug":"cursos-de-arabe-2026","status":"publish","type":"page","link":"https:\/\/sites.usp.br\/polinguas\/cursos-de-arabe-2026\/","title":{"rendered":"Cursos de \u00c1rabe 2026"},"content":{"rendered":"\t\t<div data-elementor-type=\"wp-page\" data-elementor-id=\"5017\" class=\"elementor elementor-5017\" data-elementor-post-type=\"page\">\n\t\t\t\t\t\t<section class=\"elementor-section elementor-top-section elementor-element elementor-element-92d0333 elementor-section-boxed elementor-section-height-default elementor-section-height-default\" data-id=\"92d0333\" data-element_type=\"section\">\n\t\t\t\t\t\t<div class=\"elementor-container elementor-column-gap-default\">\n\t\t\t\t\t<div class=\"elementor-column elementor-col-100 elementor-top-column elementor-element elementor-element-b948a1f\" data-id=\"b948a1f\" data-element_type=\"column\">\n\t\t\t<div class=\"elementor-widget-wrap elementor-element-populated\">\n\t\t\t\t\t\t<div class=\"elementor-element elementor-element-47a5882 elementor-widget elementor-widget-image\" data-id=\"47a5882\" data-element_type=\"widget\" data-widget_type=\"image.default\">\n\t\t\t\t<div class=\"elementor-widget-container\">\n\t\t\t\t\t\t\t\t\t\t\t\t\t<img fetchpriority=\"high\" decoding=\"async\" width=\"500\" height=\"151\" src=\"https:\/\/sites.usp.br\/polinguas\/wp-content\/uploads\/sites\/1234\/2026\/04\/Botao-Link-Relatos-2024-e1776188553161.png\" class=\"attachment-large size-large wp-image-5103\" alt=\"\" srcset=\"https:\/\/sites.usp.br\/polinguas\/wp-content\/uploads\/sites\/1234\/2026\/04\/Botao-Link-Relatos-2024-e1776188553161.png 500w, https:\/\/sites.usp.br\/polinguas\/wp-content\/uploads\/sites\/1234\/2026\/04\/Botao-Link-Relatos-2024-e1776188553161-300x91.png 300w\" sizes=\"(max-width: 500px) 100vw, 500px\" \/>\t\t\t\t\t\t\t\t\t\t\t\t\t<\/div>\n\t\t\t\t<\/div>\n\t\t\t\t\t<\/div>\n\t\t<\/div>\n\t\t\t\t\t<\/div>\n\t\t<\/section>\n\t\t\t\t<section class=\"elementor-section elementor-top-section elementor-element elementor-element-b134bbc elementor-section-boxed elementor-section-height-default elementor-section-height-default\" data-id=\"b134bbc\" data-element_type=\"section\">\n\t\t\t\t\t\t<div class=\"elementor-container elementor-column-gap-default\">\n\t\t\t\t\t<div class=\"elementor-column elementor-col-50 elementor-top-column elementor-element elementor-element-abcbb83\" data-id=\"abcbb83\" data-element_type=\"column\">\n\t\t\t<div class=\"elementor-widget-wrap elementor-element-populated\">\n\t\t\t\t\t\t<div class=\"elementor-element elementor-element-fe56618 elementor-widget elementor-widget-image\" data-id=\"fe56618\" data-element_type=\"widget\" data-widget_type=\"image.default\">\n\t\t\t\t<div class=\"elementor-widget-container\">\n\t\t\t\t\t\t\t\t\t\t\t\t\t<img decoding=\"async\" width=\"604\" height=\"854\" src=\"https:\/\/sites.usp.br\/polinguas\/wp-content\/uploads\/sites\/1234\/2026\/04\/Banners-2026-13-724x1024.png\" class=\"attachment-large size-large wp-image-5102\" alt=\"\" srcset=\"https:\/\/sites.usp.br\/polinguas\/wp-content\/uploads\/sites\/1234\/2026\/04\/Banners-2026-13-724x1024.png 724w, https:\/\/sites.usp.br\/polinguas\/wp-content\/uploads\/sites\/1234\/2026\/04\/Banners-2026-13-212x300.png 212w, https:\/\/sites.usp.br\/polinguas\/wp-content\/uploads\/sites\/1234\/2026\/04\/Banners-2026-13-768x1086.png 768w, https:\/\/sites.usp.br\/polinguas\/wp-content\/uploads\/sites\/1234\/2026\/04\/Banners-2026-13-1086x1536.png 1086w, https:\/\/sites.usp.br\/polinguas\/wp-content\/uploads\/sites\/1234\/2026\/04\/Banners-2026-13-1448x2048.png 1448w, https:\/\/sites.usp.br\/polinguas\/wp-content\/uploads\/sites\/1234\/2026\/04\/Banners-2026-13.png 1587w\" sizes=\"(max-width: 604px) 100vw, 604px\" \/>\t\t\t\t\t\t\t\t\t\t\t\t\t<\/div>\n\t\t\t\t<\/div>\n\t\t\t\t\t<\/div>\n\t\t<\/div>\n\t\t\t\t<div class=\"elementor-column elementor-col-50 elementor-top-column elementor-element elementor-element-4916953\" data-id=\"4916953\" data-element_type=\"column\">\n\t\t\t<div class=\"elementor-widget-wrap elementor-element-populated\">\n\t\t\t\t\t\t<div class=\"elementor-element elementor-element-4e88ff1 elementor-widget elementor-widget-text-editor\" data-id=\"4e88ff1\" data-element_type=\"widget\" data-widget_type=\"text-editor.default\">\n\t\t\t\t<div class=\"elementor-widget-container\">\n\t\t\t\t\t\t\t<p><span style=\"font-weight: 400;\">Com o curso busca-se trabalhar o desenvolvimento de materiais did\u00e1ticos pr\u00f3prios e de cursos introdut\u00f3rios de l\u00edngua \u00e1rabe, com foco na alfabetiza\u00e7\u00e3o e na conversa\u00e7\u00e3o, ao mesmo tempo em que se prop\u00f5e a cultivar a sensibiliza\u00e7\u00e3o lingu\u00edstica e cultural por meio da rela\u00e7\u00e3o entre a l\u00edngua \u00e1rabe e sua contribui\u00e7\u00e3o para a ci\u00eancia, cultura e hist\u00f3ria do Brasil e do mundo. <\/span><\/p><p><span style=\"font-weight: 400;\">Al\u00e9m disso, faz parte do objetivo estimular a autonomia dos participantes para acessar produ\u00e7\u00f5es acad\u00eamicas e culturais do mundo \u00e1rabe. <\/span><span style=\"font-weight: 400;\">Ao fomentar esse contato, a proposta contribui para a forma\u00e7\u00e3o de uma comunidade acad\u00eamica mais plural, cr\u00edtica e aberta ao di\u00e1logo intercultural.\u00a0<\/span><\/p><p><span style=\"font-weight: 400;\">Os materiais did\u00e1ticos ser\u00e3o compartilhados via Google Meet e disponibilizados para a consulta por meio do Google Classroom.<\/span><\/p><p><strong>Bolsistas PROIAD respons\u00e1veis: <\/strong>Natale Soares de Andrade e Patricia Regina Cavaleiro Pereira<\/p><p><strong>Supervisor: <\/strong>Prof. Dr. Milan Puh<\/p>\t\t\t\t\t\t<\/div>\n\t\t\t\t<\/div>\n\t\t\t\t\t<\/div>\n\t\t<\/div>\n\t\t\t\t\t<\/div>\n\t\t<\/section>\n\t\t\t\t<section class=\"elementor-section elementor-top-section elementor-element elementor-element-6608592 elementor-section-boxed elementor-section-height-default elementor-section-height-default\" data-id=\"6608592\" data-element_type=\"section\">\n\t\t\t\t\t\t<div class=\"elementor-container elementor-column-gap-default\">\n\t\t\t\t\t<div class=\"elementor-column elementor-col-50 elementor-top-column elementor-element elementor-element-beff893\" data-id=\"beff893\" data-element_type=\"column\">\n\t\t\t<div class=\"elementor-widget-wrap elementor-element-populated\">\n\t\t\t\t\t\t<div class=\"elementor-element elementor-element-5e949de elementor-widget elementor-widget-text-editor\" data-id=\"5e949de\" data-element_type=\"widget\" data-widget_type=\"text-editor.default\">\n\t\t\t\t<div class=\"elementor-widget-container\">\n\t\t\t\t\t\t\t<p>Se voc\u00ea \u00e9 estudante de gradua\u00e7\u00e3o na USP, devidamente matriculado:<\/p>\t\t\t\t\t\t<\/div>\n\t\t\t\t<\/div>\n\t\t\t\t\t<\/div>\n\t\t<\/div>\n\t\t\t\t<div class=\"elementor-column elementor-col-50 elementor-top-column elementor-element elementor-element-aa5bf7e\" data-id=\"aa5bf7e\" data-element_type=\"column\">\n\t\t\t<div class=\"elementor-widget-wrap elementor-element-populated\">\n\t\t\t\t\t\t<div class=\"elementor-element elementor-element-1afacc9 elementor-widget elementor-widget-text-editor\" data-id=\"1afacc9\" data-element_type=\"widget\" data-widget_type=\"text-editor.default\">\n\t\t\t\t<div class=\"elementor-widget-container\">\n\t\t\t\t\t\t\t<p>Se <u><b>n\u00e3o<\/b><\/u> \u00e9 estudante de gradua\u00e7\u00e3o na USP:<\/p>\t\t\t\t\t\t<\/div>\n\t\t\t\t<\/div>\n\t\t\t\t\t<\/div>\n\t\t<\/div>\n\t\t\t\t\t<\/div>\n\t\t<\/section>\n\t\t\t\t<section class=\"elementor-section elementor-top-section elementor-element elementor-element-cf57c37 elementor-section-boxed elementor-section-height-default elementor-section-height-default\" data-id=\"cf57c37\" data-element_type=\"section\">\n\t\t\t\t\t\t<div class=\"elementor-container elementor-column-gap-default\">\n\t\t\t\t\t<div class=\"elementor-column elementor-col-50 elementor-top-column elementor-element elementor-element-4a0b889\" data-id=\"4a0b889\" data-element_type=\"column\">\n\t\t\t<div class=\"elementor-widget-wrap elementor-element-populated\">\n\t\t\t\t\t\t<div class=\"elementor-element elementor-element-7ffa19c elementor-button-success elementor-align-center elementor-widget elementor-widget-button\" data-id=\"7ffa19c\" data-element_type=\"widget\" data-widget_type=\"button.default\">\n\t\t\t\t<div class=\"elementor-widget-container\">\n\t\t\t\t\t\t\t<div class=\"elementor-button-wrapper\">\n\t\t\t\t\t<a class=\"elementor-button elementor-button-link elementor-size-sm\" href=\"https:\/\/sites.usp.br\/polinguas\/orientacaoinscricao-4\/\">\n\t\t\t\t\t\t<span class=\"elementor-button-content-wrapper\">\n\t\t\t\t\t\t\t\t\t<span class=\"elementor-button-text\">Saiba como se inscrever<\/span>\n\t\t\t\t\t<\/span>\n\t\t\t\t\t<\/a>\n\t\t\t\t<\/div>\n\t\t\t\t\t\t<\/div>\n\t\t\t\t<\/div>\n\t\t\t\t\t<\/div>\n\t\t<\/div>\n\t\t\t\t<div class=\"elementor-column elementor-col-50 elementor-top-column elementor-element elementor-element-eb08349\" data-id=\"eb08349\" data-element_type=\"column\">\n\t\t\t<div class=\"elementor-widget-wrap elementor-element-populated\">\n\t\t\t\t\t\t<div class=\"elementor-element elementor-element-bd5b179 elementor-button-info elementor-align-center elementor-widget elementor-widget-button\" data-id=\"bd5b179\" data-element_type=\"widget\" data-widget_type=\"button.default\">\n\t\t\t\t<div class=\"elementor-widget-container\">\n\t\t\t\t\t\t\t<div class=\"elementor-button-wrapper\">\n\t\t\t\t\t<a class=\"elementor-button elementor-button-link elementor-size-sm\" href=\"https:\/\/sites.usp.br\/polinguas\/mensagem-para-outros-estudantes\/\">\n\t\t\t\t\t\t<span class=\"elementor-button-content-wrapper\">\n\t\t\t\t\t\t\t\t\t<span class=\"elementor-button-text\">Clique aqui<\/span>\n\t\t\t\t\t<\/span>\n\t\t\t\t\t<\/a>\n\t\t\t\t<\/div>\n\t\t\t\t\t\t<\/div>\n\t\t\t\t<\/div>\n\t\t\t\t\t<\/div>\n\t\t<\/div>\n\t\t\t\t\t<\/div>\n\t\t<\/section>\n\t\t\t\t<\/div>\n\t\t","protected":false},"excerpt":{"rendered":"<p>Com o curso busca-se trabalhar o desenvolvimento de materiais did\u00e1ticos pr\u00f3prios e de cursos introdut\u00f3rios de l\u00edngua \u00e1rabe, com foco na alfabetiza\u00e7\u00e3o e na conversa\u00e7\u00e3o, ao mesmo tempo em que se prop\u00f5e a cultivar a sensibiliza\u00e7\u00e3o lingu\u00edstica e cultural por meio da rela\u00e7\u00e3o entre a l\u00edngua \u00e1rabe e sua contribui\u00e7\u00e3o para a ci\u00eancia, cultura e [&hellip;]<\/p>\n","protected":false},"author":24538,"featured_media":0,"parent":0,"menu_order":0,"comment_status":"closed","ping_status":"closed","template":"","meta":{"footnotes":"","_links_to":"","_links_to_target":""},"class_list":["post-5017","page","type-page","status-publish","hentry"],"_links":{"self":[{"href":"https:\/\/sites.usp.br\/polinguas\/wp-json\/wp\/v2\/pages\/5017","targetHints":{"allow":["GET"]}}],"collection":[{"href":"https:\/\/sites.usp.br\/polinguas\/wp-json\/wp\/v2\/pages"}],"about":[{"href":"https:\/\/sites.usp.br\/polinguas\/wp-json\/wp\/v2\/types\/page"}],"author":[{"embeddable":true,"href":"https:\/\/sites.usp.br\/polinguas\/wp-json\/wp\/v2\/users\/24538"}],"replies":[{"embeddable":true,"href":"https:\/\/sites.usp.br\/polinguas\/wp-json\/wp\/v2\/comments?post=5017"}],"version-history":[{"count":4,"href":"https:\/\/sites.usp.br\/polinguas\/wp-json\/wp\/v2\/pages\/5017\/revisions"}],"predecessor-version":[{"id":5306,"href":"https:\/\/sites.usp.br\/polinguas\/wp-json\/wp\/v2\/pages\/5017\/revisions\/5306"}],"wp:attachment":[{"href":"https:\/\/sites.usp.br\/polinguas\/wp-json\/wp\/v2\/media?parent=5017"}],"curies":[{"name":"wp","href":"https:\/\/api.w.org\/{rel}","templated":true}]}}