{"id":79,"date":"2014-02-24T16:51:20","date_gmt":"2014-02-24T18:51:20","guid":{"rendered":"http:\/\/sites.usp.br\/portaldocordel\/?page_id=79"},"modified":"2021-04-24T13:44:24","modified_gmt":"2021-04-24T15:44:24","slug":"pagina-inicial","status":"publish","type":"page","link":"https:\/\/sites.usp.br\/portaldocordel\/","title":{"rendered":"Folheteiro Virtual &#8211; IEB"},"content":{"rendered":"<div id=\"pl-79\"  class=\"panel-layout\" ><div id=\"pg-79-0\"  class=\"panel-grid panel-no-style\" ><div id=\"pgc-79-0-0\"  class=\"panel-grid-cell\" ><div id=\"panel-79-0-0-0\" class=\"so-panel widget widget_sow-slider panel-first-child panel-last-child\" data-index=\"0\" ><div\n\t\t\t\n\t\t\tclass=\"so-widget-sow-slider so-widget-sow-slider-default-6d39609536fd-79\"\n\t\t\t\n\t\t>\t\t\t\t<div class=\"sow-slider-base\" style=\"display: none\" tabindex=\"0\">\n\t\t\t\t\t<ul\n\t\t\t\t\tclass=\"sow-slider-images\"\n\t\t\t\t\tdata-settings=\"{&quot;pagination&quot;:true,&quot;speed&quot;:800,&quot;timeout&quot;:8000,&quot;paused&quot;:false,&quot;pause_on_hover&quot;:false,&quot;swipe&quot;:true,&quot;nav_always_show_desktop&quot;:&quot;&quot;,&quot;nav_always_show_mobile&quot;:&quot;&quot;,&quot;breakpoint&quot;:&quot;780px&quot;,&quot;unmute&quot;:false,&quot;anchor&quot;:null}\"\n\t\t\t\t\t\t\t\t\t\tdata-anchor-id=\"\"\n\t\t\t\t>\t\t<li class=\"sow-slider-image\" style=\"visibility: visible;\" >\n\t\t\t\t\t\t<img loading=\"lazy\" decoding=\"async\" width=\"845\" height=\"470\" src=\"https:\/\/sites.usp.br\/portaldocordel\/wp-content\/uploads\/sites\/724\/2020\/05\/Logo_02.jpg\" class=\"sow-slider-background-image\" alt=\"\" style=\"\" srcset=\"https:\/\/sites.usp.br\/portaldocordel\/wp-content\/uploads\/sites\/724\/2020\/05\/Logo_02.jpg 845w, https:\/\/sites.usp.br\/portaldocordel\/wp-content\/uploads\/sites\/724\/2020\/05\/Logo_02-300x167.jpg 300w, https:\/\/sites.usp.br\/portaldocordel\/wp-content\/uploads\/sites\/724\/2020\/05\/Logo_02-768x427.jpg 768w, https:\/\/sites.usp.br\/portaldocordel\/wp-content\/uploads\/sites\/724\/2020\/05\/Logo_02-400x222.jpg 400w\" sizes=\"auto, (max-width: 845px) 100vw, 845px\" \/>\t\t<\/li>\n\t\t<\/ul>\t\t\t\t<ol class=\"sow-slider-pagination\">\n\t\t\t\t\t\t\t\t\t\t\t<li><a href=\"#\" data-goto=\"0\" aria-label=\"Display slide 1\"><\/a><\/li>\n\t\t\t\t\t\t\t\t\t<\/ol>\n\n\t\t\t\t<div class=\"sow-slide-nav sow-slide-nav-next\">\n\t\t\t\t\t<a href=\"#\" data-goto=\"next\" aria-label=\"Next slide\" data-action=\"next\">\n\t\t\t\t\t\t<em class=\"sow-sld-icon-thin-right\"><\/em>\n\t\t\t\t\t<\/a>\n\t\t\t\t<\/div>\n\n\t\t\t\t<div class=\"sow-slide-nav sow-slide-nav-prev\">\n\t\t\t\t\t<a href=\"#\" data-goto=\"previous\" aria-label=\"Previous slide\" data-action=\"prev\">\n\t\t\t\t\t\t<em class=\"sow-sld-icon-thin-left\"><\/em>\n\t\t\t\t\t<\/a>\n\t\t\t\t<\/div>\n\t\t\t\t<\/div><\/div><\/div><\/div><\/div><div id=\"pg-79-1\"  class=\"panel-grid panel-no-style\" ><div id=\"pgc-79-1-0\"  class=\"panel-grid-cell\" ><div id=\"panel-79-1-0-0\" class=\"so-panel widget widget_sow-headline panel-first-child panel-last-child\" data-index=\"1\" ><div\n\t\t\t\n\t\t\tclass=\"so-widget-sow-headline so-widget-sow-headline-default-5790021d8e1a-79\"\n\t\t\t\n\t\t><div class=\"sow-headline-container \">\n\t\t\t\t\t\t\t<h1 class=\"sow-headline\">\n\t\t\t\t\t\t\t\t\t\t\t\t\t<a href=\"https:\/\/usp.br\/portaldocordel\/index.php?s=cordel\" >\n\t\t\t\t\t\t\t\tAVISO - Portal de Literatura de Cordel <\/a>\t\t\t\t\t\t<\/h1>\n\t\t\t\t\t\t\t\t\t\t\t<div class=\"decoration\">\n\t\t\t\t\t\t<div class=\"decoration-inside\"><\/div>\n\t\t\t\t\t<\/div>\n\t\t\t\t\t\t\t\t\t\t\t<h3 class=\"sow-sub-headline\">\n\t\t\t\t\t\tO Portal de Literatura de Cordel do IEB voltou ao ar! Muito obrigada a todos que nos aguardaram! D\u00favidas, sugest\u00f5es, seguimos em contato pelo endere\u00e7o: portaldocordel@usp.br\t\t\t\t\t\t<\/h3>\n\t\t\t\t\t\t<\/div>\n<\/div><\/div><\/div><\/div><div id=\"pg-79-2\"  class=\"panel-grid panel-has-style\" ><div class=\"panel-row-style panel-row-style-for-79-2\" ><div id=\"pgc-79-2-0\"  class=\"panel-grid-cell\" ><div id=\"panel-79-2-0-0\" class=\"so-panel widget widget_sow-image panel-first-child\" data-index=\"2\" ><div\n\t\t\t\n\t\t\tclass=\"so-widget-sow-image so-widget-sow-image-default-8b5b6f678277-79\"\n\t\t\t\n\t\t>\n<div class=\"sow-image-container\">\n\t\t\t<a href=\"http:\/\/sites.usp.br\/padrao5\/destaque-2\"\n\t\t\t\t\t>\n\t\t\t<img \n\tsrc=\"https:\/\/sites.usp.br\/portaldocordel\/wp-content\/uploads\/sites\/724\/2017\/04\/logo_usp_bco_150px.png\" width=\"90\" height=\"44\" sizes=\"(max-width: 90px) 100vw, 90px\" alt=\"\" \t\tclass=\"so-widget-image\"\/>\n\t\t\t<\/a><\/div>\n\n<\/div><\/div><div id=\"panel-79-2-0-1\" class=\"so-panel widget widget_sow-editor panel-last-child\" data-index=\"3\" ><div\n\t\t\t\n\t\t\tclass=\"so-widget-sow-editor so-widget-sow-editor-base\"\n\t\t\t\n\t\t><h3 class=\"widget-title\">As Cole\u00e7\u00f5es de Literatura Popular de Cordel no Acervo do IEB<\/h3>\n<div class=\"siteorigin-widget-tinymce textwidget\">\n\t<p>As cole\u00e7\u00f5es est\u00e3o organizadas pelo nome do doador, possuindo cada uma sua descri\u00e7\u00e3o independente. Al\u00e9m dessas, destacamos a cole\u00e7\u00e3o do pr\u00f3prio instituto, que cresce conforme vai recebendo doa\u00e7\u00f5es individuais, seja de poetas que nos enviam, sejam de pesquisadores que em viagens pelo Brasil nos trazem itens que, doando ao IEB nos ajudam a enriquecer nossa cole\u00e7\u00e3o. <a href=\"http:\/\/www.ieb.usp.br\/literatura-popular-cordel\/\">Leia mais<\/a><\/p>\n<p>\u00a7<strong>Literatura Popular - Cordel - Fl\u00e1vio Motta<\/strong> (150 documentos)\u00a0<a href=\"http:\/\/200.144.255.59\/catalogo_eletronico\/consultaDocumentos.asp?Tipo_Consulta=Acervo&amp;Setor_Codigo=1&amp;Acervo_Codigo=343&amp;Numero_Documentos=\">Veja os dados da cole\u00e7\u00e3o!<\/a><\/p>\n<p>\u00a7L<strong>iteratura Popular - Cordel - Gilmar de Carvalho<\/strong> (1014 documentos) \u00a0<a href=\"http:\/\/200.144.255.59\/catalogo_eletronico\/consultaDocumentos.asp?Tipo_Consulta=Acervo&amp;Setor_Codigo=1&amp;Acervo_Codigo=344&amp;Numero_Documentos=\">Veja os dados da cole\u00e7\u00e3o!<\/a><\/p>\n<p>\u00a7<strong>Literatura Popular - Cordel - IEB<\/strong> (1815 documentos)\u00a0<a href=\"http:\/\/200.144.255.59\/catalogo_eletronico\/consultaDocumentos.asp?Setor_Codigo=1&amp;Acervo_Codigo=360&amp;Tipo_Consulta=Acervo\">Veja os dados da cole\u00e7\u00e3o!<\/a><\/p>\n<p>\u00a7<strong>Literatura Popular - Cordel - Jos\u00e9 Saia Neto<\/strong> (157 documentos) <a href=\"http:\/\/200.144.255.59\/catalogo_eletronico\/consultaDocumentos.asp?Tipo_Consulta=Acervo&amp;Setor_Codigo=1&amp;Acervo_Codigo=346&amp;Numero_Documentos=\">Veja os dados da cole\u00e7\u00e3o!<\/a><\/p>\n<p>\u00a7<strong>Literatura Popular - Cordel - Ruth Brito Lemos Terra<\/strong> (472 documentos) <a href=\"http:\/\/200.144.255.59\/catalogo_eletronico\/consultaDocumentos.asp?Tipo_Consulta=Acervo&amp;Setor_Codigo=1&amp;Acervo_Codigo=348&amp;Numero_Documentos=\">Veja os dados da cole\u00e7\u00e3o!<\/a><\/p>\n<p>\u00a7<strong>Literatura Popular - Cordel - SESC Juazeiro<\/strong> (199 documentos) <a href=\"http:\/\/200.144.255.59\/catalogo_eletronico\/consultaDocumentos.asp?Tipo_Consulta=Acervo&amp;Setor_Codigo=1&amp;Acervo_Codigo=359&amp;Numero_Documentos=\">Veja os dados da cole\u00e7\u00e3o!<\/a><\/p>\n<\/div>\n<\/div><\/div><\/div><div id=\"pgc-79-2-1\"  class=\"panel-grid-cell\" ><div id=\"panel-79-2-1-0\" class=\"so-panel widget widget_sow-image panel-first-child\" data-index=\"4\" ><div\n\t\t\t\n\t\t\tclass=\"so-widget-sow-image so-widget-sow-image-default-8b5b6f678277-79\"\n\t\t\t\n\t\t>\n<div class=\"sow-image-container\">\n\t\t\t<a href=\"http:\/\/sites.usp.br\/padrao5\/destaque-3\"\n\t\t\t\t\t>\n\t\t\t<img \n\tsrc=\"https:\/\/sites.usp.br\/portaldocordel\/wp-content\/uploads\/sites\/724\/2017\/04\/logo_usp_bco_150px.png\" width=\"90\" height=\"44\" sizes=\"(max-width: 90px) 100vw, 90px\" alt=\"\" \t\tclass=\"so-widget-image\"\/>\n\t\t\t<\/a><\/div>\n\n<\/div><\/div><div id=\"panel-79-2-1-1\" class=\"so-panel widget widget_sow-editor panel-last-child\" data-index=\"5\" ><div\n\t\t\t\n\t\t\tclass=\"so-widget-sow-editor so-widget-sow-editor-base\"\n\t\t\t\n\t\t><h3 class=\"widget-title\">O cordel dentro de nossos Arquivos Pessoais<\/h3>\n<div class=\"siteorigin-widget-tinymce textwidget\">\n\t<p>O Arquivo do IEB re\u00fane um grande conjunto de arquivos pessoais e dentre os titulares dos fundos documentais, destacamos aqui aqueles que al\u00e9m de uma carta, uma fotografia e um cart\u00e3o postal guardou um ou uma cole\u00e7\u00e3o de folhetos de cordel. S\u00e3o eles:<\/p>\n<p><strong>M\u00e1rio de Andrade<\/strong> e seu interesse pela literatura popular<\/p>\n<p>Trata-se de mais um conjunto de documentos e folhetos de Cordel que registram e comprovam o interesse de M\u00e1rio de Andrade por nossa t\u00e3o rica cultura popular.Os documentos encontram-se classificados em:<\/p>\n<p>\u00a7Dossi\u00ea Literatura Popular (antigo Fundo Villa-Lobos) : inicialmente classificado como Fundo Villa-Lobos, o presente conjunto traz uma farta documenta\u00e7\u00e3o dos mais diversos g\u00eaneros musicais populares - trovas, par\u00f3dias, folhetos, cantos, desafios, poesias - datadas provavelmente a partir de 1905 e recolhida por artistas investidos de pesquisadores, dentre os quais destacamos Pixinguinha e Donga, nos idos de 1920. <a href=\"http:\/\/200.144.255.59\/catalogo_eletronico\/consultaUnidadesLogicas.asp?Tipo_Unidade_Logica_Codigo=92&amp;Setor_Codigo=1&amp;Acervo_Codigo=24&amp;Numero_Documentos=\">Veja os dados aqui!<\/a><\/p>\n<p>\u00a7Folhetos de Cordel (87 itens do acervo) <a href=\"http:\/\/200.144.255.59\/catalogo_eletronico\/consultaDocumentos.asp?Setor_Codigo=1&amp;Acervo_Codigo=10&amp;Tipo_Consulta=Unidade_Logica_Inferior&amp;Unidades_Logicas_Codigos=12939,10505&amp;Numero_Documentos=\">Veja os dados aqui!<\/a><\/p>\n<p><strong>Marlyse Meyer<\/strong> e as aproxima\u00e7\u00f5es entre o romance europeu e a literatura de cordel<\/p>\n<p>\u00a7Folhetos de Cordel (61 itens do acervo) <a href=\"http:\/\/200.144.255.59\/catalogo_eletronico\/consultaDocumentos.asp?Setor_Codigo=1&amp;Acervo_Codigo=203&amp;Tipo_Consulta=Unidade_Logica_Inferior&amp;Unidades_Logicas_Codigos=11751,11753,11165&amp;Numero_Documentos=\">Veja os dados aqui!<\/a><\/p>\n<p><strong>Jos\u00e9 Aderaldo Castelo<\/strong> e os estudos de literatura brasileira<\/p>\n<p>\u00a7Gravuras de Cordel (39 itens do acervo) <a href=\"http:\/\/200.144.255.59\/catalogo_eletronico\/consultaDocumentos.asp?Setor_Codigo=1&amp;Acervo_Codigo=119&amp;Tipo_Consulta=Unidade_Logica_Inferior&amp;Unidades_Logicas_Codigos=12617,12867&amp;Numero_Documentos=\">Veja os dados aqui!<\/a><\/p>\n<p>\u00a7Literatura Popular - Cordel (665 itens do acervo) <a href=\"http:\/\/200.144.255.59\/catalogo_eletronico\/consultaDocumentos.asp?Setor_Codigo=1&amp;Acervo_Codigo=119&amp;Tipo_Consulta=Unidade_Logica_Inferior&amp;Unidades_Logicas_Codigos=12617,12618&amp;Numero_Documentos=\">Veja os dados aqui!<\/a><\/p>\n<p>&nbsp;<\/p>\n<p>Tamb\u00e9m encontramos folhetos nos fundos: <em>Graciliano Ramos<\/em>, <em>Theon Spanudis<\/em> e <em>Milton Santos<\/em>.<\/p>\n<\/div>\n<\/div><\/div><\/div><div id=\"pgc-79-2-2\"  class=\"panel-grid-cell\" ><div id=\"panel-79-2-2-0\" class=\"so-panel widget widget_sow-image panel-first-child\" data-index=\"6\" ><div\n\t\t\t\n\t\t\tclass=\"so-widget-sow-image so-widget-sow-image-default-8b5b6f678277-79\"\n\t\t\t\n\t\t>\n<div class=\"sow-image-container\">\n\t\t\t<a href=\"http:\/\/sites.usp.br\/padrao5\/destaque-3\"\n\t\t\t\t\t>\n\t\t\t<img \n\tsrc=\"https:\/\/sites.usp.br\/portaldocordel\/wp-content\/uploads\/sites\/724\/2017\/04\/logo_usp_bco_150px.png\" width=\"90\" height=\"44\" sizes=\"(max-width: 90px) 100vw, 90px\" alt=\"\" \t\tclass=\"so-widget-image\"\/>\n\t\t\t<\/a><\/div>\n\n<\/div><\/div><div id=\"panel-79-2-2-1\" class=\"so-panel widget widget_sow-editor panel-last-child\" data-index=\"7\" ><div\n\t\t\t\n\t\t\tclass=\"so-widget-sow-editor so-widget-sow-editor-base\"\n\t\t\t\n\t\t><h3 class=\"widget-title\">Cole\u00e7\u00f5es irm\u00e3s<\/h3>\n<div class=\"siteorigin-widget-tinymce textwidget\">\n\t<p>Mas n\u00e3o s\u00f3 de Folhetos de Cordel est\u00e1 recheado o Arquivo do IEB. O tema \u00e9 t\u00e3o rico que dele temos outras cole\u00e7\u00f5es e diferentes documentos. Destaque para os seguintes conjuntos:<\/p>\n<p><strong>Cultura popular - Cole\u00e7\u00e3o Maria Thereza Lemos de Arruda Camargo <\/strong><a href=\"http:\/\/200.144.255.59\/catalogo_eletronico\/consultaUnidadesLogicas.asp?Tipo_Unidade_Logica_Codigo=92&amp;Setor_Codigo=1&amp;Acervo_Codigo=24&amp;Numero_Documentos=\">Veja os dados da cole\u00e7\u00e3o!<\/a><strong><br \/>\n<\/strong><\/p>\n<p>\u00a7Discos (172 documentos)<\/p>\n<p>\u00a7Gravuras\u00a0 (59 documentos)<\/p>\n<p>\u00a7Literatura Popular\u00a0 (262 documentos)<\/p>\n<p>\u00a7Medicina Popular e Homeopatia (57 documentos)<\/p>\n<p><strong>Cole\u00e7\u00e3o Xil\u00f3grafos do Juazeiro - Geov\u00e1 Sobreira <\/strong><a href=\"http:\/\/200.144.255.59\/catalogo_eletronico\/consultaDocumentos.asp?Tipo_Consulta=Acervo&amp;Setor_Codigo=1&amp;Acervo_Codigo=343&amp;Numero_Documentos=\">Veja<\/a><a href=\"http:\/\/200.144.255.59\/catalogo_eletronico\/consultaUnidadesLogicas.asp?Tipo_Unidade_Logica_Codigo=147&amp;Setor_Codigo=1&amp;Acervo_Codigo=319&amp;Numero_Documentos=\"> os dados da cole\u00e7\u00e3o!<\/a><strong><br \/>\n<\/strong><\/p>\n<p>\u00a7Ant\u00f4nio Batista da Silva (5 documentos)<\/p>\n<p>\u00a7Dam\u00e1sio Paulo (7 documentos)<\/p>\n<p>\u00a7Jo\u00e3o Pereira da Silva (16 documentos)<\/p>\n<p>\u00a7Manoel Lopes (8 documentos)<\/p>\n<p>\u00a7Mestre Noza (25 documentos)<\/p>\n<p>\u00a7Walder\u00eado Gon\u00e7alves (7 documentos)<\/p>\n<\/div>\n<\/div><\/div><\/div><\/div><\/div><div id=\"pg-79-3\"  class=\"panel-grid panel-no-style\" ><div id=\"pgc-79-3-0\"  class=\"panel-grid-cell\" ><div id=\"panel-79-3-0-0\" class=\"so-panel widget widget_sow-editor panel-first-child\" data-index=\"8\" ><div class=\"panel-widget-style panel-widget-style-for-79-3-0-0\" ><div\n\t\t\t\n\t\t\tclass=\"so-widget-sow-editor so-widget-sow-editor-base\"\n\t\t\t\n\t\t>\n<div class=\"siteorigin-widget-tinymce textwidget\">\n\t<h2 style=\"text-align: left;\"><span style=\"color: #000000;\">Acontece<\/span><\/h2>\n<\/div>\n<\/div><\/div><\/div><\/div><div id=\"pgc-79-3-1\"  class=\"panel-grid-cell\" ><div id=\"panel-79-3-1-0\" class=\"so-panel widget widget_sow-editor panel-first-child\" data-index=\"14\" ><div class=\"panel-widget-style panel-widget-style-for-79-3-1-0\" ><div\n\t\t\t\n\t\t\tclass=\"so-widget-sow-editor so-widget-sow-editor-base\"\n\t\t\t\n\t\t>\n<div class=\"siteorigin-widget-tinymce textwidget\">\n\t<h2 style=\"text-align: left;\"><span style=\"color: #000000;\">Conhe\u00e7a tamb\u00e9m<\/span><\/h2>\n<\/div>\n<\/div><\/div><\/div><div id=\"panel-79-3-1-4\" class=\"so-panel widget widget_sow-editor\" data-index=\"18\" ><div class=\"panel-widget-style panel-widget-style-for-79-3-1-4\" ><div\n\t\t\t\n\t\t\tclass=\"so-widget-sow-editor so-widget-sow-editor-base\"\n\t\t\t\n\t\t>\n<div class=\"siteorigin-widget-tinymce textwidget\">\n\t<h2 style=\"text-align: left;\"><span style=\"color: #000000;\">Cantinho da saudade<\/span><\/h2>\n<\/div>\n<\/div><\/div><\/div><div id=\"panel-79-3-1-5\" class=\"so-panel widget widget_sow-editor\" data-index=\"19\" ><div class=\"panel-widget-style panel-widget-style-for-79-3-1-5\" ><div\n\t\t\t\n\t\t\tclass=\"so-widget-sow-editor so-widget-sow-editor-base\"\n\t\t\t\n\t\t>\n<div class=\"siteorigin-widget-tinymce textwidget\">\n\t<p>Infelizmente muitos poetas, artistas e pesquisadores dedicados \u00e0 Literatura de Cordel nos deixaram, seja em decorr\u00eancia da pandemia de Covid-19, seja por outros motivos!<\/p>\n<p>Esses artistas e amigos jamais ser\u00e3o esquecidos! Aqui elencamos alguns nomes que nos chegaram e merecem nossa lembran\u00e7a:<\/p>\n<p>- <strong>Cl\u00e1udio Cardoso<\/strong> (Par\u00e1)<\/p>\n<p>Veja aqui not\u00edcias e homenagens ao poeta!<\/p>\n<p><a href=\"http:\/\/www.fcp.pa.gov.br\/noticias\/3842-literatura-paraense-perde-olga-savary-e-claudio-cardoso\">Notas<\/a><\/p>\n<p><a href=\"https:\/\/www.oliberal.com\/cultura\/cultura-paraense-perde-poeta-escritor-e-militante-cultural-claudio-cardoso-para-a-covid-19-1.267643\">Reportagens<\/a><\/p>\n<p>- <strong>Arievaldo Viana<\/strong> <span class=\"aCOpRe\">(Madalena, 18 de setembro de 1967 - Fortaleza, 30 de maio de 2020)<\/span><\/p>\n<p><a href=\"https:\/\/www.opovo.com.br\/vidaearte\/2020\/05\/30\/arievaldo-vianna--cordelista-cearense--morre-aos-52-anos.html\">Reportagens<\/a><\/p>\n<p>- <strong>Gilmar de Carvalho<\/strong> <span class=\"aCOpRe\">(Sobral, 30 de maio de 1949 - Fortaleza, 17 de abril de 2021)<\/span><\/p>\n<p>Notas:<\/p>\n<p><a href=\"http:\/\/www.ieb.usp.br\/professor-gilmar-de-carvalho\/\">Nota do IEB - USP<\/a><\/p>\n<p><a href=\"https:\/\/www.secult.ce.gov.br\/2021\/04\/18\/obrigado-por-tudo-viu-gilmar-de-carvalho\/\">Nota da SECULT<\/a><\/p>\n<p><a href=\"http:\/\/www.ufc.br\/noticias\/notas-de-pesar\/15639-nota-de-pesar-prof-gilmar-de-carvalho-do-curso-de-jornalismo-da-ufc\">Nota da UFC<\/a><\/p>\n<p>Reportagens:<\/p>\n<p><a href=\"https:\/\/g1.globo.com\/ce\/ceara\/noticia\/2021\/04\/18\/professor-e-pesquisador-gilmar-de-carvalho-morre-de-covid-19.ghtml\">Reportagens - G1<\/a><\/p>\n<p><a href=\"https:\/\/diariodonordeste.verdesmares.com.br\/verso\/pesquisador-e-professor-gilmar-de-carvalho-morre-de-covid-19-aos-72-anos-1.3074723\">Reportagens - Di\u00e1rio do Nordeste<\/a><\/p>\n<\/div>\n<\/div><\/div><\/div><\/div><\/div><\/div>","protected":false},"excerpt":{"rendered":"<p>AVISO &#8211; Portal de Literatura de Cordel O Portal de Literatura de Cordel do IEB voltou ao ar! Muito obrigada a todos que nos aguardaram! D\u00favidas, sugest\u00f5es, seguimos em contato pelo endere\u00e7o: portaldocordel@usp.br As Cole\u00e7\u00f5es de Literatura Popular de Cordel no Acervo do IEB As cole\u00e7\u00f5es est\u00e3o organizadas pelo nome do doador, possuindo cada uma<a href=\"https:\/\/sites.usp.br\/portaldocordel\/\">[&#8230;]<\/a><\/p>\n","protected":false},"author":1,"featured_media":0,"parent":0,"menu_order":0,"comment_status":"closed","ping_status":"closed","template":"template-fullwidth-no-title.php","meta":{"footnotes":"","_links_to":"","_links_to_target":""},"class_list":["post-79","page","type-page","status-publish","hentry"],"_links":{"self":[{"href":"https:\/\/sites.usp.br\/portaldocordel\/wp-json\/wp\/v2\/pages\/79","targetHints":{"allow":["GET"]}}],"collection":[{"href":"https:\/\/sites.usp.br\/portaldocordel\/wp-json\/wp\/v2\/pages"}],"about":[{"href":"https:\/\/sites.usp.br\/portaldocordel\/wp-json\/wp\/v2\/types\/page"}],"author":[{"embeddable":true,"href":"https:\/\/sites.usp.br\/portaldocordel\/wp-json\/wp\/v2\/users\/1"}],"replies":[{"embeddable":true,"href":"https:\/\/sites.usp.br\/portaldocordel\/wp-json\/wp\/v2\/comments?post=79"}],"version-history":[{"count":7,"href":"https:\/\/sites.usp.br\/portaldocordel\/wp-json\/wp\/v2\/pages\/79\/revisions"}],"predecessor-version":[{"id":373,"href":"https:\/\/sites.usp.br\/portaldocordel\/wp-json\/wp\/v2\/pages\/79\/revisions\/373"}],"wp:attachment":[{"href":"https:\/\/sites.usp.br\/portaldocordel\/wp-json\/wp\/v2\/media?parent=79"}],"curies":[{"name":"wp","href":"https:\/\/api.w.org\/{rel}","templated":true}]}}