{"id":170,"date":"2025-02-10T06:26:48","date_gmt":"2025-02-10T08:26:48","guid":{"rendered":"https:\/\/sites.usp.br\/posbfm\/?page_id=170"},"modified":"2025-10-21T20:01:55","modified_gmt":"2025-10-21T22:01:55","slug":"pae","status":"publish","type":"page","link":"https:\/\/sites.usp.br\/posbfm\/pae\/","title":{"rendered":"PAE"},"content":{"rendered":"\t\t<div data-elementor-type=\"wp-page\" data-elementor-id=\"170\" class=\"elementor elementor-170\" data-elementor-post-type=\"page\">\n\t\t\t\t\t\t<section class=\"elementor-section elementor-top-section elementor-element elementor-element-ad3e2af elementor-section-boxed elementor-section-height-default elementor-section-height-default\" data-id=\"ad3e2af\" data-element_type=\"section\">\n\t\t\t\t\t\t<div class=\"elementor-container elementor-column-gap-default\">\n\t\t\t\t\t<div class=\"elementor-column elementor-col-100 elementor-top-column elementor-element elementor-element-8518ac8\" data-id=\"8518ac8\" data-element_type=\"column\">\n\t\t\t<div class=\"elementor-widget-wrap elementor-element-populated\">\n\t\t\t\t\t\t<div class=\"elementor-element elementor-element-496b19a elementor-widget elementor-widget-heading\" data-id=\"496b19a\" data-element_type=\"widget\" data-widget_type=\"heading.default\">\n\t\t\t\t<div class=\"elementor-widget-container\">\n\t\t\t<h2 class=\"elementor-heading-title elementor-size-default\">Programa de Aperfei\u00e7oamento de Ensino (PAE)<\/h2>\t\t<\/div>\n\t\t\t\t<\/div>\n\t\t\t\t\t<\/div>\n\t\t<\/div>\n\t\t\t\t\t<\/div>\n\t\t<\/section>\n\t\t\t\t<section class=\"elementor-section elementor-top-section elementor-element elementor-element-bd1b54f elementor-section-boxed elementor-section-height-default elementor-section-height-default\" data-id=\"bd1b54f\" data-element_type=\"section\">\n\t\t\t\t\t\t<div class=\"elementor-container elementor-column-gap-default\">\n\t\t\t\t\t<div class=\"elementor-column elementor-col-100 elementor-top-column elementor-element elementor-element-37eb0d4\" data-id=\"37eb0d4\" data-element_type=\"column\">\n\t\t\t<div class=\"elementor-widget-wrap elementor-element-populated\">\n\t\t\t\t\t\t<div class=\"elementor-element elementor-element-5ea4046 elementor-tabs-view-horizontal elementor-widget elementor-widget-tabs\" data-id=\"5ea4046\" data-element_type=\"widget\" data-widget_type=\"tabs.default\">\n\t\t\t\t<div class=\"elementor-widget-container\">\n\t\t\t\t\t<div class=\"elementor-tabs\">\n\t\t\t<div class=\"elementor-tabs-wrapper\" role=\"tablist\" >\n\t\t\t\t\t\t\t\t\t<div id=\"elementor-tab-title-9921\" class=\"elementor-tab-title elementor-tab-desktop-title\" aria-selected=\"true\" data-tab=\"1\" role=\"tab\" tabindex=\"0\" aria-controls=\"elementor-tab-content-9921\" aria-expanded=\"false\">Inscri\u00e7\u00e3o<\/div>\n\t\t\t\t\t\t\t\t\t<div id=\"elementor-tab-title-9922\" class=\"elementor-tab-title elementor-tab-desktop-title\" aria-selected=\"false\" data-tab=\"2\" role=\"tab\" tabindex=\"-1\" aria-controls=\"elementor-tab-content-9922\" aria-expanded=\"false\">Estagi\u00e1rios<\/div>\n\t\t\t\t\t\t\t\t\t<div id=\"elementor-tab-title-9923\" class=\"elementor-tab-title elementor-tab-desktop-title\" aria-selected=\"false\" data-tab=\"3\" role=\"tab\" tabindex=\"-1\" aria-controls=\"elementor-tab-content-9923\" aria-expanded=\"false\">Legisla\u00e7\u00e3o<\/div>\n\t\t\t\t\t\t\t<\/div>\n\t\t\t<div class=\"elementor-tabs-content-wrapper\" role=\"tablist\" aria-orientation=\"vertical\">\n\t\t\t\t\t\t\t\t\t<div class=\"elementor-tab-title elementor-tab-mobile-title\" aria-selected=\"true\" data-tab=\"1\" role=\"tab\" tabindex=\"0\" aria-controls=\"elementor-tab-content-9921\" aria-expanded=\"false\">Inscri\u00e7\u00e3o<\/div>\n\t\t\t\t\t<div id=\"elementor-tab-content-9921\" class=\"elementor-tab-content elementor-clearfix\" data-tab=\"1\" role=\"tabpanel\" aria-labelledby=\"elementor-tab-title-9921\" tabindex=\"0\" hidden=\"false\"><p>Do dia\u00a0<strong>06\/10 a 25\/10\/2025<\/strong>, somente via\u00a0<a href=\"http:\/\/uspdigital.usp.br\/janus\">Janus<\/a>.<\/p><p><strong>Observa\u00e7\u00e3o:<\/strong>\u00a0Doutorandos que receberam bolsa CAPES\/PROEX (ainda que apenas por 1 m\u00eas) devem obrigatoriamente fazer um semestre de PAE. O doutorando matriculado no\u00a0<a href=\"https:\/\/leginf.usp.br\/?resolucao=resolucao-copgr-no-8239-de-23-de-maio-de-2022\">antigo regulamento do programa<\/a>\u00a0dever\u00e1 comprovar ter feito ou estar realizando o PAE ao se inscrever no exame de qualifica\u00e7\u00e3o.<\/p><p>\u2013\u00a0<a href=\"https:\/\/sites.usp.br\/posbfm\/wp-content\/uploads\/sites\/1611\/2025\/10\/Edital-PAE-ICB-1sem2026.pdf\" target=\"_blank\" rel=\"noopener\">Edital PAE<\/a><\/p><p>\u2013\u00a0<a href=\"https:\/\/www.prpg.usp.br\/pt-br\/pae\/etapa-de-preparacao-pedagogica\/disciplinas-validas\" target=\"_blank\" rel=\"noopener\">Lista de Disciplinas da Etapa de Prepara\u00e7\u00e3o Pedag\u00f3gica<\/a><\/p><p>\u2013\u00a0<a href=\"https:\/\/sites.usp.br\/posfisio\/wp-content\/uploads\/sites\/1200\/2025\/04\/Disciplinas_Graduacao_Farmacologia_2oSem2025.pdf\">Lista de Disciplinas de Gradua\u00e7\u00e3o do Depto. de Farmacologia \u2013 2\u00baSem\/2025<\/a><\/p><p>\u2013\u00a0<a href=\"https:\/\/sites.usp.br\/posbfm\/wp-content\/uploads\/sites\/1611\/2025\/10\/disciplinas_graduacao_fisiologia_1sem2026.png\">Lista de Disciplinas de Gradua\u00e7\u00e3o do Depto. de Fisiologia e Biof\u00edsica \u2013 1\u00baSem\/2026<\/a><\/p><p>\u2013\u00a0<a href=\"https:\/\/ww3.icb.usp.br\/pos\/estagio-supervisionado-em-docencia-pae\/\">Outras informa\u00e7\u00f5es sobre o PAE \u2013 SPG\/ICB-USP<\/a><\/p><\/div>\n\t\t\t\t\t\t\t\t\t<div class=\"elementor-tab-title elementor-tab-mobile-title\" aria-selected=\"false\" data-tab=\"2\" role=\"tab\" tabindex=\"-1\" aria-controls=\"elementor-tab-content-9922\" aria-expanded=\"false\">Estagi\u00e1rios<\/div>\n\t\t\t\t\t<div id=\"elementor-tab-content-9922\" class=\"elementor-tab-content elementor-clearfix\" data-tab=\"2\" role=\"tabpanel\" aria-labelledby=\"elementor-tab-title-9922\" tabindex=\"0\" hidden=\"hidden\"><p>\u2013\u00a0<a href=\"https:\/\/sites.usp.br\/posfisio\/wp-content\/uploads\/sites\/1200\/2022\/11\/relatorio_do_estagiario_pae.doc\" target=\"_blank\" rel=\"noopener\">Formul\u00e1rio de Relat\u00f3rio do Estagi\u00e1rio (digitado)<\/a><\/p><p>\u2013\u00a0<a href=\"https:\/\/sites.usp.br\/posfisio\/wp-content\/uploads\/sites\/1200\/2022\/11\/relatorio-supervisor_estagio-pae.doc\" target=\"_blank\" rel=\"noopener\">Formul\u00e1rio de Relat\u00f3rio do Supervisor (digitado)<\/a><\/p><p><strong>Observa\u00e7\u00f5es:<\/strong><\/p><p>\u2013 Sobre os relat\u00f3rios:<\/p><p>(a) Quando houver mais de 1 aluno na disciplina, as descri\u00e7\u00f5es de \u2018Desempenho do Aluno\u2019 no formul\u00e1rio dever\u00e3o ser diferentes.<\/p><p>(b) Relat\u00f3rio de Supervisor deve ser assinado somente pelo Supervisor PAE\/Coordenador da disciplina.<\/p><p>(c) Os alunos que\u00a0realizarem o PAE dever\u00e3o entregar juntos os 2 relat\u00f3rios (Supervisor + Estagi\u00e1rio) nos seguintes prazos: 1\u00ba Semestre at\u00e9 o dia 06\/Julho;\u00a02\u00ba semestre at\u00e9 o dia 09\/Dezembro.<\/p><p>\u2013 Os certificados\/declara\u00e7\u00f5es providenciados pela Comiss\u00e3o PAE-USP estar\u00e3o dispon\u00edveis no sistema Janus.<\/p><p>(Certificados = 1a. participa\u00e7\u00e3o do PAE;\u00a0Declara\u00e7\u00f5es\/Atestados = 2a. participa\u00e7\u00e3o do PAE em diante.)<\/p><\/div>\n\t\t\t\t\t\t\t\t\t<div class=\"elementor-tab-title elementor-tab-mobile-title\" aria-selected=\"false\" data-tab=\"3\" role=\"tab\" tabindex=\"-1\" aria-controls=\"elementor-tab-content-9923\" aria-expanded=\"false\">Legisla\u00e7\u00e3o<\/div>\n\t\t\t\t\t<div id=\"elementor-tab-content-9923\" class=\"elementor-tab-content elementor-clearfix\" data-tab=\"3\" role=\"tabpanel\" aria-labelledby=\"elementor-tab-title-9923\" tabindex=\"0\" hidden=\"hidden\"><p>\u2013\u00a0<a href=\"https:\/\/sites.usp.br\/posfisio\/wp-content\/uploads\/sites\/1200\/2022\/11\/Oficio_CDS-DS-CAPES_Numero-631-2001_de-10abr2001.jpg\" target=\"_blank\" rel=\"noopener\">Of\u00edcio CAPES sobre a obrigatoriedade do Est\u00e1gio de Doc\u00eancia<\/a><\/p><p>\u2013\u00a0<a href=\"https:\/\/sites.usp.br\/posfisio\/normas-do-departamento\/\" target=\"_blank\" rel=\"noopener\">Normas do Departamento de Fisiologia e Biof\u00edsica<\/a><\/p><p>\u2013\u00a0<a href=\"https:\/\/sites.usp.br\/posfisio\/wp-content\/uploads\/sites\/1200\/2022\/11\/portarias_3588_e_4391.pdf\" target=\"_blank\" rel=\"noopener\">Portaria GR N\u00ba 3588 e Portaria GR N\u00ba 4391<\/a><\/p><p>\u2013\u00a0<a href=\"https:\/\/www.prpg.usp.br\/attachments\/article\/631\/Diretrizes%20PAE%20-%2029_05_2019.pdf\">Diretrizes<\/a><\/p><\/div>\n\t\t\t\t\t\t\t<\/div>\n\t\t<\/div>\n\t\t\t\t<\/div>\n\t\t\t\t<\/div>\n\t\t\t\t\t<\/div>\n\t\t<\/div>\n\t\t\t\t\t<\/div>\n\t\t<\/section>\n\t\t\t\t<\/div>\n\t\t","protected":false},"excerpt":{"rendered":"<p>Programa de Aperfei\u00e7oamento de Ensino (PAE) Inscri\u00e7\u00e3o Estagi\u00e1rios Legisla\u00e7\u00e3o Inscri\u00e7\u00e3o Do dia\u00a006\/10 a 25\/10\/2025, somente via\u00a0Janus. Observa\u00e7\u00e3o:\u00a0Doutorandos que receberam bolsa CAPES\/PROEX (ainda que apenas por 1 m\u00eas) devem obrigatoriamente fazer [&hellip;]<\/p>\n","protected":false},"author":24472,"featured_media":0,"parent":0,"menu_order":0,"comment_status":"closed","ping_status":"closed","template":"","meta":{"footnotes":"","_links_to":"","_links_to_target":""},"class_list":["post-170","page","type-page","status-publish","hentry"],"_links":{"self":[{"href":"https:\/\/sites.usp.br\/posbfm\/wp-json\/wp\/v2\/pages\/170","targetHints":{"allow":["GET"]}}],"collection":[{"href":"https:\/\/sites.usp.br\/posbfm\/wp-json\/wp\/v2\/pages"}],"about":[{"href":"https:\/\/sites.usp.br\/posbfm\/wp-json\/wp\/v2\/types\/page"}],"author":[{"embeddable":true,"href":"https:\/\/sites.usp.br\/posbfm\/wp-json\/wp\/v2\/users\/24472"}],"replies":[{"embeddable":true,"href":"https:\/\/sites.usp.br\/posbfm\/wp-json\/wp\/v2\/comments?post=170"}],"version-history":[{"count":4,"href":"https:\/\/sites.usp.br\/posbfm\/wp-json\/wp\/v2\/pages\/170\/revisions"}],"predecessor-version":[{"id":1068,"href":"https:\/\/sites.usp.br\/posbfm\/wp-json\/wp\/v2\/pages\/170\/revisions\/1068"}],"wp:attachment":[{"href":"https:\/\/sites.usp.br\/posbfm\/wp-json\/wp\/v2\/media?parent=170"}],"curies":[{"name":"wp","href":"https:\/\/api.w.org\/{rel}","templated":true}]}}