{"id":588,"date":"2025-04-10T22:24:49","date_gmt":"2025-04-11T00:24:49","guid":{"rendered":"https:\/\/sites.usp.br\/posbfm\/?page_id=588"},"modified":"2025-04-10T23:52:01","modified_gmt":"2025-04-11T01:52:01","slug":"alunos-estrangeiros","status":"publish","type":"page","link":"https:\/\/sites.usp.br\/posbfm\/alunos-estrangeiros\/","title":{"rendered":"Alunos Estrangeiros"},"content":{"rendered":"\t\t<div data-elementor-type=\"wp-page\" data-elementor-id=\"588\" class=\"elementor elementor-588\" data-elementor-post-type=\"page\">\n\t\t\t\t\t\t<section class=\"elementor-section elementor-top-section elementor-element elementor-element-1425b30 elementor-section-boxed elementor-section-height-default elementor-section-height-default\" data-id=\"1425b30\" data-element_type=\"section\">\n\t\t\t\t\t\t<div class=\"elementor-container elementor-column-gap-default\">\n\t\t\t\t\t<div class=\"elementor-column elementor-col-100 elementor-top-column elementor-element elementor-element-2472602\" data-id=\"2472602\" data-element_type=\"column\">\n\t\t\t<div class=\"elementor-widget-wrap elementor-element-populated\">\n\t\t\t\t\t\t<div class=\"elementor-element elementor-element-7aaddb4 elementor-widget elementor-widget-heading\" data-id=\"7aaddb4\" data-element_type=\"widget\" data-widget_type=\"heading.default\">\n\t\t\t\t<div class=\"elementor-widget-container\">\n\t\t\t<h2 class=\"elementor-heading-title elementor-size-default\">Alunos Estrangeiros<\/h2>\t\t<\/div>\n\t\t\t\t<\/div>\n\t\t\t\t\t<\/div>\n\t\t<\/div>\n\t\t\t\t\t<\/div>\n\t\t<\/section>\n\t\t\t\t<section class=\"elementor-section elementor-top-section elementor-element elementor-element-35eca95 elementor-section-boxed elementor-section-height-default elementor-section-height-default\" data-id=\"35eca95\" data-element_type=\"section\">\n\t\t\t\t\t\t<div class=\"elementor-container elementor-column-gap-default\">\n\t\t\t\t\t<div class=\"elementor-column elementor-col-100 elementor-top-column elementor-element elementor-element-0dd757d\" data-id=\"0dd757d\" data-element_type=\"column\">\n\t\t\t<div class=\"elementor-widget-wrap elementor-element-populated\">\n\t\t\t\t\t\t<div class=\"elementor-element elementor-element-6d1159e elementor-widget elementor-widget-text-editor\" data-id=\"6d1159e\" data-element_type=\"widget\" data-widget_type=\"text-editor.default\">\n\t\t\t\t<div class=\"elementor-widget-container\">\n\t\t\t\t\t\t\t<h3><strong>Valida\u00e7\u00e3o da Titula\u00e7\u00e3o<\/strong><\/h3><p>A Comiss\u00e3o do ICB deliberou em 13 de agosto de 2024, conforme o artigo 37 da<br \/>resolu\u00e7\u00e3o 7493 do Regimento da P\u00f3s-Gradua\u00e7\u00e3o, que todos os alunos estrangeiros,<br \/>tanto os j\u00e1 matriculados quanto os novos ingressantes, devem apresentar diplomas<br \/>(gradua\u00e7\u00e3o\/p\u00f3s-gradua\u00e7\u00e3o) apostilados ou com o carimbo da Embaixada\/Consulado,<br \/>garantindo a veracidade do documento.<\/p><h3><strong>Como Conseguir Visto de Estudante no Brasil<\/strong><\/h3><p>Para se matricular no programa de p\u00f3s-gradua\u00e7\u00e3o, \u00e9 necess\u00e1rio apresentar um visto<br \/>de estudo ou perman\u00eancia. Abaixo, listamos links \u00fateis para auxiliar no processo:<br \/>&#8211; <a href=\"https:\/\/www.gov.br\/pf\/pt-br\/assuntos\/imigracao\/autorizacao-residencia\/autorizacao-de-residencia-a-nacionais-da-comunidade-dos-paises-de-lingua-portuguesa-cplp\">Autoriza\u00e7\u00e3o de Resid\u00eancia a Nacionais da CPLP<\/a><br \/>&#8211; <a href=\"https:\/\/www.gov.br\/pf\/pt- br\/assuntos\/imigracao\/autorizacao-residencia\/autorizacao-de-residencia-para-fins-de- estudo\" data-wplink-url-error=\"true\">Autoriza\u00e7\u00e3o de Resid\u00eancia para Fins de Estudo<\/a><br \/>&#8211; <a href=\"https:\/\/www.gov.br\/pf\/pt- br\/assuntos\/imigracao\/autorizacao-residencia\/documentos\/capa\" data-wplink-url-error=\"true\">Autoriza\u00e7\u00e3o de Resid\u00eancia para Outros Casos<\/a><\/p><h3><strong><br \/>Acomoda\u00e7\u00e3o: Servi\u00e7o de Moradia<\/strong><\/h3><p>A USP oferece moradia no Conjunto Residencial da USP (CRUSP) para alunos de outras<br \/>cidades e de baixa renda. A sele\u00e7\u00e3o \u00e9 feita pelo Programa de Apoio \u00e0 Perman\u00eancia e<br \/>Forma\u00e7\u00e3o Estudantil (PAPFE) com base em crit\u00e9rios socioecon\u00f4micos. Mais<br \/>informa\u00e7\u00f5es em: <a href=\"https:\/\/prip.usp.br\/apoio-estudantil\/\">PAPFE<\/a><\/p><h3><strong><br \/>Restaurantes Universit\u00e1rios<\/strong><\/h3><p>A USP conta com v\u00e1rios restaurantes universit\u00e1rios, conhecidos como bandej\u00f5es, que<br \/>oferecem refei\u00e7\u00f5es acess\u00edveis e saud\u00e1veis. Confira os hor\u00e1rios e locais:<br \/>&#8211; <strong>Restaurante Central<\/strong>: Pra\u00e7a do Rel\u00f3gio Solar, travessa 8, n\u00ba 300<br \/>&#8211; Segunda a Sexta-Feira: Caf\u00e9 da Manh\u00e3: 7h \u00e0s 8h30; Almo\u00e7o: 11h15 \u00e0s 14h15; Jantar:<br \/>17h30 \u00e0s 19h45<br \/>&#8211; <strong>Restaurante F\u00edsica<\/strong>: Rua do Mat\u00e3o, Travessa R 187<br \/>&#8211; Segunda a Sexta-Feira: Almo\u00e7o: 11h15 \u00e0s 14h15; Jantar: 17h30 \u00e0s 19h45<\/p><p>&#8211; <strong>Restaurante PUSP-C<\/strong>: Av. Prof. Almeida Prado, 1280<br \/>&#8211; Segunda a Sexta-Feira: Almo\u00e7o: 11h15 \u00e0s 14h15<br \/>&#8211; <strong>Restaurante das Qu\u00edmicas<\/strong>: Av. Lineu Prestes, 748<br \/>&#8211; Segunda a Sexta-Feira: Almo\u00e7o: 11h15 \u00e0s 14h15; Jantar: 17h30 \u00e0s 19h45<br \/>&#8211; S\u00e1bado: Caf\u00e9 da Manh\u00e3: 7h30 \u00e0s 9h00; Almo\u00e7o: 11h15 \u00e0s 14h15; Jantar: 17h30 \u00e0s<br \/>19h00<br \/>&#8211; Domingo: Caf\u00e9 da Manh\u00e3: 8h30 \u00e0s 9h30; Almo\u00e7o: 11h15 \u00e0s 14h15<\/p><p>Os card\u00e1pios est\u00e3o dispon\u00edveis em: <a href=\"https:\/\/prip.usp.br\/restaurantes\/\">Card\u00e1pios dos Restaurantes Universit\u00e1rios<\/a><\/p><h3><strong>BUSP<\/strong><\/h3><p>O campus Butant\u00e3 possui 4 linhas de \u00f4nibus circulares. O uso \u00e9 gratuito para alunos e<br \/>funcion\u00e1rios portando o cart\u00e3o BUSP. Esse cart\u00e3o serve apenas para os \u00f4nibus<br \/>circulares, que iniciam com o prefixo 80.<br \/><a href=\"https:\/\/puspcb.usp.br\/bilhete-usp-busp\/\">Onde Solicitar<\/a><br \/><a href=\"https:\/\/puspcb.usp.br\/destaques\/onibus-busp\/\">Linhas e Itiner\u00e1rios<\/a><\/p><h3><strong>Ajuda com a Integra\u00e7\u00e3o<\/strong><\/h3><p>A USP oferece servi\u00e7os de apoio \u00e0 integra\u00e7\u00e3o cultural e acad\u00eamica, como teatros,<br \/>cinema, museus e centro esportivo. Confira alguns recursos dispon\u00edveis:<br \/>&#8211; <strong>CINUSP<\/strong>: Programa\u00e7\u00e3o variada de mostras tem\u00e1ticas e semin\u00e1rios. <a href=\"http:\/\/www.usp.br\/cinusp\/\">Mais informa\u00e7\u00f5es<\/a><br \/>&#8211; <strong>Cepeusp<\/strong>: Programas de educa\u00e7\u00e3o f\u00edsica, esporte e recrea\u00e7\u00e3o. <a href=\"https:\/\/cepe.usp.br\/historia-e-missao\/\">Mais informa\u00e7\u00f5es<\/a><br \/>&#8211; <strong>Teatros na USP<\/strong>: Programa\u00e7\u00e3o de pe\u00e7as encenadas pelos alunos da USP. <a href=\"http:\/\/www.usp.br\/tusp\">Mais informa\u00e7\u00f5es<\/a><br \/><a href=\"https:\/\/www.eca.usp.br\/ead\/espetaculos-e-exercicios\">EAD<\/a><br \/>&#8211; <strong>Museus<\/strong>: Centros de arte, cultura e ci\u00eancia abertos ao p\u00fablico. <a href=\"https:\/\/www5.usp.br\/extensao\/museus\/\">Mais informa\u00e7\u00f5es<\/a><\/p><h3><strong>Hospital Universit\u00e1rio (HU)<\/strong><\/h3><p>O HU oferece atendimento assistencial e \u00e9 um espa\u00e7o de ensino para alunos da \u00e1rea<br \/>de sa\u00fade. Para se cadastrar, compare\u00e7a pessoalmente ao SAME com os seguintes<br \/>documentos:<br \/>&#8211; Cart\u00e3o USP<br \/>&#8211; RG, RNE ou RNM (CNH ou Documento Oficial com foto)<br \/>&#8211; CPF<br \/>&#8211; Cart\u00e3o Nacional de Sa\u00fade (SUS)<br \/>Mais informa\u00e7\u00f5es: <a href=\"https:\/\/www5.usp.br\/extensao\/hospital-universitario- hu\/\" data-wplink-url-error=\"true\">HU da USP<\/a><\/p><p>Para fazer a Carteira Nacional de Sa\u00fade (carteirinha do SUS), basta comparecer a<br \/>qualquer Posto de Sa\u00fade p\u00fablico. O mais pr\u00f3ximo do Campus Butant\u00e3 fica localizado<br \/>na Av. Vital Brasil, 1490 &#8211; Butant\u00e3, S\u00e3o Paulo \u2013 SP.<\/p><h3><strong>Custo de Vida<\/strong><\/h3><p>Com a bolsa Capes, \u00e9 poss\u00edvel ter uma vida modesta em S\u00e3o Paulo, morando em<br \/>pens\u00f5es, no CRUSP ou em kitnets, e se alimentando nos restaurantes universit\u00e1rios<br \/>(RU).<\/p>\t\t\t\t\t\t<\/div>\n\t\t\t\t<\/div>\n\t\t\t\t\t<\/div>\n\t\t<\/div>\n\t\t\t\t\t<\/div>\n\t\t<\/section>\n\t\t\t\t<\/div>\n\t\t","protected":false},"excerpt":{"rendered":"<p>Alunos Estrangeiros Valida\u00e7\u00e3o da Titula\u00e7\u00e3o A Comiss\u00e3o do ICB deliberou em 13 de agosto de 2024, conforme o artigo 37 daresolu\u00e7\u00e3o 7493 do Regimento da P\u00f3s-Gradua\u00e7\u00e3o, que todos os alunos [&hellip;]<\/p>\n","protected":false},"author":24472,"featured_media":0,"parent":0,"menu_order":0,"comment_status":"closed","ping_status":"closed","template":"","meta":{"footnotes":"","_links_to":"","_links_to_target":""},"class_list":["post-588","page","type-page","status-publish","hentry"],"_links":{"self":[{"href":"https:\/\/sites.usp.br\/posbfm\/wp-json\/wp\/v2\/pages\/588","targetHints":{"allow":["GET"]}}],"collection":[{"href":"https:\/\/sites.usp.br\/posbfm\/wp-json\/wp\/v2\/pages"}],"about":[{"href":"https:\/\/sites.usp.br\/posbfm\/wp-json\/wp\/v2\/types\/page"}],"author":[{"embeddable":true,"href":"https:\/\/sites.usp.br\/posbfm\/wp-json\/wp\/v2\/users\/24472"}],"replies":[{"embeddable":true,"href":"https:\/\/sites.usp.br\/posbfm\/wp-json\/wp\/v2\/comments?post=588"}],"version-history":[{"count":4,"href":"https:\/\/sites.usp.br\/posbfm\/wp-json\/wp\/v2\/pages\/588\/revisions"}],"predecessor-version":[{"id":622,"href":"https:\/\/sites.usp.br\/posbfm\/wp-json\/wp\/v2\/pages\/588\/revisions\/622"}],"wp:attachment":[{"href":"https:\/\/sites.usp.br\/posbfm\/wp-json\/wp\/v2\/media?parent=588"}],"curies":[{"name":"wp","href":"https:\/\/api.w.org\/{rel}","templated":true}]}}