{"id":645,"date":"2025-04-11T02:44:59","date_gmt":"2025-04-11T04:44:59","guid":{"rendered":"https:\/\/sites.usp.br\/posbfm\/?page_id=645"},"modified":"2025-04-11T02:48:07","modified_gmt":"2025-04-11T04:48:07","slug":"ingresso","status":"publish","type":"page","link":"https:\/\/sites.usp.br\/posbfm\/ingresso\/","title":{"rendered":"Ingresso"},"content":{"rendered":"\t\t<div data-elementor-type=\"wp-page\" data-elementor-id=\"645\" class=\"elementor elementor-645\" data-elementor-post-type=\"page\">\n\t\t\t\t\t\t<section class=\"elementor-section elementor-top-section elementor-element elementor-element-3686e7b elementor-section-boxed elementor-section-height-default elementor-section-height-default\" data-id=\"3686e7b\" data-element_type=\"section\">\n\t\t\t\t\t\t<div class=\"elementor-container elementor-column-gap-default\">\n\t\t\t\t\t<div class=\"elementor-column elementor-col-100 elementor-top-column elementor-element elementor-element-9af08ae\" data-id=\"9af08ae\" data-element_type=\"column\">\n\t\t\t<div class=\"elementor-widget-wrap elementor-element-populated\">\n\t\t\t\t\t\t<div class=\"elementor-element elementor-element-b83a620 elementor-widget elementor-widget-heading\" data-id=\"b83a620\" data-element_type=\"widget\" data-widget_type=\"heading.default\">\n\t\t\t\t<div class=\"elementor-widget-container\">\n\t\t\t<h2 class=\"elementor-heading-title elementor-size-default\">Sele\u00e7\u00e3o de Ingresso<\/h2>\t\t<\/div>\n\t\t\t\t<\/div>\n\t\t\t\t\t<\/div>\n\t\t<\/div>\n\t\t\t\t\t<\/div>\n\t\t<\/section>\n\t\t\t\t<section class=\"elementor-section elementor-top-section elementor-element elementor-element-1532ae8 elementor-section-boxed elementor-section-height-default elementor-section-height-default\" data-id=\"1532ae8\" data-element_type=\"section\">\n\t\t\t\t\t\t<div class=\"elementor-container elementor-column-gap-default\">\n\t\t\t\t\t<div class=\"elementor-column elementor-col-100 elementor-top-column elementor-element elementor-element-302bef8\" data-id=\"302bef8\" data-element_type=\"column\">\n\t\t\t<div class=\"elementor-widget-wrap elementor-element-populated\">\n\t\t\t\t\t\t<div class=\"elementor-element elementor-element-dcecb39 elementor-widget elementor-widget-text-editor\" data-id=\"dcecb39\" data-element_type=\"widget\" data-widget_type=\"text-editor.default\">\n\t\t\t\t<div class=\"elementor-widget-container\">\n\t\t\t\t\t\t\t<p><strong>CANDIDATOS AO MESTRADO OU DOUTORADO DIRETO<\/strong><\/p><p>Para ingressar no Programa de P\u00f3s-Gradua\u00e7\u00e3o em Biologia Funcional e Molecular do ICB da USP, o candidato dever\u00e1 ser graduado.<\/p><p>O programa aceita graduados provenientes de outras \u00e1reas que n\u00e3o a \u00e1rea biom\u00e9dica.<\/p><p>O candidato dever\u00e1 escolher um orientador credenciado ao Programa e entrar em contato pr\u00e9vio com o mesmo para realizar um est\u00e1gio probat\u00f3rio.<\/p><p>As inscri\u00e7\u00f5es para o exame de sele\u00e7\u00e3o ocorrem semestralmente, e s\u00e3o divulgadas atrav\u00e9s de\u00a0<a href=\"http:\/\/posfisio.icb.usp.br\/selecao\/edital-de-selecao\/\">Edital<\/a>, geralmente nos meses de maio e outubro de cada ano.<\/p><p>As datas das provas semestrais de ingresso geralmente s\u00e3o realizadas:<\/p><p>\u2013 No primeiro semestre, a primeira ter\u00e7a-feira do m\u00eas de junho;<\/p><p>\u2013 No segundo semestre, a \u00faltima ter\u00e7a-feira do m\u00eas de novembro.<\/p><p><strong>Sele\u00e7\u00e3o<\/strong><\/p><p>1. Ser\u00e1 realizada uma prova de conhecimentos gerais em Fisiologia Humana com o\u00a0<a href=\"http:\/\/posfisio.icb.usp.br\/selecao\/conteudo-programatico\/\">conte\u00fado program\u00e1tico<\/a>\u00a0que abrange as \u00e1reas de Biof\u00edsica, Neurofisiologia e Fisiologias Cardiovascular, Respirat\u00f3ria, Renal, Gastrointestinal e End\u00f3crina. Ser\u00e1 classificado para a pr\u00f3xima fase o candidato ao Mestrado que obtiver m\u00e9dia igual ou superior a 5 (cinco) e o candidato ao Doutorado Direto que obtiver m\u00e9dia igual ou superior a 7 (sete) .<\/p><p>2. Realizar o exame de profici\u00eancia em ingl\u00eas no Centro de L\u00ednguas da FFLCH \u2013 USP.<br \/>A profici\u00eancia no idioma ingl\u00eas ser\u00e1 exigido na etapa de An\u00e1lise Curricular e Argui\u00e7\u00e3o do Projeto de Pesquisa de todos os candidatos aprovados que prestarem a Sele\u00e7\u00e3o de Ingresso a partir de 21\/07\/2014. Para isso exige-se o grau Suficiente emitido pelo Centro de L\u00ednguas da FFLCH\/USP ap\u00f3s a realiza\u00e7\u00e3o de sua prova trimestral.\u00a0 Tamb\u00e9m, segue lista dos certificados que s\u00e3o considerados equivalentes para a demonstra\u00e7\u00e3o da profici\u00eancia na l\u00edngua inglesa:\u00a0<a href=\"http:\/\/posfisio.icb.usp.br\/wp-content\/uploads\/2020\/10\/proficiencia_ingles_mestradodoutorado_v2.pdf\" target=\"_blank\" rel=\"noopener\">Lista.<\/a><\/p><p>3. Submeter-se a An\u00e1lise Curricular e Argui\u00e7\u00e3o do Projeto de Pesquisa, no caso de aprova\u00e7\u00e3o na prova escrita de Fisiologia, com a Comiss\u00e3o Coordenadora do Programa. Nesta, o candidato \u00e9 arguido quanto ao seu curr\u00edculo e ao projeto de pesquisa a ser desenvolvido.<\/p><p><strong>Inscri\u00e7\u00e3o, seguindo o modo de envio\/entrega descrito no\u00a0<a href=\"http:\/\/posfisio.icb.usp.br\/selecao\/edital-de-selecao\/\" target=\"_blank\" rel=\"noopener\">Edital<\/a><br \/><\/strong><\/p><p>1. Documentos pessoais;<\/p><p>2. Documentos de comprova\u00e7\u00e3o da Gradua\u00e7\u00e3o;<\/p><p>3.\u00a0<a href=\"https:\/\/sites.usp.br\/posfisio\/wp-content\/uploads\/sites\/1200\/2023\/11\/formulario_de_inscricao_ME-DD-DO.doc\">Formul\u00e1rio de Inscri\u00e7\u00e3o de Mestrado e Doutorado Direto<\/a>;<\/p><p>4.\u00a0<a href=\"https:\/\/sites.usp.br\/posfisio\/wp-content\/uploads\/sites\/1200\/2023\/11\/Form_aceitacao_orientacao.doc\">Formul\u00e1rio de aceite do orientador<\/a>;<\/p><p>* Todos os formul\u00e1rios devem ser entregues digitados.<\/p><hr \/><p><strong>PARA OS CANDIDATOS AO DOUTORADO COM MESTRADO<\/strong><\/p><p>A sele\u00e7\u00e3o destes candidatos \u00e9 de fluxo cont\u00ednuo, de acordo com as normas abaixo:<\/p><p>i \u2013 An\u00e1lise do Curr\u00edculo<\/p><p>ii \u2013 An\u00e1lise da Disserta\u00e7\u00e3o de Mestrado;<\/p><p>iii \u2013 Argui\u00e7\u00e3o da Disserta\u00e7\u00e3o;<\/p><p>iv \u2013 Argui\u00e7\u00e3o do Projeto\/Trabalho de Pesquisa.<\/p><p>Para a inscri\u00e7\u00e3o, conforme o modo de envio\/entrega descrito no\u00a0<a href=\"http:\/\/posfisio.icb.usp.br\/selecao\/edital-de-selecao\/\" target=\"_blank\" rel=\"noopener\">Edital<\/a>, os documentos necess\u00e1rios s\u00e3o:<\/p><p>1. Documentos pessoais;<\/p><p>2. Documentos de comprova\u00e7\u00e3o da Gradua\u00e7\u00e3o;<\/p><p>3. Documentos de comprova\u00e7\u00e3o do Mestrado;<\/p><p>4.\u00a0<a href=\"https:\/\/sites.usp.br\/posfisio\/wp-content\/uploads\/sites\/1200\/2023\/11\/formulario_de_inscricao_ME-DD-DO.doc\">Formul\u00e1rio de Inscri\u00e7\u00e3o de Doutorado com Mestrado<\/a>;<\/p><p>5.\u00a0<a href=\"https:\/\/sites.usp.br\/posfisio\/wp-content\/uploads\/sites\/1200\/2023\/11\/Form_aceitacao_orientacao.doc\">Formul\u00e1rio de aceite do orientador<\/a>;<\/p><p>6. Projeto de Pesquisa a ser desenvolvido (p\/ entrevista) com: resumo, introdu\u00e7\u00e3o e justificativa, objetivos, cronograma, material e m\u00e9todos e bibliografia.<br \/>Deve ter no m\u00e1ximo 20 p\u00e1ginas e ser enviado no formato PDF para o endere\u00e7o eletr\u00f4nico\u00a0<a>posfisio@icb.usp.br<\/a>\u00a0.<\/p><p>* Todos os formul\u00e1rios devem ser entregues digitados.<\/p><p>* Profici\u00eancia no idioma ingl\u00eas: segue lista dos certificados que s\u00e3o considerados equivalentes para a demonstra\u00e7\u00e3o da profici\u00eancia na l\u00edngua inglesa:\u00a0<a href=\"http:\/\/posfisio.icb.usp.br\/wp-content\/uploads\/2020\/10\/proficiencia_ingles_doutorado_v2.pdf\" target=\"_blank\" rel=\"noopener\">Lista.<\/a><\/p><p>Por ser fluxo cont\u00ednuo, as datas de abertura das inscri\u00e7\u00f5es do Edital s\u00e3o:<\/p><p>\u2013 No primeiro semestre, inscri\u00e7\u00f5es do in\u00edcio de fevereiro at\u00e9 o fim do m\u00eas de junho;<\/p><p>\u2013 No segundo semestre, inscri\u00e7\u00f5es do in\u00edcio de julho at\u00e9 o fim do m\u00eas de novembro.<\/p><p>Maiores detalhes: veja o\u00a0<a href=\"http:\/\/posfisio.icb.usp.br\/selecao\/edital-de-selecao\/\">Edital<\/a>\u00a0para os candidatos ao Doutorado com Mestrado.<\/p>\t\t\t\t\t\t<\/div>\n\t\t\t\t<\/div>\n\t\t\t\t\t<\/div>\n\t\t<\/div>\n\t\t\t\t\t<\/div>\n\t\t<\/section>\n\t\t\t\t<\/div>\n\t\t","protected":false},"excerpt":{"rendered":"<p>Sele\u00e7\u00e3o de Ingresso CANDIDATOS AO MESTRADO OU DOUTORADO DIRETO Para ingressar no Programa de P\u00f3s-Gradua\u00e7\u00e3o em Biologia Funcional e Molecular do ICB da USP, o candidato dever\u00e1 ser graduado. O [&hellip;]<\/p>\n","protected":false},"author":24472,"featured_media":0,"parent":0,"menu_order":0,"comment_status":"closed","ping_status":"closed","template":"","meta":{"footnotes":"","_links_to":"","_links_to_target":""},"class_list":["post-645","page","type-page","status-publish","hentry"],"_links":{"self":[{"href":"https:\/\/sites.usp.br\/posbfm\/wp-json\/wp\/v2\/pages\/645","targetHints":{"allow":["GET"]}}],"collection":[{"href":"https:\/\/sites.usp.br\/posbfm\/wp-json\/wp\/v2\/pages"}],"about":[{"href":"https:\/\/sites.usp.br\/posbfm\/wp-json\/wp\/v2\/types\/page"}],"author":[{"embeddable":true,"href":"https:\/\/sites.usp.br\/posbfm\/wp-json\/wp\/v2\/users\/24472"}],"replies":[{"embeddable":true,"href":"https:\/\/sites.usp.br\/posbfm\/wp-json\/wp\/v2\/comments?post=645"}],"version-history":[{"count":3,"href":"https:\/\/sites.usp.br\/posbfm\/wp-json\/wp\/v2\/pages\/645\/revisions"}],"predecessor-version":[{"id":648,"href":"https:\/\/sites.usp.br\/posbfm\/wp-json\/wp\/v2\/pages\/645\/revisions\/648"}],"wp:attachment":[{"href":"https:\/\/sites.usp.br\/posbfm\/wp-json\/wp\/v2\/media?parent=645"}],"curies":[{"name":"wp","href":"https:\/\/api.w.org\/{rel}","templated":true}]}}