{"id":810,"date":"2021-11-16T21:07:14","date_gmt":"2021-11-17T00:07:14","guid":{"rendered":"https:\/\/sites.usp.br\/posgpp\/?page_id=810"},"modified":"2021-12-14T11:45:48","modified_gmt":"2021-12-14T14:45:48","slug":"programa","status":"publish","type":"page","link":"https:\/\/sites.usp.br\/posgpp\/programa\/","title":{"rendered":"Apresenta\u00e7\u00e3o"},"content":{"rendered":"<p>Programa de Mestrado Acad\u00eamico em Gest\u00e3o de Pol\u00edticas P\u00fablicas (PMGPP) da Escola de Artes, Ci\u00eancias e Humanidades (EACH) da Universidade de S\u00e3o Paulo (USP) foi criado em 2012 e matriculou a primeira turma no in\u00edcio de 2013. Desde ent\u00e3o, foram formados 69 mestres (m\u00e9dia de 11,5 mestres por ano entre 2015 e 2020) por um corpo docente composto de um grupo inicial de 8 professores e que atualmente conta com 18 pesquisadores, sendo 17 permanentes e 1 colaborador.<\/p>\n<p style=\"padding-left: 280px;\"><img loading=\"lazy\" decoding=\"async\" class=\"wp-image-896 alignright\" src=\"https:\/\/sites.usp.br\/posgpp\/wp-content\/uploads\/sites\/1047\/2021\/12\/Capa-Final-EACH-2-1-300x169.png\" alt=\"\" width=\"625\" height=\"352\" data-id=\"896\" \/><\/p>\n<p>O objetivo geral do Programa \u00e9 constituir-se como um n\u00facleo de excel\u00eancia e de refer\u00eancia nacional na forma\u00e7\u00e3o de pesquisadores e profissionais, na produ\u00e7\u00e3o de conhecimento em an\u00e1lise e gest\u00e3o de pol\u00edticas p\u00fablicas, de forma que impacte esta realidade. Este objetivo mais amplo desdobra-se nos seguintes objetivos espec\u00edficos:<\/p>\n<p>1-Forma\u00e7\u00e3o de recursos humanos (egressos): formar profissionais com vis\u00e3o sist\u00eamica e forma\u00e7\u00e3o multidisciplinar para estudar, analisar e intervir diretamente no processo de formula\u00e7\u00e3o, implementa\u00e7\u00e3o e avalia\u00e7\u00e3o de pol\u00edticas p\u00fablicas, seja no \u00e2mbito estatal, privado ou no das organiza\u00e7\u00f5es da sociedade civil, bem como formar docentes para atuar no campo de p\u00fablicas com uma perspectiva anal\u00edtica ampliada sobre as dimens\u00f5es pol\u00edticas, organizacionais e administrativas das pol\u00edticas p\u00fablicas;<\/p>\n<p>2-Produ\u00e7\u00e3o Cient\u00edfica: fomentar a produ\u00e7\u00e3o de conhecimento sobre a gest\u00e3o e as pol\u00edticas p\u00fablicas atrav\u00e9s de uma perspectiva multidisciplinar, promovendo a converg\u00eancia das diferentes contribui\u00e7\u00f5es das diversas \u00e1reas do conhecimento sobre a tem\u00e1tica da gest\u00e3o e das pol\u00edticas p\u00fablicas, em especial as ci\u00eancias sociais aplicadas (Administra\u00e7\u00e3o P\u00fablica, Economia, Ci\u00eancias Cont\u00e1beis, Psicologia e Direito) e as ci\u00eancias sociais (Ci\u00eancia Pol\u00edtica, Sociologia);<\/p>\n<p>3- Impacto Econ\u00f4mico, Social e Cultural: promover a\u00e7\u00f5es de pesquisa, forma\u00e7\u00e3o e extens\u00e3o que tenham consequ\u00eancias no debate sobre pol\u00edticas p\u00fablicas, gest\u00e3o p\u00fablica, organiza\u00e7\u00f5es da sociedade civil, e na atua\u00e7\u00e3o de profissionais destas \u00e1reas.<\/p>\n<p>A miss\u00e3o do PMGPP, de acordo com tais objetivos, \u00e9:<\/p>\n<p>1- formar recursos humanos (pesquisadores, docentes e gestores) habilitados a atuar na an\u00e1lise e na gest\u00e3o de pol\u00edticas p\u00fablicas em todo os setores (governamental, de organiza\u00e7\u00f5es da sociedade civil e do setor privado) com um olhar anal\u00edtico e te\u00f3rico enriquecido pela multidisciplinariedade,<\/p>\n<p>2- produzir conhecimento relevante te\u00f3rica e empiricamente no \u201ccampo de p\u00fablicas\u201d, contemplando a conflu\u00eancia das dimens\u00f5es pol\u00edtica, organizacional e administrativa das pol\u00edticas p\u00fablicas.<\/p>\n<p>Como mestrado acad\u00eamico, o Programa preza pela forma\u00e7\u00e3o anal\u00edtica, bem como pela forma\u00e7\u00e3o em m\u00e9todos e t\u00e9cnicas de pesquisa, partindo da considera\u00e7\u00e3o das pol\u00edticas p\u00fablicas, da gest\u00e3o p\u00fablica e da gest\u00e3o social como objetos de estudo que extrapolam o Estado e o governo, abarcando atores da sociedade civil e do mercado. Seu corpo docente possui forma\u00e7\u00e3o diversificada &#8211; incluindo \u00e1reas como Administra\u00e7\u00e3o P\u00fablica, Economia, Contabilidade, Ci\u00eancia Pol\u00edtica, Rela\u00e7\u00f5es Internacionais e Psicologia -, o que propicia a ado\u00e7\u00e3o de perspectivas multidisciplinares nas pesquisas.<\/p>\n<p>Ressaltamos a relev\u00e2ncia do PMGPP num contexto de crescimento do n\u00famero de alunos de gradua\u00e7\u00e3o na \u00e1rea de gest\u00e3o p\u00fablica, de exist\u00eancia de poucos programas acad\u00eamicos em administra\u00e7\u00e3o p\u00fablica na \u00c1rea 27 e de crescimento do n\u00famero de programas em pol\u00edticas p\u00fablicas em outras \u00c1reas da CAPES. Segundo dados do INEP\/MEC, em 2019 havia 35.000 matriculados nos diversos bacharelados e gradua\u00e7\u00f5es tecnol\u00f3gicas do chamado \u201cCampo de P\u00fablicas\u201d, que abarca tanto cursos mais pr\u00f3ximos do referencial estrito da Administra\u00e7\u00e3o (como os cursos de Administra\u00e7\u00e3o P\u00fablica e de Gest\u00e3o P\u00fablica) como cursos com referencial mais pr\u00f3ximos ao das ci\u00eancias humanas e sociais (como cursos de Pol\u00edticas P\u00fablicas, Gest\u00e3o de Pol\u00edticas P\u00fablicas, Gest\u00e3o Social e Ci\u00eancias do Estado).<\/p>\n<p>Esse n\u00famero expressivo de alunos em n\u00edvel de gradua\u00e7\u00e3o tem rela\u00e7\u00e3o direta com a cria\u00e7\u00e3o n\u00e3o apenas do nosso PMGPP (que foi criado por docentes do curso de gradua\u00e7\u00e3o em Gest\u00e3o de Pol\u00edticas P\u00fablicas da USP), mas tamb\u00e9m com a cria\u00e7\u00e3o de diversos cursos de mestrado e doutorado acad\u00eamicos em outras \u00e1reas da Capes como Ci\u00eancia Pol\u00edtica e Rela\u00e7\u00f5es Internacionais, Interdisciplinar e Planejamento Urbano e Demografia. Ou seja, n\u00e3o \u00e9 s\u00f3 na \u00c1rea 27 que h\u00e1 cursos acad\u00eamicos de p\u00f3s-gradua\u00e7\u00e3o no chamado \u201cCampo de P\u00fablicas\u201d, e entendemos que os cursos da \u00c1rea 27 t\u00eam um papel muito importante no atendimento \u00e0 demanda desses graduados.<\/p>\n<p>O PMGPP \u00e9 um dos poucos programas acad\u00eamicos na sub-\u00e1rea Administra\u00e7\u00e3o P\u00fablica da \u00c1rea 27 (somos um dentre apenas 8 programas acad\u00eamicos nessa sub-\u00e1rea), e buscamos atender com excel\u00eancia \u00e0 demanda por mestrado acad\u00eamico nessa sub-\u00e1rea t\u00e3o relevante para o desenvolvimento do Pa\u00eds e promo\u00e7\u00e3o da qualidade dos servi\u00e7os p\u00fablicos oferecidos \u00e0 popula\u00e7\u00e3o.<\/p>\n<p>E buscamos atender a essa demanda formando nossos alunos com o referencial te\u00f3rico da administra\u00e7\u00e3o em combina\u00e7\u00e3o com o referencial te\u00f3rico das outras ci\u00eancias sociais que informam a compreens\u00e3o do fen\u00f4meno da gest\u00e3o e das pol\u00edticas p\u00fablicas, conforme mostraremos adiante na descri\u00e7\u00e3o de nossa \u00e1rea de concentra\u00e7\u00e3o, linhas e projetos de pesquisa.<\/p>\n<p>&nbsp;<\/p>\n<p>Ao longo dos oito anos (2013-2020) de exist\u00eancia do PMGPP, a \u00e1rea de concentra\u00e7\u00e3o e as linhas de pesquisa se mantiveram constantes, indicando a coer\u00eancia interna do Programa desde sua cria\u00e7\u00e3o, a despeito de mudan\u00e7as na composi\u00e7\u00e3o do quadro docente.<\/p>\n<p>A \u00c1rea de Concentra\u00e7\u00e3o do Programa \u00e9 a An\u00e1lise de Pol\u00edticas P\u00fablicas. O campo da an\u00e1lise de pol\u00edticas p\u00fablicas, na sua concep\u00e7\u00e3o cl\u00e1ssica, tem como objetos de pesquisa os ciclos que v\u00e3o desde a forma\u00e7\u00e3o de agenda, a formula\u00e7\u00e3o de programas, abrangendo a implementa\u00e7\u00e3o de pol\u00edticas at\u00e9 a avalia\u00e7\u00e3o de a\u00e7\u00f5es. Abordagens te\u00f3ricas mais recentes, entretanto, procuram ir al\u00e9m do \u201cEstado em a\u00e7\u00e3o\u201d, incorporando a mir\u00edade de atores estatais e n\u00e3o estatais que interagem em ambientes formais e informais nos processos de produ\u00e7\u00e3o de pol\u00edticas p\u00fablicas. Discuss\u00f5es te\u00f3ricas e modelos anal\u00edticos mais contempor\u00e2neos t\u00eam avan\u00e7ado de modo a considerar problemas p\u00fablicos como objetos complexos e multi-escalares. Isso implica, tanto do ponto de vista anal\u00edtico como nas pr\u00e1ticas do setor p\u00fablico, considerar arranjos e din\u00e2micas organizacionais que se entrecruzam, envolvendo intera\u00e7\u00f5es entre atores estatais e n\u00e3o estatais para analisar os problemas p\u00fablicos.<\/p>\n<p>As Linhas de Pesquisa que estruturam o PMGPP desde a sua origem s\u00e3o:<\/p>\n<ul>\n<li>Estado, Administra\u00e7\u00e3o P\u00fablica e Gest\u00e3o Social<\/li>\n<li>Sociedade, Institui\u00e7\u00f5es e Pol\u00edticas P\u00fablicas<\/li>\n<\/ul>\n<p>A linha de pesquisa Estado, Administra\u00e7\u00e3o P\u00fablica e Gest\u00e3o Social contempla estudos fundados nos referenciais te\u00f3ricos das ci\u00eancias sociais aplicadas (Administra\u00e7\u00e3o P\u00fablica, Economia, Direito, Ci\u00eancias Cont\u00e1beis, Psicologia). A linha Sociedade, Institui\u00e7\u00f5es e Pol\u00edticas P\u00fablicas trabalha com os referenciais te\u00f3ricos das ci\u00eancias sociais e humanas (Rela\u00e7\u00f5es Internacionais, Ci\u00eancia Pol\u00edtica, Sociologia).<\/p>\n<p>Ambas as linhas se dedicam ao estudo da gest\u00e3o e \u00e0 an\u00e1lise das pol\u00edticas p\u00fablicas e buscam contemplar o estado da arte do debate, considerando as especificidades do contexto brasileiro, bem como suas possibilidades de intera\u00e7\u00e3o. A forma\u00e7\u00e3o combinada nessas duas linhas \u00e9 um dos diferenciais da forma\u00e7\u00e3o desenvolvida no Programa, conforme destacado nos relatos de egressos.<\/p>\n<p>&nbsp;<\/p>\n","protected":false},"excerpt":{"rendered":"<p>Programa de Mestrado Acad\u00eamico em Gest\u00e3o de Pol\u00edticas P\u00fablicas (PMGPP) da Escola de Artes, Ci\u00eancias e Humanidades (EACH) da Universidade de S\u00e3o Paulo (USP) foi criado em 2012 e matriculou a primeira turma no in\u00edcio de 2013. Desde ent\u00e3o, foram formados 69 mestres (m\u00e9dia de 11,5 mestres por ano entre 2015 e 2020) por um corpo docente composto de um grupo inicial de 8 professores e que atualmente conta com 18 pesquisadores, sendo 17 permanentes e 1 colaborador. O objetivo geral do Programa \u00e9 constituir-se como um n\u00facleo de excel\u00eancia e de refer\u00eancia nacional na forma\u00e7\u00e3o de pesquisadores e profissionais, na produ\u00e7\u00e3o de conhecimento em an\u00e1lise e gest\u00e3o de pol\u00edticas p\u00fablicas, de forma que impacte esta realidade. Este objetivo mais amplo desdobra-se nos seguintes objetivos espec\u00edficos: 1-Forma\u00e7\u00e3o de recursos humanos (egressos): formar profissionais com vis\u00e3o sist\u00eamica e forma\u00e7\u00e3o multidisciplinar para estudar, analisar e intervir diretamente no processo de formula\u00e7\u00e3o, implementa\u00e7\u00e3o e avalia\u00e7\u00e3o de pol\u00edticas p\u00fablicas, seja no \u00e2mbito estatal, privado ou no das organiza\u00e7\u00f5es da sociedade civil, bem como formar docentes para atuar no campo de p\u00fablicas com uma perspectiva anal\u00edtica ampliada sobre as dimens\u00f5es pol\u00edticas, organizacionais e administrativas das pol\u00edticas p\u00fablicas; 2-Produ\u00e7\u00e3o Cient\u00edfica: fomentar a produ\u00e7\u00e3o de conhecimento sobre [&#8230;]<\/p>\n","protected":false},"author":22000,"featured_media":0,"parent":0,"menu_order":0,"comment_status":"closed","ping_status":"closed","template":"","meta":{"footnotes":"","_links_to":"","_links_to_target":""},"class_list":["post-810","page","type-page","status-publish","hentry"],"_links":{"self":[{"href":"https:\/\/sites.usp.br\/posgpp\/wp-json\/wp\/v2\/pages\/810","targetHints":{"allow":["GET"]}}],"collection":[{"href":"https:\/\/sites.usp.br\/posgpp\/wp-json\/wp\/v2\/pages"}],"about":[{"href":"https:\/\/sites.usp.br\/posgpp\/wp-json\/wp\/v2\/types\/page"}],"author":[{"embeddable":true,"href":"https:\/\/sites.usp.br\/posgpp\/wp-json\/wp\/v2\/users\/22000"}],"replies":[{"embeddable":true,"href":"https:\/\/sites.usp.br\/posgpp\/wp-json\/wp\/v2\/comments?post=810"}],"version-history":[{"count":4,"href":"https:\/\/sites.usp.br\/posgpp\/wp-json\/wp\/v2\/pages\/810\/revisions"}],"predecessor-version":[{"id":916,"href":"https:\/\/sites.usp.br\/posgpp\/wp-json\/wp\/v2\/pages\/810\/revisions\/916"}],"wp:attachment":[{"href":"https:\/\/sites.usp.br\/posgpp\/wp-json\/wp\/v2\/media?parent=810"}],"curies":[{"name":"wp","href":"https:\/\/api.w.org\/{rel}","templated":true}]}}