{"id":1774,"date":"2020-07-23T20:38:24","date_gmt":"2020-07-23T23:38:24","guid":{"rendered":"http:\/\/sites.usp.br\/ppgarqmae\/?page_id=1774"},"modified":"2022-05-17T09:43:30","modified_gmt":"2022-05-17T12:43:30","slug":"disciplinas-2","status":"publish","type":"page","link":"https:\/\/sites.usp.br\/ppgarqmae\/disciplinas-2\/","title":{"rendered":"Disciplinas"},"content":{"rendered":"<table class=\"dataTable selecionavel\" align=\"center\">\n<thead>\n<tr>\n<td>ARQ5003<\/td>\n<td><a class=\"link_gray\" href=\"https:\/\/uspdigital.usp.br\/janus\/publico\/disciplina\/C\/ARQ5003\" target=\"_parent\" rel=\"noopener\">Moeda e no\u00e7\u00e3o de valor no mundo antigo<\/a><\/td>\n<\/tr>\n<tr>\n<td>ARQ5012<\/td>\n<td><a class=\"link_gray\" href=\"https:\/\/uspdigital.usp.br\/janus\/publico\/disciplina\/C\/ARQ5012\" target=\"_parent\" rel=\"noopener\">Arqueologia dos Animais<\/a><\/td>\n<\/tr>\n<tr>\n<td>ARQ5023<\/td>\n<td><a class=\"link_gray\" href=\"https:\/\/uspdigital.usp.br\/janus\/publico\/disciplina\/C\/ARQ5023\" target=\"_parent\" rel=\"noopener\">O Contexto Arqueol\u00f3gico e a Interpreta\u00e7\u00e3o de Vest\u00edgios<\/a><\/td>\n<\/tr>\n<tr>\n<td>ARQ5025<\/td>\n<td><a class=\"link_gray\" href=\"https:\/\/uspdigital.usp.br\/janus\/publico\/disciplina\/C\/ARQ5025\" target=\"_parent\" rel=\"noopener\">Arqueologia da Floresta Tropical<\/a><\/td>\n<\/tr>\n<tr>\n<td>ARQ5032<\/td>\n<td><a class=\"link_gray\" href=\"https:\/\/uspdigital.usp.br\/janus\/publico\/disciplina\/C\/ARQ5032\" target=\"_parent\" rel=\"noopener\">Tradi\u00e7\u00e3o e Contexto Arqueol\u00f3gico no Brasil<\/a><\/td>\n<\/tr>\n<tr>\n<td>ARQ5036<\/td>\n<td><a class=\"link_gray\" href=\"https:\/\/uspdigital.usp.br\/janus\/publico\/disciplina\/C\/ARQ5036\" target=\"_parent\" rel=\"noopener\">T\u00e9cnicas At\u00f4mico-Nucleares n\u00e3o Destrutivas Aplicadas ao Estudo de Objetos Arqueol\u00f3gicos e de Arte<\/a><\/td>\n<\/tr>\n<tr>\n<td>ARQ5037<\/td>\n<td><a class=\"link_gray\" href=\"https:\/\/uspdigital.usp.br\/janus\/publico\/disciplina\/C\/ARQ5037\" target=\"_parent\" rel=\"noopener\">M\u00e9todos Arqueol\u00f3gicos<\/a><\/td>\n<\/tr>\n<tr>\n<td>ARQ5038<\/td>\n<td><a class=\"link_gray\" href=\"https:\/\/uspdigital.usp.br\/janus\/publico\/disciplina\/C\/ARQ5038\" target=\"_parent\" rel=\"noopener\">Teoria Arqueol\u00f3gica II<\/a><\/td>\n<\/tr>\n<tr>\n<td>ARQ5049<\/td>\n<td><a class=\"link_gray\" href=\"https:\/\/uspdigital.usp.br\/janus\/publico\/disciplina\/C\/ARQ5049\" target=\"_parent\" rel=\"noopener\">Arqueologia Pr\u00e9-Colombiana: teoria e m\u00e9todos aplicados aos estudos de cole\u00e7\u00f5es<\/a><\/td>\n<\/tr>\n<tr>\n<td>ARQ5052<\/td>\n<td><a class=\"link_gray\" href=\"https:\/\/uspdigital.usp.br\/janus\/publico\/disciplina\/C\/ARQ5052\" target=\"_parent\" rel=\"noopener\">Problem\u00e1ticas Educacionais em Museus de Arqueologia<\/a><\/td>\n<\/tr>\n<tr>\n<td>ARQ5055<\/td>\n<td><a class=\"link_gray\" href=\"https:\/\/uspdigital.usp.br\/janus\/publico\/disciplina\/C\/ARQ5055\" target=\"_parent\" rel=\"noopener\">Processos de Transforma\u00e7\u00e3o no Mediterr\u00e2neo Antigo: Roma e suas Prov\u00edncias<\/a><\/td>\n<\/tr>\n<tr>\n<td>ARQ5064<\/td>\n<td><a class=\"link_gray\" href=\"https:\/\/uspdigital.usp.br\/janus\/publico\/disciplina\/C\/ARQ5064\" target=\"_parent\" rel=\"noopener\">Introdu\u00e7\u00e3o \u00e0 Arqueologia de Estruturas Funer\u00e1rias: M\u00e9todos e T\u00e9cnicas para Escava\u00e7\u00e3o, Registro e Interpreta\u00e7\u00e3o<\/a><\/td>\n<\/tr>\n<tr>\n<td>ARQ5069<\/td>\n<td><a class=\"link_gray\" href=\"https:\/\/uspdigital.usp.br\/janus\/publico\/disciplina\/C\/ARQ5069\" target=\"_parent\" rel=\"noopener\">Teoria em Arqueologia Mediterr\u00e2nica<\/a><\/td>\n<\/tr>\n<tr>\n<td>ARQ5087<\/td>\n<td><a class=\"link_gray\" href=\"https:\/\/uspdigital.usp.br\/janus\/publico\/disciplina\/C\/ARQ5087\" target=\"_parent\" rel=\"noopener\">Arqueologia Costeira<\/a><\/td>\n<\/tr>\n<tr>\n<td>ARQ5090<\/td>\n<td><a class=\"link_gray\" href=\"https:\/\/uspdigital.usp.br\/janus\/publico\/disciplina\/C\/ARQ5090\" target=\"_parent\" rel=\"noopener\">Geoarqueologia<\/a><\/td>\n<\/tr>\n<tr>\n<td>ARQ5095<\/td>\n<td><a class=\"link_gray\" href=\"https:\/\/uspdigital.usp.br\/janus\/publico\/disciplina\/C\/ARQ5095\" target=\"_parent\" rel=\"noopener\">Microarqueologia<\/a><\/td>\n<\/tr>\n<tr>\n<td>ARQ5100<\/td>\n<td><a class=\"link_gray\" href=\"https:\/\/uspdigital.usp.br\/janus\/publico\/disciplina\/C\/ARQ5100\" target=\"_parent\" rel=\"noopener\">Arqueologia, comunidades e popula\u00e7\u00f5es tradicionais: tem\u00e1ticas e perspectivas te\u00f3rico-metodol\u00f3gicos de pesquisa<\/a><\/td>\n<\/tr>\n<tr>\n<td>ARQ5101<\/td>\n<td><a class=\"link_gray\" href=\"https:\/\/uspdigital.usp.br\/janus\/publico\/disciplina\/C\/ARQ5101\" target=\"_parent\" rel=\"noopener\">Povoamento da Am\u00e9rica em contexto: o final do Pleistoceno em uma perspectiva global<\/a><\/td>\n<\/tr>\n<tr>\n<td>ARQ5102<\/td>\n<td><a class=\"link_gray\" href=\"https:\/\/uspdigital.usp.br\/janus\/publico\/disciplina\/C\/ARQ5102\" target=\"_parent\" rel=\"noopener\">Introdu\u00e7\u00e3o pr\u00e1tica \u00e0 Ciberarqueologia: Modelagem 3D e Interatividade em tempo real<\/a><\/td>\n<\/tr>\n<tr>\n<td>ARQ5103<\/td>\n<td><a class=\"link_gray\" href=\"https:\/\/uspdigital.usp.br\/janus\/publico\/disciplina\/C\/ARQ5103\" target=\"_parent\" rel=\"noopener\">Arqueologia de Israel<\/a><\/td>\n<\/tr>\n<tr>\n<td>ARQ5104<\/td>\n<td><a class=\"link_gray\" href=\"https:\/\/uspdigital.usp.br\/janus\/publico\/disciplina\/C\/ARQ5104\" target=\"_parent\" rel=\"noopener\">Esparta: expans\u00e3o e organiza\u00e7\u00e3o territorial no Peloponeso (VIII a.C. &#8211; V a.C.)<\/a><\/td>\n<\/tr>\n<tr>\n<td>ARQ5105<\/td>\n<td><a class=\"link_gray\" href=\"https:\/\/uspdigital.usp.br\/janus\/publico\/disciplina\/C\/ARQ5105\" target=\"_parent\" rel=\"noopener\">Reprodutibilidade em Arqueologia: Historia, Instrumentos e Teoria<\/a><\/td>\n<\/tr>\n<tr>\n<td>ARQ5106<\/td>\n<td><a class=\"link_gray\" href=\"https:\/\/uspdigital.usp.br\/janus\/publico\/disciplina\/C\/ARQ5106\" target=\"_parent\" rel=\"noopener\">T\u00f3picos avan\u00e7ados em evolu\u00e7\u00e3o humana: cultura, comportamento e a anatomia comparada homin\u00f3ide<\/a><\/td>\n<\/tr>\n<tr>\n<td>ARQ5107<\/td>\n<td><a class=\"link_gray\" href=\"https:\/\/uspdigital.usp.br\/janus\/publico\/disciplina\/C\/ARQ5107\" target=\"_parent\" rel=\"noopener\">Arqueogen\u00e9tica: a hist\u00f3ria populacional humana<\/a><\/td>\n<\/tr>\n<tr>\n<td>ARQ5108<\/td>\n<td><a class=\"link_gray\" href=\"https:\/\/uspdigital.usp.br\/janus\/publico\/disciplina\/C\/ARQ5108\" target=\"_parent\" rel=\"noopener\">M\u00e9todos de Campo em Arqueologia: Teoria e Pr\u00e1tica<\/a><\/td>\n<\/tr>\n<tr>\n<td>ARQ5109<\/td>\n<td><a class=\"link_gray\" href=\"https:\/\/uspdigital.usp.br\/janus\/publico\/disciplina\/C\/ARQ5109\" target=\"_parent\" rel=\"noopener\">Pesquisa de recep\u00e7\u00e3o de p\u00fablico de museu, educa\u00e7\u00e3o patrimonial, divulga\u00e7\u00e3o cient\u00edfica e extens\u00e3o universit\u00e1ria<\/a><\/td>\n<\/tr>\n<tr>\n<td>ARQ5110<\/td>\n<td><a class=\"link_gray\" href=\"https:\/\/uspdigital.usp.br\/janus\/publico\/disciplina\/C\/ARQ5110\" target=\"_parent\" rel=\"noopener\">Comunica\u00e7\u00e3o Museol\u00f3gica &#8211; Princ\u00edpios e Aplica\u00e7\u00f5es em exposi\u00e7\u00e3o e educa\u00e7\u00e3o patrimonial<\/a><\/td>\n<\/tr>\n<tr>\n<td>ARQ5112<\/td>\n<td><a class=\"link_gray\" href=\"https:\/\/uspdigital.usp.br\/janus\/publico\/disciplina\/C\/ARQ5112\" target=\"_parent\" rel=\"noopener\">Intera\u00e7\u00f5es culturais no Mediterr\u00e2neo Oriental e na Terra de Israel durante o per\u00edodo grego e romano<\/a><\/td>\n<\/tr>\n<tr>\n<td>ARQ5113<\/td>\n<td><a class=\"link_gray\" href=\"https:\/\/uspdigital.usp.br\/janus\/publico\/disciplina\/C\/ARQ5113\" target=\"_parent\" rel=\"noopener\">Geoarqueologia de dep\u00f3sitos antropog\u00eanicos<\/a><\/td>\n<\/tr>\n<tr>\n<td>ARQ5114<\/td>\n<td><a class=\"link_gray\" href=\"https:\/\/uspdigital.usp.br\/janus\/publico\/disciplina\/C\/ARQ5114\" target=\"_parent\" rel=\"noopener\">Perspectivas da complexidade na gera\u00e7\u00e3o de conhecimentos: Reflex\u00f5es a partir do trabalho com remanescentes humanos arqueol\u00f3gicos.<\/a><\/td>\n<\/tr>\n<tr>\n<td>ARQ5116<\/td>\n<td><a class=\"link_gray\" href=\"https:\/\/uspdigital.usp.br\/janus\/publico\/disciplina\/C\/ARQ5116\" target=\"_parent\" rel=\"noopener\">Fit\u00f3litos e gr\u00e3os de amido na Arqueologia<\/a><\/td>\n<\/tr>\n<tr>\n<td>ARQ5118<\/td>\n<td><a class=\"link_gray\" href=\"https:\/\/uspdigital.usp.br\/janus\/publico\/disciplina\/C\/ARQ5118\" target=\"_parent\" rel=\"noopener\">Grafismos Rupestres Pr\u00e9-hist\u00f3ricos<\/a><\/td>\n<\/tr>\n<tr>\n<td>ARQ5119<\/td>\n<td><a class=\"link_gray\" href=\"https:\/\/uspdigital.usp.br\/janus\/publico\/disciplina\/C\/ARQ5119\" target=\"_parent\" rel=\"noopener\">Leituras arqueol\u00f3gicas de Etnologia<\/a><\/td>\n<\/tr>\n<tr>\n<td>ARQ5120<\/td>\n<td><a class=\"link_gray\" href=\"https:\/\/uspdigital.usp.br\/janus\/publico\/disciplina\/C\/ARQ5120\" target=\"_parent\" rel=\"noopener\">Teoria Arqueol\u00f3gica I<\/a><\/td>\n<\/tr>\n<tr>\n<td>ARQ5122<\/td>\n<td><a class=\"link_gray\" href=\"https:\/\/uspdigital.usp.br\/janus\/publico\/disciplina\/C\/ARQ5122\" target=\"_parent\" rel=\"noopener\">An\u00e1lise Cr\u00edtica de Projeto II<\/a><\/td>\n<\/tr>\n<tr>\n<td>ARQ5123<\/td>\n<td><a class=\"link_gray\" href=\"https:\/\/uspdigital.usp.br\/janus\/publico\/disciplina\/C\/ARQ5123\" target=\"_parent\" rel=\"noopener\">Estat\u00edstica Aplicada \u00e0 Arqueologia<\/a><\/td>\n<\/tr>\n<tr>\n<td>ARQ5124<\/td>\n<td><a class=\"link_gray\" href=\"https:\/\/uspdigital.usp.br\/janus\/publico\/disciplina\/C\/ARQ5124\" target=\"_parent\" rel=\"noopener\">Arqueobot\u00e2nica: teoria e pr\u00e1tica<\/a><\/td>\n<\/tr>\n<tr>\n<td>ARQ5125<\/td>\n<td><a class=\"link_gray\" href=\"https:\/\/uspdigital.usp.br\/janus\/publico\/disciplina\/C\/ARQ5125\" target=\"_parent\" rel=\"noopener\">Pr\u00e1ticas Funer\u00e1rias no Contexto Andino de Pachacamac: Bioarqueologia, Rituais e Mudan\u00e7as Clim\u00e1ticas num S\u00edtio de Longa Ocupa\u00e7\u00e3o<\/a><\/td>\n<\/tr>\n<tr>\n<td>ARQ5126<\/td>\n<td><a class=\"link_gray\" href=\"https:\/\/uspdigital.usp.br\/janus\/publico\/disciplina\/C\/ARQ5126\" target=\"_parent\" rel=\"noopener\">Grafismos Rupestres Pr\u00e9-Hist\u00f3ricos II<\/a><\/td>\n<\/tr>\n<tr>\n<td>ARQ5127<\/td>\n<td><a class=\"link_gray\" href=\"https:\/\/uspdigital.usp.br\/janus\/publico\/disciplina\/C\/ARQ5127\" target=\"_parent\" rel=\"noopener\">Classifica\u00e7\u00e3o em Arqueologia e an\u00e1lise de cer\u00e2mica arqueol\u00f3gica: processos e m\u00e9todos para compreender a mudan\u00e7a cultural<\/a><\/td>\n<\/tr>\n<tr>\n<td>ARQ5121<\/td>\n<td><a class=\"link_gray\" href=\"https:\/\/uspdigital.usp.br\/janus\/publico\/disciplina\/C\/ARQ5121\" target=\"_parent\" rel=\"noopener\">An\u00e1lise Cr\u00edtica de Projeto I<\/a><\/td>\n<\/tr>\n<\/thead>\n<\/table>\n","protected":false},"excerpt":{"rendered":"<p>ARQ5003 Moeda e no\u00e7\u00e3o de valor no mundo antigo ARQ5012 Arqueologia dos Animais ARQ5023 O Contexto Arqueol\u00f3gico e a Interpreta\u00e7\u00e3o de Vest\u00edgios ARQ5025 Arqueologia da Floresta Tropical ARQ5032 Tradi\u00e7\u00e3o e Contexto Arqueol\u00f3gico no Brasil ARQ5036 T\u00e9cnicas At\u00f4mico-Nucleares n\u00e3o Destrutivas Aplicadas ao Estudo de Objetos Arqueol\u00f3gicos e de Arte ARQ5037 M\u00e9todos Arqueol\u00f3gicos ARQ5038 Teoria Arqueol\u00f3gica II ARQ5049 Arqueologia Pr\u00e9-Colombiana: teoria e m\u00e9todos aplicados aos estudos de cole\u00e7\u00f5es ARQ5052 Problem\u00e1ticas Educacionais em Museus de Arqueologia ARQ5055 Processos de Transforma\u00e7\u00e3o no Mediterr\u00e2neo Antigo: Roma e suas Prov\u00edncias ARQ5064 Introdu\u00e7\u00e3o \u00e0 Arqueologia de Estruturas Funer\u00e1rias: M\u00e9todos e T\u00e9cnicas para Escava\u00e7\u00e3o, Registro e Interpreta\u00e7\u00e3o ARQ5069 Teoria em Arqueologia Mediterr\u00e2nica ARQ5087 Arqueologia Costeira ARQ5090 Geoarqueologia ARQ5095 Microarqueologia ARQ5100 Arqueologia, comunidades e popula\u00e7\u00f5es tradicionais: tem\u00e1ticas e perspectivas te\u00f3rico-metodol\u00f3gicos de pesquisa ARQ5101 Povoamento da Am\u00e9rica em contexto: o final do Pleistoceno em uma perspectiva global ARQ5102 Introdu\u00e7\u00e3o pr\u00e1tica \u00e0 Ciberarqueologia: Modelagem 3D e Interatividade em tempo real ARQ5103 Arqueologia de Israel ARQ5104 Esparta: expans\u00e3o e organiza\u00e7\u00e3o territorial no Peloponeso (VIII a.C. &#8211; V a.C.) ARQ5105 Reprodutibilidade em Arqueologia: Historia, Instrumentos e Teoria ARQ5106 T\u00f3picos avan\u00e7ados em evolu\u00e7\u00e3o humana: cultura, comportamento e a anatomia comparada homin\u00f3ide ARQ5107 Arqueogen\u00e9tica: a hist\u00f3ria populacional humana ARQ5108 M\u00e9todos de Campo em Arqueologia: Teoria [&#8230;]<\/p>\n","protected":false},"author":845,"featured_media":0,"parent":0,"menu_order":0,"comment_status":"closed","ping_status":"closed","template":"page-full.php","meta":{"_monsterinsights_skip_tracking":false,"_monsterinsights_sitenote_active":false,"_monsterinsights_sitenote_note":"","_monsterinsights_sitenote_category":0,"footnotes":"","_links_to":"","_links_to_target":""},"class_list":["post-1774","page","type-page","status-publish","hentry"],"_links":{"self":[{"href":"https:\/\/sites.usp.br\/ppgarqmae\/wp-json\/wp\/v2\/pages\/1774","targetHints":{"allow":["GET"]}}],"collection":[{"href":"https:\/\/sites.usp.br\/ppgarqmae\/wp-json\/wp\/v2\/pages"}],"about":[{"href":"https:\/\/sites.usp.br\/ppgarqmae\/wp-json\/wp\/v2\/types\/page"}],"author":[{"embeddable":true,"href":"https:\/\/sites.usp.br\/ppgarqmae\/wp-json\/wp\/v2\/users\/845"}],"replies":[{"embeddable":true,"href":"https:\/\/sites.usp.br\/ppgarqmae\/wp-json\/wp\/v2\/comments?post=1774"}],"version-history":[{"count":4,"href":"https:\/\/sites.usp.br\/ppgarqmae\/wp-json\/wp\/v2\/pages\/1774\/revisions"}],"predecessor-version":[{"id":3003,"href":"https:\/\/sites.usp.br\/ppgarqmae\/wp-json\/wp\/v2\/pages\/1774\/revisions\/3003"}],"wp:attachment":[{"href":"https:\/\/sites.usp.br\/ppgarqmae\/wp-json\/wp\/v2\/media?parent=1774"}],"curies":[{"name":"wp","href":"https:\/\/api.w.org\/{rel}","templated":true}]}}