{"id":1812,"date":"2020-07-24T00:19:26","date_gmt":"2020-07-24T03:19:26","guid":{"rendered":"http:\/\/sites.usp.br\/ppgarqmae\/?page_id=1812"},"modified":"2023-06-22T15:21:37","modified_gmt":"2023-06-22T18:21:37","slug":"regimentos-e-normas","status":"publish","type":"page","link":"https:\/\/sites.usp.br\/ppgarqmae\/regimentos-e-normas\/","title":{"rendered":"Regimentos e normas"},"content":{"rendered":"<p><a href=\"http:\/\/www.leginf.usp.br\/?resolucao=resolucao-no-7493-de-27-de-marco-de-2018\">Regimento da P\u00f3s-gradua\u00e7\u00e3o da Universidade de S\u00e3o Paulo<\/a><\/p>\n<p><a href=\"http:\/\/www.leginf.usp.br\/?resolucao=resolucao-copgr-no-7815-de-29-de-agosto-de-2019\">Regimento da Comiss\u00e3o de P\u00f3s-gradua\u00e7\u00e3o do Museu de Arqueologia e Etnologia<\/a><\/p>\n<p><a href=\"https:\/\/leginf.usp.br\/?resolucao=resolucao-copgr-no-8426-de-16-de-maio-de-2023\">Regulamento do Programa de P\u00f3s-gradua\u00e7\u00e3o em Arqueologia do MAE\/USP (v\u00e1lido a partir de 2020)<\/a><\/p>\n<p><a href=\"https:\/\/sites.usp.br\/ppgarqmae\/wp-content\/uploads\/sites\/153\/2020\/09\/RESOLUC\u0327A\u0303O-CoPGr-N\u00ba-6787-DE-10-DE-ABRIL-DE-2014-Regulamento-do-PPGArq.pdf\">Regulamento do Programa de P\u00f3s-gradua\u00e7\u00e3o em Arqueologia do MAE\/USP (v\u00e1lido para ingressos at\u00e9 2019)<\/a><\/p>\n<p><a href=\"http:\/\/www.leginf.usp.br\/?resolucao=resolucao-copgr-no-6018-de-13-de-outubro-de-2011\">Diretrizes para apresenta\u00e7\u00e3o de Teses e Disserta\u00e7\u00f5es da USP (Resolu\u00e7\u00e3o CoPGr 6018 de 13 de outubro de 2011)<\/a><\/p>\n<p>&nbsp;<\/p>\n","protected":false},"excerpt":{"rendered":"<p>Regimento da P\u00f3s-gradua\u00e7\u00e3o da Universidade de S\u00e3o Paulo Regimento da Comiss\u00e3o de P\u00f3s-gradua\u00e7\u00e3o do Museu de Arqueologia e Etnologia Regulamento do Programa de P\u00f3s-gradua\u00e7\u00e3o em Arqueologia do MAE\/USP (v\u00e1lido a partir de 2020) Regulamento do Programa de P\u00f3s-gradua\u00e7\u00e3o em Arqueologia do MAE\/USP (v\u00e1lido para ingressos at\u00e9 2019) Diretrizes para apresenta\u00e7\u00e3o de Teses e Disserta\u00e7\u00f5es da USP (Resolu\u00e7\u00e3o CoPGr 6018 de 13 de outubro de 2011) &nbsp;<\/p>\n","protected":false},"author":845,"featured_media":0,"parent":0,"menu_order":0,"comment_status":"closed","ping_status":"closed","template":"page-full.php","meta":{"_monsterinsights_skip_tracking":false,"_monsterinsights_sitenote_active":false,"_monsterinsights_sitenote_note":"","_monsterinsights_sitenote_category":0,"footnotes":"","_links_to":"","_links_to_target":""},"class_list":["post-1812","page","type-page","status-publish","hentry"],"_links":{"self":[{"href":"https:\/\/sites.usp.br\/ppgarqmae\/wp-json\/wp\/v2\/pages\/1812","targetHints":{"allow":["GET"]}}],"collection":[{"href":"https:\/\/sites.usp.br\/ppgarqmae\/wp-json\/wp\/v2\/pages"}],"about":[{"href":"https:\/\/sites.usp.br\/ppgarqmae\/wp-json\/wp\/v2\/types\/page"}],"author":[{"embeddable":true,"href":"https:\/\/sites.usp.br\/ppgarqmae\/wp-json\/wp\/v2\/users\/845"}],"replies":[{"embeddable":true,"href":"https:\/\/sites.usp.br\/ppgarqmae\/wp-json\/wp\/v2\/comments?post=1812"}],"version-history":[{"count":4,"href":"https:\/\/sites.usp.br\/ppgarqmae\/wp-json\/wp\/v2\/pages\/1812\/revisions"}],"predecessor-version":[{"id":3300,"href":"https:\/\/sites.usp.br\/ppgarqmae\/wp-json\/wp\/v2\/pages\/1812\/revisions\/3300"}],"wp:attachment":[{"href":"https:\/\/sites.usp.br\/ppgarqmae\/wp-json\/wp\/v2\/media?parent=1812"}],"curies":[{"name":"wp","href":"https:\/\/api.w.org\/{rel}","templated":true}]}}