{"id":1829,"date":"2020-07-24T14:40:40","date_gmt":"2020-07-24T17:40:40","guid":{"rendered":"http:\/\/sites.usp.br\/ppgarqmae\/?page_id=1829"},"modified":"2026-03-09T16:03:51","modified_gmt":"2026-03-09T19:03:51","slug":"editais-processo-seletivo","status":"publish","type":"page","link":"https:\/\/sites.usp.br\/ppgarqmae\/editais-processo-seletivo\/","title":{"rendered":"Editais Processo Seletivo"},"content":{"rendered":"<p><strong>PROCESSO SELETIVO 2026<br \/>\n<span style=\"color: #ff0000;\">Em breve<\/span><\/strong><\/p>\n<p>&nbsp;<\/p>\n<p><strong>Profici\u00eancia Franc\u00eas 2026:<br \/>\n<\/strong><a href=\"http:\/\/sites.usp.br\/ppgarqmae\/wp-content\/uploads\/sites\/153\/2026\/03\/EDITAL-2604-INTERUNIDADES.pdf\">Edital 2604<\/a><\/p>\n<p>&nbsp;<\/p>\n<h3>_____________________________________________________________<\/h3>\n<p>&nbsp;<\/p>\n<p><strong>PROCESSO SELETIVO 2025<br \/>\n<span style=\"color: #ff0000;\">Editais<\/span><\/strong><\/p>\n<ul>\n<li><a href=\"https:\/\/sites.usp.br\/ppgarqmae\/wp-content\/uploads\/sites\/153\/2025\/06\/Edital-Ampla-Concorrencia-PPGArq-2025.pdf\">Ampla Concorr\u00eancia e Pol\u00edtica de A\u00e7\u00e3o Afirmativa para Pessoas Pretas\/Pardas<\/a>\n<ul>\n<li><em>Per\u00edodo de inscri\u00e7\u00e3o:<\/em> 09h do dia 23\/09\/2025 \u00e0s 17h do dia 30\/09\/2025<\/li>\n<li><a href=\"https:\/\/sites.google.com\/usp.br\/inscricaomae\/in%C3%ADcio\">Formul\u00e1rio de Inscri\u00e7\u00e3o<\/a><\/li>\n<li><a href=\"https:\/\/sites.usp.br\/ppgarqmae\/wp-content\/uploads\/sites\/153\/2025\/09\/RETIFICACAO-2-No-EDITAL-2025-003-PROCESSO-SELETIVO-2025-DE-13-DE-AGOSTO-DE-2025.pdf\">Retifica\u00e7\u00e3o &#8211; 13\/08\/2025<\/a><\/li>\n<li><a href=\"https:\/\/sites.usp.br\/ppgarqmae\/resultados\/\">Resultados<\/a><\/li>\n<\/ul>\n<\/li>\n<li><a href=\"https:\/\/sites.usp.br\/ppgarqmae\/wp-content\/uploads\/sites\/153\/2025\/06\/Edital-Indigena-PPGArq-2025.pdf\">Ind\u00edgena<\/a>\n<ul>\n<li><em>Per\u00edodo de inscri\u00e7\u00e3o:<\/em> 09h do dia 01\/08\/2025 \u00e0s 17h do dia 12\/08\/2025<\/li>\n<li><a href=\"https:\/\/sites.usp.br\/ppgarqmae\/resultados\/\">Resultados<\/a><\/li>\n<\/ul>\n<\/li>\n<\/ul>\n<p>&nbsp;<\/p>\n<p><strong>Profici\u00eancia Ingl\u00eas 2025:<br \/>\n<\/strong>Edital 2509 &#8211; <a href=\"https:\/\/sites.usp.br\/ppgarqmae\/wp-content\/uploads\/sites\/153\/2025\/09\/Proficiencia-Ingles-2509.pdf\">Resultado<\/a><\/p>\n<p>&nbsp;<\/p>\n<p><strong>Profici\u00eancia Italiano 2025:<\/strong><br \/>\n<a href=\"https:\/\/sites.usp.br\/ppgarqmae\/wp-content\/uploads\/sites\/153\/2025\/04\/2505-MAE-Edital-Exame-Remoto.pdf\">Edital 2505<\/a><\/p>\n<p>&nbsp;<\/p>\n<p><strong>Profici\u00eancia Espanhol 2025:<br \/>\n<\/strong>Edital 2509 &#8211; <a href=\"https:\/\/sites.usp.br\/ppgarqmae\/wp-content\/uploads\/sites\/153\/2025\/09\/Proficiencia-Espanhol-2509.pdf\">Resultado<\/a><br \/>\n<a href=\"https:\/\/sites.usp.br\/ppgarqmae\/wp-content\/uploads\/sites\/153\/2025\/04\/Espanhol_-2504-Humanidades-Edital.pdf\">Edital 2504<\/a> &#8211; <a href=\"https:\/\/sites.usp.br\/ppgarqmae\/wp-content\/uploads\/sites\/153\/2025\/04\/Resultado-Proficiencia.pdf\">Resultado<\/a><\/p>\n<p>&nbsp;<\/p>\n<h3>_____________________________________________________________<\/h3>\n<p><a href=\"https:\/\/sites.usp.br\/ppgarqmae\/editais-processo-seletivo-anteriores\/\"><strong>PROCESSOS SELETIVOS ANTERIORES<\/strong><\/a><\/p>\n","protected":false},"excerpt":{"rendered":"<p>PROCESSO SELETIVO 2026 Em breve &nbsp; Profici\u00eancia Franc\u00eas 2026: Edital 2604 &nbsp; _____________________________________________________________ &nbsp; PROCESSO SELETIVO 2025 Editais Ampla Concorr\u00eancia e Pol\u00edtica de A\u00e7\u00e3o Afirmativa para Pessoas Pretas\/Pardas Per\u00edodo de inscri\u00e7\u00e3o: 09h do dia 23\/09\/2025 \u00e0s 17h do dia 30\/09\/2025 Formul\u00e1rio de Inscri\u00e7\u00e3o Retifica\u00e7\u00e3o &#8211; 13\/08\/2025 Resultados Ind\u00edgena Per\u00edodo de inscri\u00e7\u00e3o: 09h do dia 01\/08\/2025 \u00e0s 17h do dia 12\/08\/2025 Resultados &nbsp; Profici\u00eancia Ingl\u00eas 2025: Edital 2509 &#8211; Resultado &nbsp; Profici\u00eancia Italiano 2025: Edital 2505 &nbsp; Profici\u00eancia Espanhol 2025: Edital 2509 &#8211; Resultado Edital 2504 &#8211; Resultado &nbsp; _____________________________________________________________ PROCESSOS SELETIVOS ANTERIORES<\/p>\n","protected":false},"author":845,"featured_media":0,"parent":0,"menu_order":0,"comment_status":"closed","ping_status":"closed","template":"page-full.php","meta":{"_monsterinsights_skip_tracking":false,"_monsterinsights_sitenote_active":false,"_monsterinsights_sitenote_note":"","_monsterinsights_sitenote_category":0,"footnotes":"","_links_to":"","_links_to_target":""},"class_list":["post-1829","page","type-page","status-publish","hentry"],"_links":{"self":[{"href":"https:\/\/sites.usp.br\/ppgarqmae\/wp-json\/wp\/v2\/pages\/1829","targetHints":{"allow":["GET"]}}],"collection":[{"href":"https:\/\/sites.usp.br\/ppgarqmae\/wp-json\/wp\/v2\/pages"}],"about":[{"href":"https:\/\/sites.usp.br\/ppgarqmae\/wp-json\/wp\/v2\/types\/page"}],"author":[{"embeddable":true,"href":"https:\/\/sites.usp.br\/ppgarqmae\/wp-json\/wp\/v2\/users\/845"}],"replies":[{"embeddable":true,"href":"https:\/\/sites.usp.br\/ppgarqmae\/wp-json\/wp\/v2\/comments?post=1829"}],"version-history":[{"count":6,"href":"https:\/\/sites.usp.br\/ppgarqmae\/wp-json\/wp\/v2\/pages\/1829\/revisions"}],"predecessor-version":[{"id":4013,"href":"https:\/\/sites.usp.br\/ppgarqmae\/wp-json\/wp\/v2\/pages\/1829\/revisions\/4013"}],"wp:attachment":[{"href":"https:\/\/sites.usp.br\/ppgarqmae\/wp-json\/wp\/v2\/media?parent=1829"}],"curies":[{"name":"wp","href":"https:\/\/api.w.org\/{rel}","templated":true}]}}