{"id":2057,"date":"2020-08-05T16:33:21","date_gmt":"2020-08-05T19:33:21","guid":{"rendered":"http:\/\/sites.usp.br\/ppgarqmae\/?page_id=2057"},"modified":"2026-04-10T12:49:47","modified_gmt":"2026-04-10T15:49:47","slug":"bolsas","status":"publish","type":"page","link":"https:\/\/sites.usp.br\/ppgarqmae\/bolsas\/","title":{"rendered":"Bolsas"},"content":{"rendered":"<p><strong>CAPES &#8211; CNPq<\/strong><\/p>\n<p style=\"text-align: justify;\">Estudantes de Mestrado e Doutorado matriculados\/as no PPGArq podem receber bolsas CAPES ou CNPq do programa. O programa conta atualmente com 19 bolsas de Doutorado e 14 bolsas de Mestrado da CAPES. As bolsas de Mestrado e Doutorado do CNPq depender\u00e3o da aprova\u00e7\u00e3o do projeto interdisciplinar do qual o PPGArq participa pelo Edital PRPG 17\/2025 &#8211; CNPq (resultado em fevereiro de 2026, pode ser acompanhado pelo site da PRPG-USP).<\/p>\n<p style=\"text-align: justify;\"><em>Aten\u00e7\u00e3o!<\/em> A concess\u00e3o total de bolsas das duas ag\u00eancias financiadoras para o programa, no entanto, n\u00e3o significa que todas as bolsas estejam dispon\u00edveis no in\u00edcio de cada ano. As bolsas est\u00e3o sempre ocupadas por estudantes e ficam dispon\u00edveis conforme vence a sua validade. Portanto, o n\u00famero de bolsas dispon\u00edveis para as turmas ingressantes varia ano a ano. Ao mesmo tempo, as bolsas s\u00e3o liberadas em diferentes momentos do ano, se o\/a estudante n\u00e3o foi favorecido\/a com bolsa no in\u00edcio do ano letivo, poder\u00e1 eventualmente receber uma bolsa alguns meses depois.<\/p>\n<p style=\"text-align: justify;\">Unicamente as bolsas do CNPQ, se o Programa for contemplado no Edital PRPG 17\/2025 &#8211; CNPq, se relacionam ao projeto interdisciplinar acima mencionado, com \u00eanfase a contextos museais (projetos em museus que envolvam a curadoria no seu ciclo completo em torno de objetos museol\u00f3gicos &#8211; estudos de cole\u00e7\u00f5es, projetos de educa\u00e7\u00e3o ou comunica\u00e7\u00e3o da arqueologia, conserva\u00e7\u00e3o preventiva), poder\u00e3o receber bolsas do CNPq.<\/p>\n<p style=\"text-align: justify;\">A indica\u00e7\u00e3o das bolsas ser\u00e1 realizada segundo crit\u00e9rios estabelecidos pela CPG e por uma Comiss\u00e3o de Bolsas formada por dois docentes da CPG, sendo presidida pela Vice-coordena\u00e7\u00e3o do Programa, e o\/a representante discente na comiss\u00e3o, num total de tr\u00eas membros. Os crit\u00e9rios de distribui\u00e7\u00e3o de bolsas do PPGArq est\u00e3o dispon\u00edveis nas chamadas de bolsas anuais. Verifique as chamadas abaixo:<\/p>\n<p><a href=\"http:\/\/sites.usp.br\/ppgarqmae\/wp-content\/uploads\/sites\/153\/2026\/02\/Edital-bolsas_2026_ficha-de-inscricao.docx\">Bolsas 2026 &#8211; Edital<\/a><br \/>\n<a href=\"http:\/\/sites.usp.br\/ppgarqmae\/wp-content\/uploads\/sites\/153\/2026\/02\/Chamada-de-bolsas_2026.pdf\">Bolsas 2026 &#8211; Chamada<\/a><br \/>\n<a href=\"http:\/\/sites.usp.br\/ppgarqmae\/wp-content\/uploads\/sites\/153\/2026\/03\/Chamada_de_bolsas_2026_Resultado_assinado_29_assinado_assinado.pdf\">Bolsas 2026 &#8211; Resultado<\/a><br \/>\n<a href=\"http:\/\/sites.usp.br\/ppgarqmae\/wp-content\/uploads\/sites\/153\/2026\/04\/Chamada_de_bolsas_2026_Retificacao_assinado_assinado_assinado-1.pdf\">Bolsas 2026 &#8211; Resultado (RETIFICA\u00c7\u00c3O)<\/a><\/p>\n<p>&#8211;<\/p>\n<p><strong><a href=\"https:\/\/sites.usp.br\/ppgarqmae\/bolsas-anos-anteriores\/\">Bolsas &#8211; Anos Anteriores<\/a><\/strong><\/p>\n<p>__________________<\/p>\n<p><strong>PROGRAMA DE BOLSAS DE PESQUISA DO CURSO DE P\u00d3S-GRADUA\u00c7\u00c3O EM ARQUEOLOGIA DO MAE\/USP<\/strong><\/p>\n<div>Este programa contempla a concess\u00e3o de bolsa de estudo para <b>projetos de pesquisa <\/b><strong>que lidem diretamente com o<\/strong><b> acervo arqueol\u00f3gico ou etnol\u00f3gico do MAE<\/b>.<\/div>\n<div><\/div>\n<div>Podem se candidatar a estas bolsas estudantes <i>matriculados\/as em 2024 e 2023<\/i>, sempre e quando as suas pesquisas de p\u00f3s-gradua\u00e7\u00e3o envolvam o estudo do acervo do museu.<\/div>\n<div><\/div>\n<div>Os crit\u00e9rios de sele\u00e7\u00e3o deste edital envolvem m\u00e9rito acad\u00eamico (projeto de pesquisa), CV e entrevista, portanto, estudantes que se inscreveram na chamada de bolsas de 2022 e ainda n\u00e3o receberam bolsa, podem tamb\u00e9m se inscrever para este edital.<\/div>\n<div><\/div>\n<div>As inscri\u00e7\u00f5es acontecer\u00e3o entre <u><b>15 e 25\/04\/25<\/b><\/u> pelo email: <a href=\"mailto:pos.mae@usp.br\" target=\"_blank\" rel=\"noopener\">pos.mae@usp.br<\/a>.<\/div>\n<p>Edital completo <a href=\"https:\/\/sites.usp.br\/ppgarqmae\/wp-content\/uploads\/sites\/153\/2025\/04\/Edital-Bolsas-Projetos-MAE-Diario-Oficial.pdf\">aqui<\/a><\/p>\n<p>&nbsp;<\/p>\n<p><strong>COMUNICADOS:<\/strong><\/p>\n<p>\u2013 N\u00e3o h\u00e1 bolsas de Mestrado dispon\u00edveis entre\u00a02025 e 2027. Por\u00e9m, caso algum\/a estudante com bolsa MAE\/USP consiga apoio da FAPESP ou outro, poder\u00e1 ser liberada uma bolsa. A indica\u00e7\u00e3o seguir\u00e1 a classifica\u00e7\u00e3o elaborada pela Comiss\u00e3o de Bolsas em 2025 ou ser\u00e1 solicitado \u00e0 Diretoria do MAE a abertura de outro edital.<\/p>\n<p>&#8211; O CNPq n\u00e3o abriu chamada de bolsas institucionais este ano, portanto, as bolsas CNPq em vig\u00eancia n\u00e3o ser\u00e3o renovadas.<\/p>\n<p>&nbsp;<\/p>\n<div>\n<div class=\"gmail_default\"><span style=\"color: #000000;\"><b><u>Inscri\u00e7\u00f5es homologadas:<\/u><\/b><\/span><\/div>\n<\/div>\n<div>\n<div class=\"gmail_default\"><span style=\"color: #000000;\">N\u00ba EDITAL 001\/2025 , DE 15 DE ABRIL DE 2025:<\/span><\/div>\n<div><span style=\"color: #000000;\">Ap\u00f3s o prazo de inscri\u00e7\u00e3o (25\/04\/2025) pelo e-mail\u00a0<a style=\"color: #000000;\" href=\"mailto:pos.mae@usp.br\" target=\"_blank\" rel=\"noopener\">pos.mae@usp.br<\/a>, relacionamos as inscri\u00e7\u00f5es com a documenta\u00e7\u00e3o, conforme descrito no edital.<\/span><\/div>\n<div><\/div>\n<div>\n<table style=\"border-collapse: collapse; width: 100%;\">\n<tbody>\n<tr>\n<td style=\"width: 21.1703%; text-align: center;\"><strong>N\u00baUSP<\/strong><\/td>\n<td style=\"width: 78.8297%; text-align: center;\"><strong>Nome<\/strong><\/td>\n<\/tr>\n<tr>\n<td style=\"width: 21.1703%; text-align: center;\"><span style=\"color: #000000;\">11251297<\/span><\/td>\n<td style=\"width: 78.8297%; text-align: center;\"><span style=\"color: #000000;\">Carlos Eduardo Alves Ferreira<\/span><\/td>\n<\/tr>\n<tr>\n<td style=\"width: 21.1703%; text-align: center;\"><span style=\"color: #000000;\">16523625<\/span><\/td>\n<td style=\"width: 78.8297%; text-align: center;\"><span style=\"color: #000000;\">Arianne Pires de Faria Barros Campos<\/span><\/td>\n<\/tr>\n<tr>\n<td style=\"width: 21.1703%; text-align: center;\"><span style=\"color: #000000;\">12518121<\/span><\/td>\n<td style=\"width: 78.8297%; text-align: center;\"><span style=\"color: #000000;\">Victor Nery Canadas Pedroso<\/span><\/td>\n<\/tr>\n<tr>\n<td style=\"width: 21.1703%; text-align: center;\"><span style=\"color: #000000;\">15123544<\/span><\/td>\n<td style=\"width: 78.8297%; text-align: center;\"><span style=\"color: #000000;\">Andre Fernandes da Silva<\/span><\/td>\n<\/tr>\n<\/tbody>\n<\/table>\n<\/div>\n<p><span style=\"color: #000000;\">S\u00e3o Paulo, 28 de abril de 2025.<\/span><\/p>\n<p>&nbsp;<\/p>\n<p><span style=\"color: #000000;\"><b><u>Resultado:<\/u><\/b><\/span><\/p>\n<table style=\"border-collapse: collapse; width: 100%; height: 120px;\">\n<tbody>\n<tr style=\"height: 24px;\">\n<td style=\"width: 19.9497%; height: 24px; text-align: center;\"><strong>Classifica\u00e7\u00e3o<\/strong><\/td>\n<td style=\"width: 54.257%; height: 24px; text-align: center;\"><strong>Nome<\/strong><\/td>\n<td style=\"width: 25.7932%; height: 24px; text-align: center;\"><strong>N\u00baUSP<\/strong><\/td>\n<\/tr>\n<tr style=\"height: 24px;\">\n<td style=\"width: 19.9497%; height: 24px; text-align: center;\">1<\/td>\n<td style=\"width: 54.257%; height: 24px; text-align: center;\">Victor Nery<\/td>\n<td style=\"width: 25.7932%; height: 24px; text-align: center;\"><span style=\"color: #000000;\">12518121<\/span><\/td>\n<\/tr>\n<tr style=\"height: 24px;\">\n<td style=\"width: 19.9497%; height: 24px; text-align: center;\">2<\/td>\n<td style=\"width: 54.257%; height: 24px; text-align: center;\">Carlos Eduardo Alves Ferreira<\/td>\n<td style=\"width: 25.7932%; height: 24px; text-align: center;\"><span style=\"color: #000000;\">11251297<\/span><\/td>\n<\/tr>\n<tr style=\"height: 24px;\">\n<td style=\"width: 19.9497%; height: 24px; text-align: center;\">3<\/td>\n<td style=\"width: 54.257%; height: 24px; text-align: center;\">Arianne Pires de Farias Barros Campos<\/td>\n<td style=\"width: 25.7932%; height: 24px; text-align: center;\"><span style=\"color: #000000;\">16523625<\/span><\/td>\n<\/tr>\n<tr style=\"height: 24px;\">\n<td style=\"width: 19.9497%; height: 24px; text-align: center;\">4<\/td>\n<td style=\"width: 54.257%; height: 24px; text-align: center;\">Andr\u00e9 Fernandes da Silva<\/td>\n<td style=\"width: 25.7932%; height: 24px; text-align: center;\"><span style=\"color: #000000;\">15123544<\/span><\/td>\n<\/tr>\n<\/tbody>\n<\/table>\n<\/div>\n<div><strong><a href=\"https:\/\/sites.usp.br\/ppgarqmae\/wp-content\/uploads\/sites\/153\/2025\/05\/ATA_ComissaoBolsa-Bolsas_MAE_assinado_assinado_assinado-OK.pdf\">Ata da Reuni\u00e3o da Comiss\u00e3o de Bolsa<\/a><\/strong><\/div>\n<p>&nbsp;<\/p>\n<p>__________________<\/p>\n<p><strong>FAPESP<\/strong><\/p>\n<p style=\"text-align: justify;\">Estudantes de Mestrado, Doutorado e Doutorado Direto podem enviar seus projetos para obten\u00e7\u00e3o de bolsas FAPESP. O envio dos projetos pode ser realizado antes ou depois da matricula no programa. Estudantes cujo\/a orientador\/a tiver projeto financiado pela FAPESP, devem vincular o pedido de bolsa ao projeto do\/a orientador\/a. Acesse os links abaixo para ver as chamadas completas de bolsas FAPESP, cuja solicita\u00e7\u00e3o pode ser feita a qualquer \u00e9poca do ano:<\/p>\n<p><a href=\"http:\/\/www.fapesp.br\/bolsas\/ms\">Mestrado<\/a><\/p>\n<p><a href=\"http:\/\/www.fapesp.br\/bolsas\/dr\">Doutorado<\/a><\/p>\n<p><a href=\"http:\/\/www.fapesp.br\/bolsas\/dd\">Doutorado Direto<\/a><\/p>\n<p>__________________<\/p>\n<p><strong>Programa de Doutorado Sandu\u00edche no Exterior &#8211; PDSE\/ PrInt<\/strong><\/p>\n<p>Estudantes de Doutorado matriculados\/as no PPGARq podem se inscrever para o processo seletivo de bolsas PDSE do programa CAPES-PrInt. O edital abre uma vez por ano e permite est\u00e1gios fora do pa\u00eds por at\u00e9 seis meses.<\/p>\n<p>Para estudantes que j\u00e1 tem bolsa: O tempo total da bolsa no exterior ser\u00e1 computado no prazo m\u00e1ximo da bolsa de doutorado. Quando o\/a estudante retorna ao Brasil deve solicitar ao programa a reativa\u00e7\u00e3o da bolsa e, se tiver prazo ainda, poder\u00e1 usufruir.<\/p>\n<p>Geralmente, os <span style=\"text-decoration: underline;\">editais PrInt s\u00e3o lan\u00e7ados todo ano entre fevereiro e maio<\/span>, fique atento\/a \u00e0 divulga\u00e7\u00e3o que ser\u00e1 feita por email aos\/\u00e0s discentes e docentes do programa.<\/p>\n<h6>Estudantes do PPGArq n\u00e3o podem se inscrever no edital PDSE da CAPES, porque j\u00e1 est\u00e3o contemplados\/as no programa CAPES-PrInt. Conforme consta no site da CAPES: <i>&#8220;Os Programas de P\u00f3s Gradua\u00e7\u00e3o participantes do Programa CAPES-PrInt n\u00e3o poder\u00e3o indicar estudantes para o PDSE.&#8221;<\/i><a href=\"https:\/\/www.gov.br\/capes\/pt-br\/acesso-a-informacao\/acoes-e-programas\/bolsas\/bolsas-e-auxilios-internacionais\/encontre-aqui\/paises\/multinacional\/programa-de-doutorado-sanduiche-no-exterior-pdse\" target=\"_blank\" rel=\"nofollow noopener noreferrer\" shape=\"rect\" data-saferedirecturl=\"https:\/\/www.google.com\/url?q=https:\/\/www.gov.br\/capes\/pt-br\/acesso-a-informacao\/acoes-e-programas\/bolsas\/bolsas-e-auxilios-internacionais\/encontre-aqui\/paises\/multinacional\/programa-de-doutorado-sanduiche-no-exterior-pdse&amp;source=gmail&amp;ust=1603880834099000&amp;usg=AFQjCNG_4PBz0i-fAd4iC8J3fjiYVW0XNg\">https:\/\/www.gov.br\/capes\/pt-<wbr \/>br\/acesso-a-informacao\/acoes-<wbr \/>e-programas\/bolsas\/bolsas-e-<wbr \/>auxilios-internacionais\/<wbr \/>encontre-aqui\/paises\/<wbr \/>multinacional\/programa-de-<wbr \/>doutorado-sanduiche-no-<wbr \/>exterior-pdse<\/a><\/h6>\n<ul>\n<li><strong>Bolsa de Doutorado Sandu\u00edche no Exterior<\/strong>, conforme anunciado pelo Ed. 17\/2025 Capes e, posteriormente, pelo Edital PRPG no 16\/2025, de 05\/11\/2025 \u2013 <strong>Segunda Chamada<\/strong>.<br \/>\n<a href=\"https:\/\/sites.usp.br\/ppgarqmae\/wp-content\/uploads\/sites\/153\/2025\/11\/PDSE-2025-Chamada-2.pdf\">https:\/\/sites.usp.br\/ppgarqmae\/wp-content\/uploads\/sites\/153\/2025\/11\/PDSE-2025-Chamada-2.pdf<\/a><\/li>\n<li><span style=\"color: #000000;\"><strong>Edital PRPG n\u00ba 13\/2025, de 05\/09\/2025<\/strong>\u00a0referente ao Programa de Doutorado Sandu\u00edche no Exterior (PDSE) da Capes:<\/span><br \/>\n<a href=\"https:\/\/doe.sp.gov.br\/executivo\/universidade-de-sao-paulo\/edital-prpg-n-13-2025-programa-de-doutorado-sanduiche-no-exterior-pdse-capes-2025-20250904134114461318396\">https:\/\/doe.sp.gov.br\/e<wbr \/>xecutivo\/universidade-de-sao-p<wbr \/>aulo\/edital-prpg-n-13-2025-pro<wbr \/>grama-de-doutorado-sanduiche-<wbr \/>no-exterior-pdse-capes-2025-20<wbr \/>250904134114461318396<\/a><\/li>\n<li><strong style=\"color: #000000;\">Edital CAPES 17\/2025:<\/strong><br \/>\n<a href=\"https:\/\/www.gov.br\/capes\/pt-br\/centrais-de-conteudo\/editais\/21082025_Edital_2662823_SEI_2661209_Edital_n__17_2025.pdf\" target=\"_blank\" rel=\"noopener\" data-saferedirecturl=\"https:\/\/www.google.com\/url?q=https:\/\/www.gov.br\/capes\/pt-br\/centrais-de-conteudo\/editais\/21082025_Edital_2662823_SEI_2661209_Edital_n__17_2025.pdf&amp;source=gmail&amp;ust=1757529176822000&amp;usg=AOvVaw2ROw9fX4_z8j0q5akklVkI\">https:\/\/www.gov.br\/<wbr \/>capes\/pt-br\/centrais-de-<wbr \/>conteudo\/editais\/21082025_<wbr \/>Edital_2662823_SEI_2661209_<wbr \/>Edital_n__17_2025.pdf<\/a><\/li>\n<\/ul>\n<div>\n<ul>\n<li><span style=\"color: #000000;\"><strong>COMUNICADO<\/strong>\u00a0(<a href=\"https:\/\/sites.usp.br\/ppgarqmae\/wp-content\/uploads\/sites\/153\/2025\/11\/PDSE-2025-Chamada-2.pdf\">PDF<\/a>)<\/span><\/li>\n<\/ul>\n<p>__________________<\/p>\n<\/div>\n<div><\/div>\n<div><strong>Bolsa de Doutorado Sandu\u00edche CNPq &#8211; SWE<br \/>\n<\/strong><\/div>\n<div><\/div>\n<div>O CNPq abre editais anuais para bolsas de doutorado sandu\u00edche no exterior (SWE) de at\u00e9 12 meses, verifique os editais vigentes no site do CNPq <a href=\"http:\/\/memoria2.cnpq.br\/web\/guest\/chamadas-publicas?p_p_id=resultadosportlet_WAR_resultadoscnpqportlet_INSTANCE_0ZaM&amp;filtro=abertas\/\">aqui<\/a><\/div>\n<div><\/div>\n<div><\/div>\n","protected":false},"excerpt":{"rendered":"<p>CAPES &#8211; CNPq Estudantes de Mestrado e Doutorado matriculados\/as no PPGArq podem receber bolsas CAPES ou CNPq do programa. O programa conta atualmente com 19 bolsas de Doutorado e 14 bolsas de Mestrado da CAPES. As bolsas de Mestrado e Doutorado do CNPq depender\u00e3o da aprova\u00e7\u00e3o do projeto interdisciplinar do qual o PPGArq participa pelo Edital PRPG 17\/2025 &#8211; CNPq (resultado em fevereiro de 2026, pode ser acompanhado pelo site da PRPG-USP). Aten\u00e7\u00e3o! A concess\u00e3o total de bolsas das duas ag\u00eancias financiadoras para o programa, no entanto, n\u00e3o significa que todas as bolsas estejam dispon\u00edveis no in\u00edcio de cada ano. As bolsas est\u00e3o sempre ocupadas por estudantes e ficam dispon\u00edveis conforme vence a sua validade. Portanto, o n\u00famero de bolsas dispon\u00edveis para as turmas ingressantes varia ano a ano. Ao mesmo tempo, as bolsas s\u00e3o liberadas em diferentes momentos do ano, se o\/a estudante n\u00e3o foi favorecido\/a com bolsa no in\u00edcio do ano letivo, poder\u00e1 eventualmente receber uma bolsa alguns meses depois. Unicamente as bolsas do CNPQ, se o Programa for contemplado no Edital PRPG 17\/2025 &#8211; CNPq, se relacionam ao projeto interdisciplinar acima mencionado, com \u00eanfase a contextos museais (projetos em museus que envolvam a curadoria no seu ciclo [&#8230;]<\/p>\n","protected":false},"author":845,"featured_media":0,"parent":0,"menu_order":0,"comment_status":"closed","ping_status":"closed","template":"page-full.php","meta":{"_monsterinsights_skip_tracking":false,"_monsterinsights_sitenote_active":false,"_monsterinsights_sitenote_note":"","_monsterinsights_sitenote_category":0,"footnotes":"","_links_to":"","_links_to_target":""},"class_list":["post-2057","page","type-page","status-publish","hentry"],"_links":{"self":[{"href":"https:\/\/sites.usp.br\/ppgarqmae\/wp-json\/wp\/v2\/pages\/2057","targetHints":{"allow":["GET"]}}],"collection":[{"href":"https:\/\/sites.usp.br\/ppgarqmae\/wp-json\/wp\/v2\/pages"}],"about":[{"href":"https:\/\/sites.usp.br\/ppgarqmae\/wp-json\/wp\/v2\/types\/page"}],"author":[{"embeddable":true,"href":"https:\/\/sites.usp.br\/ppgarqmae\/wp-json\/wp\/v2\/users\/845"}],"replies":[{"embeddable":true,"href":"https:\/\/sites.usp.br\/ppgarqmae\/wp-json\/wp\/v2\/comments?post=2057"}],"version-history":[{"count":5,"href":"https:\/\/sites.usp.br\/ppgarqmae\/wp-json\/wp\/v2\/pages\/2057\/revisions"}],"predecessor-version":[{"id":4034,"href":"https:\/\/sites.usp.br\/ppgarqmae\/wp-json\/wp\/v2\/pages\/2057\/revisions\/4034"}],"wp:attachment":[{"href":"https:\/\/sites.usp.br\/ppgarqmae\/wp-json\/wp\/v2\/media?parent=2057"}],"curies":[{"name":"wp","href":"https:\/\/api.w.org\/{rel}","templated":true}]}}