{"id":3290,"date":"2023-06-14T15:58:29","date_gmt":"2023-06-14T18:58:29","guid":{"rendered":"https:\/\/sites.usp.br\/ppgarqmae\/?page_id=3290"},"modified":"2025-08-04T14:05:24","modified_gmt":"2025-08-04T17:05:24","slug":"inscricao-2023","status":"publish","type":"page","link":"https:\/\/sites.usp.br\/ppgarqmae\/inscricao-2023\/","title":{"rendered":"Inscri\u00e7\u00e3o"},"content":{"rendered":"<p><strong>FORMUL\u00c1RIOS DE INSCRI\u00c7\u00c3O &#8211; PROCESSO SELETIVO PARA IND\u00cdGENAS (2025)<\/strong><\/p>\n<p><strong><a href=\"https:\/\/sites.usp.br\/ppgarqmae\/wp-content\/uploads\/sites\/153\/2025\/06\/Edital-Indigena-PPGArq-2025.pdf\">Edital Ind\u00edgena<\/a><br \/>\n<\/strong><a href=\"https:\/\/sites.usp.br\/ppgarqmae\/formularios-para-inscricao\/\">P\u00e1gina de anexos<\/a><\/p>\n<p>&nbsp;<\/p>\n<p><strong>Per\u00edodo de inscri\u00e7\u00e3o<\/strong>: 09h do dia 01\/08\/2025 \u00e0s 17h do dia 12\/08\/2025.<br \/>\n<strong>Formul\u00e1rios<\/strong>:<\/p>\n<ul>\n<li><a href=\"https:\/\/forms.gle\/E8C5mNKpi3555qMj9\">Inscri\u00e7\u00e3o para Mestrado<\/a><\/li>\n<li><a href=\"https:\/\/forms.gle\/bo6dfJHyWcENCRXa6\">Inscri\u00e7\u00e3o para Doutorado<\/a><\/li>\n<\/ul>\n","protected":false},"excerpt":{"rendered":"<p>FORMUL\u00c1RIOS DE INSCRI\u00c7\u00c3O &#8211; PROCESSO SELETIVO PARA IND\u00cdGENAS (2025) Edital Ind\u00edgena P\u00e1gina de anexos &nbsp; Per\u00edodo de inscri\u00e7\u00e3o: 09h do dia 01\/08\/2025 \u00e0s 17h do dia 12\/08\/2025. Formul\u00e1rios: Inscri\u00e7\u00e3o para Mestrado Inscri\u00e7\u00e3o para Doutorado<\/p>\n","protected":false},"author":845,"featured_media":0,"parent":0,"menu_order":0,"comment_status":"closed","ping_status":"closed","template":"page-full.php","meta":{"_monsterinsights_skip_tracking":false,"_monsterinsights_sitenote_active":false,"_monsterinsights_sitenote_note":"","_monsterinsights_sitenote_category":0,"footnotes":"","_links_to":"","_links_to_target":""},"class_list":["post-3290","page","type-page","status-publish","hentry"],"_links":{"self":[{"href":"https:\/\/sites.usp.br\/ppgarqmae\/wp-json\/wp\/v2\/pages\/3290","targetHints":{"allow":["GET"]}}],"collection":[{"href":"https:\/\/sites.usp.br\/ppgarqmae\/wp-json\/wp\/v2\/pages"}],"about":[{"href":"https:\/\/sites.usp.br\/ppgarqmae\/wp-json\/wp\/v2\/types\/page"}],"author":[{"embeddable":true,"href":"https:\/\/sites.usp.br\/ppgarqmae\/wp-json\/wp\/v2\/users\/845"}],"replies":[{"embeddable":true,"href":"https:\/\/sites.usp.br\/ppgarqmae\/wp-json\/wp\/v2\/comments?post=3290"}],"version-history":[{"count":6,"href":"https:\/\/sites.usp.br\/ppgarqmae\/wp-json\/wp\/v2\/pages\/3290\/revisions"}],"predecessor-version":[{"id":3877,"href":"https:\/\/sites.usp.br\/ppgarqmae\/wp-json\/wp\/v2\/pages\/3290\/revisions\/3877"}],"wp:attachment":[{"href":"https:\/\/sites.usp.br\/ppgarqmae\/wp-json\/wp\/v2\/media?parent=3290"}],"curies":[{"name":"wp","href":"https:\/\/api.w.org\/{rel}","templated":true}]}}