{"id":1211,"date":"2016-08-01T15:41:30","date_gmt":"2016-08-01T18:41:30","guid":{"rendered":"http:\/\/sites.usp.br\/ppgbi\/?page_id=1211"},"modified":"2026-01-21T09:23:28","modified_gmt":"2026-01-21T12:23:28","slug":"disciplinas","status":"publish","type":"page","link":"https:\/\/sites.usp.br\/ppgbi\/disciplinas\/","title":{"rendered":"Disciplinas"},"content":{"rendered":"<p><strong><span style=\"color: #ff6600\">CALEND\u00c1RIO DE DISCIPLINAS PARA 2026<\/span><\/strong><\/p>\n<p><span style=\"text-decoration: underline;color: #ff6600\"><em><strong>1\u00ba SEMESTRE<\/strong><\/em><\/span><\/p>\n<p><b>Per\u00edodo de oferecimento das disciplinas: <\/b>09\/03\/2026 a 21\/06\/2026<\/p>\n<p><b>Data limite para o cancelamento de matr\u00edcula (diretamente pelo Sistema Janus): <\/b>04\/04\/2026<b><br \/>\n<\/b><\/p>\n<p><b>Data limite para entrega das notas pelo docente (diretamente no Sistema Janus): <\/b>20\/08\/2026<b><br \/>\n<\/b><\/p>\n<p>&nbsp;<\/p>\n<p><a href=\"http:\/\/sites.usp.br\/ppgbi\/wp-content\/uploads\/sites\/212\/2026\/01\/Quadro-Disciplinas-para-2026-1o-Semestre-ok.pdf\" target=\"_blank\" rel=\"noopener\">QUADRO DE DISCIPLINAS \/ HOR\u00c1RIOS &#8211; 1\u00ba SEMESTRE DE 2026<\/a><\/p>\n<p>__________________________________________________________________________<\/p>\n<p style=\"text-align: justify\"><span style=\"color: #333399\">OBS: ALGUNS DOCENTES LIMITARAM O N\u00ba DE \u00a0VAGAS PARA MATR\u00cdCULA DE ALUNOS\u00a0<\/span><span style=\"color: #333399\">REGULARES\u00a0<\/span><\/p>\n<p style=\"text-align: justify\"><span style=\"color: #333399\">E \u00a0ESPECIAIS. ESTAS VAGAS SER\u00c3O PREENCHIDAS\u00a0POR ORDEM DE SOLICITA\u00c7\u00c3O, PORTANTO N\u00c3O <\/span><\/p>\n<p style=\"text-align: justify\"><span style=\"color: #333399\">DEIXE PARA REALIZAR A MATR\u00cdCULA NO \u00daLTIMO DIA.<\/span><\/p>\n<p><\/p>","protected":false},"excerpt":{"rendered":"<p>CALEND\u00c1RIO DE DISCIPLINAS PARA 2026 1\u00ba SEMESTRE Per\u00edodo de oferecimento das disciplinas: 09\/03\/2026 a 21\/06\/2026 Data limite para o cancelamento de matr\u00edcula (diretamente pelo Sistema Janus): 04\/04\/2026 Data limite para entrega das notas pelo docente (diretamente no Sistema Janus): 20\/08\/2026 &nbsp; QUADRO DE DISCIPLINAS \/ HOR\u00c1RIOS &#8211; 1\u00ba SEMESTRE DE 2026 __________________________________________________________________________ OBS: ALGUNS DOCENTES LIMITARAM O N\u00ba DE \u00a0VAGAS PARA MATR\u00cdCULA DE ALUNOS\u00a0REGULARES\u00a0 E \u00a0ESPECIAIS. ESTAS VAGAS SER\u00c3O PREENCHIDAS\u00a0POR ORDEM DE SOLICITA\u00c7\u00c3O, PORTANTO N\u00c3O DEIXE PARA REALIZAR A MATR\u00cdCULA NO \u00daLTIMO DIA.<\/p>\n","protected":false},"author":148,"featured_media":0,"parent":0,"menu_order":0,"comment_status":"closed","ping_status":"closed","template":"page-full.php","meta":{"_monsterinsights_skip_tracking":false,"_monsterinsights_sitenote_active":false,"_monsterinsights_sitenote_note":"","_monsterinsights_sitenote_category":0,"footnotes":"","_links_to":"","_links_to_target":""},"class_list":["post-1211","page","type-page","status-publish","hentry"],"_links":{"self":[{"href":"https:\/\/sites.usp.br\/ppgbi\/wp-json\/wp\/v2\/pages\/1211","targetHints":{"allow":["GET"]}}],"collection":[{"href":"https:\/\/sites.usp.br\/ppgbi\/wp-json\/wp\/v2\/pages"}],"about":[{"href":"https:\/\/sites.usp.br\/ppgbi\/wp-json\/wp\/v2\/types\/page"}],"author":[{"embeddable":true,"href":"https:\/\/sites.usp.br\/ppgbi\/wp-json\/wp\/v2\/users\/148"}],"replies":[{"embeddable":true,"href":"https:\/\/sites.usp.br\/ppgbi\/wp-json\/wp\/v2\/comments?post=1211"}],"version-history":[{"count":4,"href":"https:\/\/sites.usp.br\/ppgbi\/wp-json\/wp\/v2\/pages\/1211\/revisions"}],"predecessor-version":[{"id":4524,"href":"https:\/\/sites.usp.br\/ppgbi\/wp-json\/wp\/v2\/pages\/1211\/revisions\/4524"}],"wp:attachment":[{"href":"https:\/\/sites.usp.br\/ppgbi\/wp-json\/wp\/v2\/media?parent=1211"}],"curies":[{"name":"wp","href":"https:\/\/api.w.org\/{rel}","templated":true}]}}