{"id":1478,"date":"2016-08-23T12:36:41","date_gmt":"2016-08-23T15:36:41","guid":{"rendered":"http:\/\/sites.usp.br\/ppgbi\/?page_id=1478"},"modified":"2019-04-30T10:15:56","modified_gmt":"2019-04-30T13:15:56","slug":"egressos","status":"publish","type":"page","link":"https:\/\/sites.usp.br\/ppgbi\/egressos\/","title":{"rendered":"Alumni"},"content":{"rendered":"<p><a href=\"http:\/\/www.alumni.usp.br\/\" target=\"_blank\" rel=\"noopener\"><img loading=\"lazy\" decoding=\"async\" class=\"alignnone wp-image-3468\" src=\"https:\/\/sites.usp.br\/ppgbi\/wp-content\/uploads\/sites\/212\/2019\/04\/alumini-usp.jpg\" alt=\"\" width=\"463\" height=\"125\" data-id=\"3468\" srcset=\"https:\/\/sites.usp.br\/ppgbi\/wp-content\/uploads\/sites\/212\/2019\/04\/alumini-usp.jpg 600w, https:\/\/sites.usp.br\/ppgbi\/wp-content\/uploads\/sites\/212\/2019\/04\/alumini-usp-300x81.jpg 300w\" sizes=\"auto, (max-width: 463px) 100vw, 463px\" \/><\/a><\/p>\n<hr \/>\n<div id=\"attachment_2920\" style=\"width: 103px\" class=\"wp-caption alignnone\"><a href=\"https:\/\/www.linkedin.com\/in\/ppgbi-biotecnologia-industrial-348709106?trk=hp-identity-name\" target=\"_blank\" rel=\"noopener noreferrer\"><img loading=\"lazy\" decoding=\"async\" aria-describedby=\"caption-attachment-2920\" class=\"wp-image-2920 size-full\" src=\"http:\/\/sites.usp.br\/ppgbi\/wp-content\/uploads\/sites\/212\/2016\/08\/linkedin.png\" alt=\"\" width=\"93\" height=\"34\" \/><\/a><p id=\"caption-attachment-2920\" class=\"wp-caption-text\"><a href=\"https:\/\/www.linkedin.com\/in\/ppgbi-biotecnologia-industrial-348709106?trk=hp-identity-name\">clique aqui<\/a><\/p><\/div>\n<p style=\"text-align: justify;\">O\u00a0<em>Linkedin<\/em>\u00a0\u00e9 uma rede social voltada para relacionamentos profissionais. A\u00a0rede de contatos do <strong>Programa de P\u00f3s-Gradua\u00e7\u00e3o em Biotecnologia Industrial<\/strong> \u00e9 formada em sua grande maioria por alunos egressos do PPGBI.<\/p>\n<hr \/>\n<table width=\"566\">\n<tbody>\n<tr>\n<td colspan=\"4\" width=\"562\">\n<p style=\"text-align: center;\"><span style=\"color: #ff6600;\"><strong>ALUNOS EGRESSOS DO PPGBI<\/strong><\/span><\/p>\n<p style=\"text-align: center;\"><span style=\"color: #ff6600;\"><em>(Informa\u00e7\u00f5es referente as defesas de Teses \/ Disserta\u00e7\u00f5es e atual atividade dos ex alunos do programa)<\/em><\/span><\/p>\n<\/td>\n<\/tr>\n<tr>\n<td width=\"139\">\n<p style=\"text-align: center;\"><strong><a href=\"http:\/\/sites.usp.br\/ppgbi\/egressos-1996\/\">1996<\/a><\/strong><\/p>\n<\/td>\n<td width=\"139\">\n<p style=\"text-align: center;\"><strong><a href=\"http:\/\/sites.usp.br\/ppgbi\/egressos-2004\/\">2004<\/a><\/strong><\/p>\n<\/td>\n<td width=\"140\">\n<p style=\"text-align: center;\"><strong><a href=\"http:\/\/sites.usp.br\/ppgbi\/egressos-2012\/\">2012<\/a><\/strong><\/p>\n<\/td>\n<td width=\"139\">\n<p style=\"text-align: center;\">2020<\/p>\n<\/td>\n<\/tr>\n<tr>\n<td width=\"139\">\n<p style=\"text-align: center;\"><strong><a href=\"http:\/\/sites.usp.br\/ppgbi\/egressos-1997\/\">1997<\/a><\/strong><\/p>\n<\/td>\n<td width=\"139\">\n<p style=\"text-align: center;\"><strong><a href=\"http:\/\/sites.usp.br\/ppgbi\/egressos-2005\/\">2005<\/a><\/strong><\/p>\n<\/td>\n<td width=\"140\">\n<p style=\"text-align: center;\"><strong><a href=\"http:\/\/sites.usp.br\/ppgbi\/egressos-2013\/\">2013<\/a><\/strong><\/p>\n<\/td>\n<td width=\"139\"><strong>\u00a0<\/strong><\/td>\n<\/tr>\n<tr>\n<td width=\"139\">\n<p style=\"text-align: center;\"><strong><a href=\"http:\/\/sites.usp.br\/ppgbi\/egressos-1998\/\">1998<\/a><\/strong><\/p>\n<\/td>\n<td width=\"139\">\n<p style=\"text-align: center;\"><strong><a href=\"http:\/\/sites.usp.br\/ppgbi\/egressos-2006\/\">2006<\/a><\/strong><\/p>\n<\/td>\n<td width=\"140\">\n<p style=\"text-align: center;\"><strong><a href=\"http:\/\/sites.usp.br\/ppgbi\/egressos-2014\/\">2014<\/a><\/strong><\/p>\n<\/td>\n<td width=\"139\"><strong>\u00a0<\/strong><\/td>\n<\/tr>\n<tr>\n<td width=\"139\">\n<p style=\"text-align: center;\"><strong><a href=\"http:\/\/sites.usp.br\/ppgbi\/egressos-1999\/\">1999<\/a><\/strong><\/p>\n<\/td>\n<td width=\"139\">\n<p style=\"text-align: center;\"><strong><a href=\"http:\/\/sites.usp.br\/ppgbi\/egressos-2007\/\">2007<\/a><\/strong><\/p>\n<\/td>\n<td width=\"140\">\n<p style=\"text-align: center;\"><strong><a href=\"http:\/\/sites.usp.br\/ppgbi\/egressos-2015\/\">2015<\/a><\/strong><\/p>\n<\/td>\n<td width=\"139\"><strong>\u00a0<\/strong><\/td>\n<\/tr>\n<tr>\n<td width=\"139\">\n<p style=\"text-align: center;\"><strong><a href=\"http:\/\/sites.usp.br\/ppgbi\/egressos-2000\/\">2000<\/a><\/strong><\/p>\n<\/td>\n<td width=\"139\">\n<p style=\"text-align: center;\"><strong><a href=\"http:\/\/sites.usp.br\/ppgbi\/egressos-2008\/\">2008<\/a><\/strong><\/p>\n<\/td>\n<td width=\"140\">\n<p style=\"text-align: center;\"><strong><a href=\"http:\/\/sites.usp.br\/ppgbi\/egressos-2016\/\">2016<\/a><\/strong><\/p>\n<\/td>\n<td width=\"139\"><strong>\u00a0<\/strong><\/td>\n<\/tr>\n<tr>\n<td width=\"139\">\n<p style=\"text-align: center;\"><strong><a href=\"http:\/\/sites.usp.br\/ppgbi\/egressos-2001\/\">2001<\/a><\/strong><\/p>\n<\/td>\n<td width=\"139\">\n<p style=\"text-align: center;\"><strong><a href=\"http:\/\/sites.usp.br\/ppgbi\/egressos-2009\/\">2009<\/a><\/strong><\/p>\n<\/td>\n<td width=\"140\">\n<p style=\"text-align: center;\"><strong><a href=\"http:\/\/sites.usp.br\/ppgbi\/egressos-2017\/\">2017<\/a><\/strong><\/p>\n<\/td>\n<td width=\"139\"><strong>\u00a0<\/strong><\/td>\n<\/tr>\n<tr>\n<td width=\"139\">\n<p style=\"text-align: center;\"><strong><a href=\"http:\/\/sites.usp.br\/ppgbi\/egressos-2002\/\">2002<\/a><\/strong><\/p>\n<\/td>\n<td width=\"139\">\n<p style=\"text-align: center;\"><strong><a href=\"http:\/\/sites.usp.br\/ppgbi\/egressos-2010\/\">2010<\/a><\/strong><\/p>\n<\/td>\n<td width=\"140\">\n<p style=\"text-align: center;\"><strong>\u00a0<a href=\"http:\/\/sites.usp.br\/ppgbi\/egressos-2018\/\">2018<\/a><\/strong><\/p>\n<\/td>\n<td width=\"139\"><strong>\u00a0<\/strong><\/td>\n<\/tr>\n<tr>\n<td width=\"139\">\n<p style=\"text-align: center;\"><strong><a href=\"http:\/\/sites.usp.br\/ppgbi\/egressos-2003\/\">2003<\/a><\/strong><\/p>\n<\/td>\n<td width=\"139\">\n<p style=\"text-align: center;\"><strong><a href=\"http:\/\/sites.usp.br\/ppgbi\/egressos-2011\/\">2011<\/a><\/strong><\/p>\n<\/td>\n<td width=\"140\">\n<p style=\"text-align: center;\"><strong><a href=\"http:\/\/sites.usp.br\/ppgbi\/egressos-2019\/\">2019<\/a><\/strong><\/p>\n<\/td>\n<td width=\"139\"><strong>\u00a0<\/strong><\/td>\n<\/tr>\n<\/tbody>\n<\/table>\n<p><\/p>","protected":false},"excerpt":{"rendered":"<p>clique aqui O\u00a0Linkedin\u00a0\u00e9 uma rede social voltada para relacionamentos profissionais. A\u00a0rede de contatos do Programa de P\u00f3s-Gradua\u00e7\u00e3o em Biotecnologia Industrial \u00e9 formada em sua grande maioria por alunos egressos do PPGBI. ALUNOS EGRESSOS DO PPGBI (Informa\u00e7\u00f5es referente as defesas de Teses \/ Disserta\u00e7\u00f5es e atual atividade dos ex alunos do programa) 1996 2004 2012 2020 1997 2005 2013 \u00a0 1998 2006 2014 \u00a0 1999 2007 2015 \u00a0 2000 2008 2016 \u00a0 2001 2009 2017 \u00a0 2002 2010 \u00a02018 \u00a0 2003 2011 2019 \u00a0<\/p>\n","protected":false},"author":148,"featured_media":0,"parent":0,"menu_order":0,"comment_status":"closed","ping_status":"closed","template":"","meta":{"_monsterinsights_skip_tracking":false,"_monsterinsights_sitenote_active":false,"_monsterinsights_sitenote_note":"","_monsterinsights_sitenote_category":0,"footnotes":"","_links_to":"","_links_to_target":""},"class_list":["post-1478","page","type-page","status-publish","hentry"],"_links":{"self":[{"href":"https:\/\/sites.usp.br\/ppgbi\/wp-json\/wp\/v2\/pages\/1478","targetHints":{"allow":["GET"]}}],"collection":[{"href":"https:\/\/sites.usp.br\/ppgbi\/wp-json\/wp\/v2\/pages"}],"about":[{"href":"https:\/\/sites.usp.br\/ppgbi\/wp-json\/wp\/v2\/types\/page"}],"author":[{"embeddable":true,"href":"https:\/\/sites.usp.br\/ppgbi\/wp-json\/wp\/v2\/users\/148"}],"replies":[{"embeddable":true,"href":"https:\/\/sites.usp.br\/ppgbi\/wp-json\/wp\/v2\/comments?post=1478"}],"version-history":[{"count":4,"href":"https:\/\/sites.usp.br\/ppgbi\/wp-json\/wp\/v2\/pages\/1478\/revisions"}],"predecessor-version":[{"id":3524,"href":"https:\/\/sites.usp.br\/ppgbi\/wp-json\/wp\/v2\/pages\/1478\/revisions\/3524"}],"wp:attachment":[{"href":"https:\/\/sites.usp.br\/ppgbi\/wp-json\/wp\/v2\/media?parent=1478"}],"curies":[{"name":"wp","href":"https:\/\/api.w.org\/{rel}","templated":true}]}}