{"id":414,"date":"2021-03-26T21:38:45","date_gmt":"2021-03-26T23:38:45","guid":{"rendered":"http:\/\/sites.usp.br\/ppgcaf\/area-do-aluno\/formularios\/"},"modified":"2025-03-09T10:06:24","modified_gmt":"2025-03-09T12:06:24","slug":"formularios","status":"publish","type":"page","link":"https:\/\/sites.usp.br\/ppgcaf\/area-do-aluno\/formularios\/","title":{"rendered":"Formul\u00e1rios"},"content":{"rendered":"<section class=\"clear\">Para acessar formul\u00e1rios e documentos relevantes ao curso de mestrado acesse:<a href=\"http:\/\/www5.each.usp.br\/formularios\/\">http:\/\/www5.each.usp.br\/formularios\/<\/a><\/section>\n<section>\n<h2>Arquivos para download<\/h2>\n<\/section>\n<p>Descri\u00e7\u00e3o do Arquivo<\/p>\n<table>\n<thead>\n<tr>\n<th>Descri\u00e7\u00e3o do Arquivo<\/th>\n<th>Tipo<\/th>\n<\/tr>\n<\/thead>\n<tbody>\n<tr class=\"branco\">\n<td>Formul\u00e1rio de (Re)Credenciamento CAF 2019&#8243;]<\/td>\n<td><a title=\"Baixar o arquivo\" href=\"http:\/\/www5.each.usp.br\/web\/images\/images\/90\/formularios\/formulario-de-re-credenciamento-caf-2019_339000000108020200416090537.docx\" target=\"_blank\" rel=\"noopener\"><img decoding=\"async\" id=\"arquivo-1\" title=\"Novo Arquivo\" src=\"http:\/\/www5.each.usp.br\/web\/images\/tiparq\/docx.png\" alt=\"Novo Arquivo\" \/><\/a><\/td>\n<\/tr>\n<\/tbody>\n<\/table>\n","protected":false},"excerpt":{"rendered":"<p>Para acessar formul\u00e1rios e documentos relevantes ao curso de mestrado acesse:http:\/\/www5.each.usp.br\/formularios\/ Arquivos para download Descri\u00e7\u00e3o do Arquivo Descri\u00e7\u00e3o do Arquivo Tipo Formul\u00e1rio de (Re)Credenciamento CAF 2019&#8243;]<\/p>\n","protected":false},"author":22184,"featured_media":0,"parent":410,"menu_order":1,"comment_status":"closed","ping_status":"closed","template":"page-full.php","meta":{"footnotes":"","_links_to":"","_links_to_target":""},"class_list":["post-414","page","type-page","status-publish","hentry"],"_links":{"self":[{"href":"https:\/\/sites.usp.br\/ppgcaf\/wp-json\/wp\/v2\/pages\/414","targetHints":{"allow":["GET"]}}],"collection":[{"href":"https:\/\/sites.usp.br\/ppgcaf\/wp-json\/wp\/v2\/pages"}],"about":[{"href":"https:\/\/sites.usp.br\/ppgcaf\/wp-json\/wp\/v2\/types\/page"}],"author":[{"embeddable":true,"href":"https:\/\/sites.usp.br\/ppgcaf\/wp-json\/wp\/v2\/users\/22184"}],"replies":[{"embeddable":true,"href":"https:\/\/sites.usp.br\/ppgcaf\/wp-json\/wp\/v2\/comments?post=414"}],"version-history":[{"count":4,"href":"https:\/\/sites.usp.br\/ppgcaf\/wp-json\/wp\/v2\/pages\/414\/revisions"}],"predecessor-version":[{"id":956,"href":"https:\/\/sites.usp.br\/ppgcaf\/wp-json\/wp\/v2\/pages\/414\/revisions\/956"}],"up":[{"embeddable":true,"href":"https:\/\/sites.usp.br\/ppgcaf\/wp-json\/wp\/v2\/pages\/410"}],"wp:attachment":[{"href":"https:\/\/sites.usp.br\/ppgcaf\/wp-json\/wp\/v2\/media?parent=414"}],"curies":[{"name":"wp","href":"https:\/\/api.w.org\/{rel}","templated":true}]}}