{"id":651,"date":"2021-05-07T18:08:18","date_gmt":"2021-05-07T20:08:18","guid":{"rendered":"http:\/\/sites.usp.br\/ppgcaf\/simulacoes\/visitas-tecnicas\/apresentacao\/"},"modified":"2021-05-07T19:18:31","modified_gmt":"2021-05-07T21:18:31","slug":"apresentacao","status":"publish","type":"page","link":"https:\/\/sites.usp.br\/ppgcaf\/visitas-tecnicas\/apresentacao\/","title":{"rendered":"Apresenta\u00e7\u00e3o"},"content":{"rendered":"<p>Alinhado \u00e0s miss\u00f5es da Universidade de S\u00e3o Paulo (USP) e da Escola de Artes, Ci\u00eancias e Humanidades (EACH), o Programa de P\u00f3s-Gradua\u00e7\u00e3o em Ci\u00eancias da Atividade F\u00edsica (PPG-CAF), criado em 2014, tem a miss\u00e3o de contribuir para o desenvolvimento das Ci\u00eancias da Atividade F\u00edsica, por meio da excel\u00eancia na pesquisa cient\u00edfica e forma\u00e7\u00e3o de recursos humanos. S\u00e3o objetivos do PPG-CAF: 1. Produzir conhecimento de qualidade nas linhas de pesquisa que comp\u00f5em a \u00e1rea de concentra\u00e7\u00e3o Atividade F\u00edsica e Sa\u00fade; 2. Formar mestres aptos a exercer a doc\u00eancia em ensino superior e realizar pesquisa nas dimens\u00f5es da Atividade F\u00edsica e Sa\u00fade; 3- Formar mestres capazes de oferecer presta\u00e7\u00e3o de servi\u00e7os de qualidade nas diferentes demandas profissionais na \u00e1rea da Atividade F\u00edsica e Sa\u00fade.<\/p>\n<p>O PPG-CAF possui uma estrutura curricular e orientadores permanentes para formar egressos que:<\/p>\n<p>&#8211; Atuem com dilig\u00eancia e alto grau de compet\u00eancia em pesquisa cient\u00edfica relacionada \u00e0 Atividade F\u00edsica e Sa\u00fade, no ambiente acad\u00eamico e n\u00e3o acad\u00eamico;<\/p>\n<p>&#8211; Estejam apto \u00e0 doc\u00eancia no ensino superior nas disciplinas ligadas \u00e0s Ci\u00eancias da Atividade F\u00edsica e Sa\u00fade;<\/p>\n<p>&#8211; Tenham capacidade de propor, liderar e\/ou supervisionar projetos nas diferentes \u00e1reas de atua\u00e7\u00e3o profissional sobre Atividade F\u00edsica e Sa\u00fade.<\/p>\n","protected":false},"excerpt":{"rendered":"<p>Alinhado \u00e0s miss\u00f5es da Universidade de S\u00e3o Paulo (USP) e da Escola de Artes, Ci\u00eancias e Humanidades (EACH), o Programa de P\u00f3s-Gradua\u00e7\u00e3o em Ci\u00eancias da Atividade F\u00edsica (PPG-CAF), criado em 2014, tem a miss\u00e3o de contribuir para o desenvolvimento das Ci\u00eancias da Atividade F\u00edsica, por meio da excel\u00eancia na pesquisa cient\u00edfica e forma\u00e7\u00e3o de recursos humanos. S\u00e3o objetivos do PPG-CAF: 1. Produzir conhecimento de qualidade nas linhas de pesquisa que comp\u00f5em a \u00e1rea de concentra\u00e7\u00e3o Atividade F\u00edsica e Sa\u00fade; 2. Formar mestres aptos a exercer a doc\u00eancia em ensino superior e realizar pesquisa nas dimens\u00f5es da Atividade F\u00edsica e Sa\u00fade; 3- Formar mestres capazes de oferecer presta\u00e7\u00e3o de servi\u00e7os de qualidade nas diferentes demandas profissionais na \u00e1rea da Atividade F\u00edsica e Sa\u00fade. O PPG-CAF possui uma estrutura curricular e orientadores permanentes para formar egressos que: &#8211; Atuem com dilig\u00eancia e alto grau de compet\u00eancia em pesquisa cient\u00edfica relacionada \u00e0 Atividade F\u00edsica e Sa\u00fade, no ambiente acad\u00eamico e n\u00e3o acad\u00eamico; &#8211; Estejam apto \u00e0 doc\u00eancia no ensino superior nas disciplinas ligadas \u00e0s Ci\u00eancias da Atividade F\u00edsica e Sa\u00fade; &#8211; Tenham capacidade de propor, liderar e\/ou supervisionar projetos nas diferentes \u00e1reas de atua\u00e7\u00e3o profissional sobre Atividade F\u00edsica e Sa\u00fade.<\/p>\n","protected":false},"author":22184,"featured_media":0,"parent":501,"menu_order":1,"comment_status":"closed","ping_status":"closed","template":"","meta":{"footnotes":"","_links_to":"","_links_to_target":""},"class_list":["post-651","page","type-page","status-publish","hentry"],"_links":{"self":[{"href":"https:\/\/sites.usp.br\/ppgcaf\/wp-json\/wp\/v2\/pages\/651","targetHints":{"allow":["GET"]}}],"collection":[{"href":"https:\/\/sites.usp.br\/ppgcaf\/wp-json\/wp\/v2\/pages"}],"about":[{"href":"https:\/\/sites.usp.br\/ppgcaf\/wp-json\/wp\/v2\/types\/page"}],"author":[{"embeddable":true,"href":"https:\/\/sites.usp.br\/ppgcaf\/wp-json\/wp\/v2\/users\/22184"}],"replies":[{"embeddable":true,"href":"https:\/\/sites.usp.br\/ppgcaf\/wp-json\/wp\/v2\/comments?post=651"}],"version-history":[{"count":2,"href":"https:\/\/sites.usp.br\/ppgcaf\/wp-json\/wp\/v2\/pages\/651\/revisions"}],"predecessor-version":[{"id":712,"href":"https:\/\/sites.usp.br\/ppgcaf\/wp-json\/wp\/v2\/pages\/651\/revisions\/712"}],"up":[{"embeddable":true,"href":"https:\/\/sites.usp.br\/ppgcaf\/wp-json\/wp\/v2\/pages\/501"}],"wp:attachment":[{"href":"https:\/\/sites.usp.br\/ppgcaf\/wp-json\/wp\/v2\/media?parent=651"}],"curies":[{"name":"wp","href":"https:\/\/api.w.org\/{rel}","templated":true}]}}