{"id":345,"date":"2024-01-04T21:43:07","date_gmt":"2024-01-04T23:43:07","guid":{"rendered":"https:\/\/sites.usp.br\/ppgen\/?page_id=345"},"modified":"2024-02-03T19:42:47","modified_gmt":"2024-02-03T22:42:47","slug":"labrisco","status":"publish","type":"page","link":"https:\/\/sites.usp.br\/ppgen\/labrisco\/","title":{"rendered":"LabRisco"},"content":{"rendered":"<p><span style=\"font-weight: 400;\">O LabRisco, do Departamento de Engenharia Naval e Oce\u00e2nica da USP, \u00e9 um laborat\u00f3rio de an\u00e1lise, avalia\u00e7\u00e3o e gerenciamento de risco. Desenvolvido com apoio do Centro Tecnol\u00f3gico da Marinha em S\u00e3o Paulo e financiamento da PETROBRAS via projeto FUSP-FINEP. O laborat\u00f3rio tem como prop\u00f3sito analisar riscos em sistemas cr\u00edticos, estruturando bancos de dados e disseminando cultura de avalia\u00e7\u00e3o de risco.<\/span><\/p>\n<p><span style=\"font-weight: 400;\">A fase inicial, de 2005 a 2007, focou na consolida\u00e7\u00e3o atrav\u00e9s da an\u00e1lise de casos reais da frota da TRANSPETRO. Posteriormente, o laborat\u00f3rio expandiu suas atividades, recebendo financiamento de diversas ag\u00eancias de pesquisa e reguladoras, como FAPESP, CNPq, CAPES e ANP, al\u00e9m de parcerias com a Marinha do Brasil e empresas como Petrobras, TRANSPETRO, REPSOL e VALE.<\/span><\/p>\n<p><span style=\"font-weight: 400;\">Projetos abrangentes foram conduzidos, incluindo estudos de confiabilidade de sistemas em embarca\u00e7\u00f5es e sistemas flutuantes, an\u00e1lise de risco em opera\u00e7\u00f5es de carga e descarga de LNG, e desenvolvimento de modelo de gerenciamento de riscos para o processo de docagem de navios petroleiros. O LabRisco resultou em in\u00fameras publica\u00e7\u00f5es e contribui\u00e7\u00f5es significativas para a comunidade cient\u00edfica.<\/span><\/p>\n<p><span style=\"font-weight: 400;\"># Incluir fotos<\/span><\/p>\n<p><span style=\"font-weight: 400;\">Atualmente, o laborat\u00f3rio possui uma infraestrutura f\u00edsica e computacional avan\u00e7ada, incluindo uma \u00e1rea de 120 m\u00b2 para at\u00e9 15 pesquisadores, central de processamento de dados, portal web para acesso remoto e, em 2014, uma expans\u00e3o com financiamento FINEP, agregando 6 novas esta\u00e7\u00f5es de trabalho e uma sala de reuni\u00f5es.<\/span><\/p>\n<p><span style=\"font-weight: 400;\">Para mais informa\u00e7\u00f5es, acesse o site atrav\u00e9s do link: <a href=\"https:\/\/www.labrisco.usp.br\/\" target=\"_blank\" rel=\"noopener\">acesso<\/a>.<\/span><\/p>\n","protected":false},"excerpt":{"rendered":"<p>O LabRisco, do Departamento de Engenharia Naval e Oce\u00e2nica da USP, \u00e9 um laborat\u00f3rio de an\u00e1lise, avalia\u00e7\u00e3o e gerenciamento de risco. Desenvolvido com apoio do Centro Tecnol\u00f3gico da Marinha em S\u00e3o Paulo e financiamento da PETROBRAS via projeto FUSP-FINEP. O laborat\u00f3rio tem como prop\u00f3sito analisar riscos em sistemas cr\u00edticos, estruturando bancos de dados e disseminando<a href=\"https:\/\/sites.usp.br\/ppgen\/labrisco\/\">[&#8230;]<\/a><\/p>\n","protected":false},"author":23876,"featured_media":0,"parent":0,"menu_order":9,"comment_status":"closed","ping_status":"closed","template":"","meta":{"footnotes":"","_links_to":"","_links_to_target":""},"class_list":["post-345","page","type-page","status-publish","hentry"],"_links":{"self":[{"href":"https:\/\/sites.usp.br\/ppgen\/wp-json\/wp\/v2\/pages\/345","targetHints":{"allow":["GET"]}}],"collection":[{"href":"https:\/\/sites.usp.br\/ppgen\/wp-json\/wp\/v2\/pages"}],"about":[{"href":"https:\/\/sites.usp.br\/ppgen\/wp-json\/wp\/v2\/types\/page"}],"author":[{"embeddable":true,"href":"https:\/\/sites.usp.br\/ppgen\/wp-json\/wp\/v2\/users\/23876"}],"replies":[{"embeddable":true,"href":"https:\/\/sites.usp.br\/ppgen\/wp-json\/wp\/v2\/comments?post=345"}],"version-history":[{"count":2,"href":"https:\/\/sites.usp.br\/ppgen\/wp-json\/wp\/v2\/pages\/345\/revisions"}],"predecessor-version":[{"id":649,"href":"https:\/\/sites.usp.br\/ppgen\/wp-json\/wp\/v2\/pages\/345\/revisions\/649"}],"wp:attachment":[{"href":"https:\/\/sites.usp.br\/ppgen\/wp-json\/wp\/v2\/media?parent=345"}],"curies":[{"name":"wp","href":"https:\/\/api.w.org\/{rel}","templated":true}]}}