{"id":1105,"date":"2019-05-30T11:33:38","date_gmt":"2019-05-30T14:33:38","guid":{"rendered":"https:\/\/sites.usp.br\/ppgeq\/?page_id=1105"},"modified":"2024-06-03T15:53:45","modified_gmt":"2024-06-03T18:53:45","slug":"teses-defendidas-2","status":"publish","type":"page","link":"https:\/\/sites.usp.br\/ppgeq\/teses-defendidas-2\/","title":{"rendered":"Teses Defendidas"},"content":{"rendered":"<p><span style=\"color: #ff6600;\"><strong>ALUNOS EGRESSOS DO PPGEQ<\/strong><\/span><\/p>\n<table width=\"564\">\n<tbody>\n<tr>\n<td width=\"139\"><a href=\"https:\/\/sites.usp.br\/ppgeq\/egressos-2022-doutorado\/\" target=\"_blank\" rel=\"noopener\"><strong>2022<\/strong><\/a><\/td>\n<td width=\"139\"><a href=\"https:\/\/sites.usp.br\/ppgeq\/egressos-2023-doutorado\/\" target=\"_blank\" rel=\"noopener\"><strong>2023<\/strong><\/a><\/td>\n<td width=\"140\"><strong><a href=\"https:\/\/sites.usp.br\/ppgeq\/egressos-2024-doutorado\/\" target=\"_blank\" rel=\"noopener\">2024<\/a><\/strong><\/td>\n<td width=\"139\"><strong>\u00a0<\/strong><\/td>\n<\/tr>\n<\/tbody>\n<\/table>\n<p><span style=\"color: #ff6600;\"><strong>BUSCA POR \u00c1REA DE CONCENTRA\u00c7\u00c3O (BIBLIOTECA DIGITAL USP)<\/strong><\/span><\/p>\n<p><a href=\"https:\/\/www.teses.usp.br\/index.php?option=com_jumi&amp;fileid=9&amp;Itemid=159&amp;lang=pt-br&amp;id=97139&amp;prog=97003&amp;exp=0\" target=\"_blank\" rel=\"noopener\">Desenvolvimento de Produtos e Processos<\/a><\/p>","protected":false},"excerpt":{"rendered":"<p>ALUNOS EGRESSOS DO PPGEQ 2022 2023 2024 \u00a0 BUSCA POR \u00c1REA DE CONCENTRA\u00c7\u00c3O (BIBLIOTECA DIGITAL USP) Desenvolvimento de Produtos e Processos<\/p>\n","protected":false},"author":993,"featured_media":0,"parent":0,"menu_order":0,"comment_status":"closed","ping_status":"closed","template":"","meta":{"_monsterinsights_skip_tracking":false,"_monsterinsights_sitenote_active":false,"_monsterinsights_sitenote_note":"","_monsterinsights_sitenote_category":0,"footnotes":"","_links_to":"","_links_to_target":""},"class_list":["post-1105","page","type-page","status-publish","hentry"],"_links":{"self":[{"href":"https:\/\/sites.usp.br\/ppgeq\/wp-json\/wp\/v2\/pages\/1105","targetHints":{"allow":["GET"]}}],"collection":[{"href":"https:\/\/sites.usp.br\/ppgeq\/wp-json\/wp\/v2\/pages"}],"about":[{"href":"https:\/\/sites.usp.br\/ppgeq\/wp-json\/wp\/v2\/types\/page"}],"author":[{"embeddable":true,"href":"https:\/\/sites.usp.br\/ppgeq\/wp-json\/wp\/v2\/users\/993"}],"replies":[{"embeddable":true,"href":"https:\/\/sites.usp.br\/ppgeq\/wp-json\/wp\/v2\/comments?post=1105"}],"version-history":[{"count":4,"href":"https:\/\/sites.usp.br\/ppgeq\/wp-json\/wp\/v2\/pages\/1105\/revisions"}],"predecessor-version":[{"id":2251,"href":"https:\/\/sites.usp.br\/ppgeq\/wp-json\/wp\/v2\/pages\/1105\/revisions\/2251"}],"wp:attachment":[{"href":"https:\/\/sites.usp.br\/ppgeq\/wp-json\/wp\/v2\/media?parent=1105"}],"curies":[{"name":"wp","href":"https:\/\/api.w.org\/{rel}","templated":true}]}}