{"id":2248,"date":"2024-06-03T15:52:58","date_gmt":"2024-06-03T18:52:58","guid":{"rendered":"https:\/\/sites.usp.br\/ppgeq\/?page_id=2248"},"modified":"2024-09-20T15:06:56","modified_gmt":"2024-09-20T18:06:56","slug":"egressos-2024-doutorado","status":"publish","type":"page","link":"https:\/\/sites.usp.br\/ppgeq\/egressos-2024-doutorado\/","title":{"rendered":"Egressos 2024 (Doutorado)"},"content":{"rendered":"<p><\/p>\n<table>\n<tbody>\n<tr>\n<td width=\"179\">\n<h6 style=\"text-align: center;\"><span style=\"color: #ff6600;\"><strong>Aluno(a)<\/strong><\/span><\/h6>\n<\/td>\n<td style=\"text-align: center;\" width=\"212\">\n<h6><span style=\"color: #ff6600;\"><strong>Orientador(a)<\/strong><\/span><\/h6>\n<\/td>\n<td style=\"text-align: center;\" width=\"449\">\n<h6><span style=\"color: #ff6600;\"><strong>T\u00edtulo do Trabalho<\/strong><\/span><\/h6>\n<\/td>\n<td width=\"100\">\n<h6 style=\"text-align: center;\"><span style=\"color: #ff6600;\"><strong>Data da Defesa<\/strong><\/span><\/h6>\n<\/td>\n<\/tr>\n<tr>\n<td width=\"179\">Nian Vieira Freire<\/td>\n<td width=\"212\">Prof. Dr. Pedro Felipe Arce Castillo<\/td>\n<td width=\"449\">Comportamento termodin\u00e2mico de sistemas contendo l\u00edquidos i\u00f4nicos nos processos de separa\u00e7\u00e3o: Experimental, consist\u00eancia, modelagem e simula\u00e7\u00e3o<\/td>\n<td width=\"100\">26\/01\/2024<\/td>\n<\/tr>\n<tr>\n<td colspan=\"4\" width=\"940\">\n<h6 style=\"text-align: center;\">Download: <a href=\"https:\/\/sites.usp.br\/ppgeq\/wp-content\/uploads\/sites\/537\/2024\/05\/Nian-Vieira-Tese-Final.pdf\" target=\"_blank\" rel=\"noopener\">Tese<\/a><\/h6>\n<\/td>\n<\/tr>\n<tr>\n<td width=\"179\">Mateus Vinicius Casagrande da Silva<\/td>\n<td width=\"212\">Profa. Dra. Larissa de Freitas<\/td>\n<td width=\"449\">Desenvolvimento de processos cont\u00ednuos para a s\u00edntese do oleato de 2-etil-hexila catalisada por lipase imobilizada<\/td>\n<td width=\"100\">23\/02\/2024<\/td>\n<\/tr>\n<tr>\n<td colspan=\"4\" width=\"940\">\n<h6 style=\"text-align: center;\">Download: <a href=\"https:\/\/sites.usp.br\/ppgeq\/wp-content\/uploads\/sites\/537\/2024\/05\/Tese-Mateus-Casagrande-Corrigida.pdf\" target=\"_blank\" rel=\"noopener\">Tese<\/a><\/h6>\n<\/td>\n<\/tr>\n<tr>\n<td width=\"179\">\n<h6><\/h6>\n<\/td>\n<td width=\"212\">\n<h6><\/h6>\n<\/td>\n<td width=\"449\">\n<h6><\/h6>\n<\/td>\n<td width=\"100\">\n<h6><\/h6>\n<\/td>\n<\/tr>\n<tr>\n<td colspan=\"4\" width=\"940\">\n<h6 style=\"text-align: center;\">Download:<\/h6>\n<\/td>\n<\/tr>\n<tr>\n<td width=\"179\">\n<h6><\/h6>\n<\/td>\n<td width=\"212\">\n<h6><\/h6>\n<\/td>\n<td width=\"449\">\n<h6><\/h6>\n<\/td>\n<td width=\"100\">\n<h6><\/h6>\n<\/td>\n<\/tr>\n<tr>\n<td colspan=\"4\" width=\"940\">\n<h6 style=\"text-align: center;\">Download:<\/h6>\n<\/td>\n<\/tr>\n<tr>\n<td width=\"179\">\n<h6><\/h6>\n<\/td>\n<td width=\"212\">\n<h6><\/h6>\n<\/td>\n<td width=\"449\">\n<h6><\/h6>\n<\/td>\n<td width=\"100\">\n<h6><\/h6>\n<\/td>\n<\/tr>\n<tr>\n<td colspan=\"4\" width=\"940\">\n<h6 style=\"text-align: center;\">Download:<\/h6>\n<\/td>\n<\/tr>\n<tr>\n<td width=\"179\">\n<h6><\/h6>\n<\/td>\n<td width=\"212\">\n<h6><\/h6>\n<\/td>\n<td width=\"449\">\n<h6><\/h6>\n<\/td>\n<td width=\"100\">\n<h6><\/h6>\n<\/td>\n<\/tr>\n<tr>\n<td colspan=\"4\" width=\"940\">\n<h6>Download:<\/h6>\n<\/td>\n<\/tr>\n<tr>\n<td width=\"179\">\n<h6><\/h6>\n<\/td>\n<td width=\"212\">\n<h6><\/h6>\n<\/td>\n<td width=\"449\">\n<h6><\/h6>\n<\/td>\n<td width=\"100\">\n<h6><\/h6>\n<\/td>\n<\/tr>\n<tr>\n<td colspan=\"4\" width=\"940\">\n<h6>Download:<\/h6>\n<\/td>\n<\/tr>\n<tr>\n<td width=\"179\">\n<h6><\/h6>\n<\/td>\n<td width=\"212\">\n<h6><\/h6>\n<\/td>\n<td width=\"449\">\n<h6><\/h6>\n<\/td>\n<td width=\"100\">\n<h6><\/h6>\n<\/td>\n<\/tr>\n<tr>\n<td colspan=\"4\" width=\"940\">\n<h6>Download:<\/h6>\n<\/td>\n<\/tr>\n<tr>\n<td width=\"179\">\n<h6><\/h6>\n<\/td>\n<td width=\"212\">\n<h6><\/h6>\n<\/td>\n<td width=\"449\">\n<h6><\/h6>\n<\/td>\n<td width=\"100\">\n<h6><\/h6>\n<\/td>\n<\/tr>\n<tr>\n<td colspan=\"4\" width=\"940\">\n<h6>Download:<\/h6>\n<\/td>\n<\/tr>\n<\/tbody>\n<\/table>\n<p><\/p>","protected":false},"excerpt":{"rendered":"<p>Aluno(a) Orientador(a) T\u00edtulo do Trabalho Data da Defesa Nian Vieira Freire Prof. Dr. Pedro Felipe Arce Castillo Comportamento termodin\u00e2mico de sistemas contendo l\u00edquidos i\u00f4nicos nos processos de separa\u00e7\u00e3o: Experimental, consist\u00eancia, modelagem e simula\u00e7\u00e3o 26\/01\/2024 Download: Tese Mateus Vinicius Casagrande da Silva Profa. Dra. Larissa de Freitas Desenvolvimento de processos cont\u00ednuos para a s\u00edntese do oleato de 2-etil-hexila catalisada por lipase imobilizada 23\/02\/2024 Download: Tese Download: Download: Download: Download: Download: Download: Download:<\/p>\n","protected":false},"author":993,"featured_media":0,"parent":0,"menu_order":0,"comment_status":"closed","ping_status":"closed","template":"","meta":{"_monsterinsights_skip_tracking":false,"_monsterinsights_sitenote_active":false,"_monsterinsights_sitenote_note":"","_monsterinsights_sitenote_category":0,"footnotes":"","_links_to":"","_links_to_target":""},"class_list":["post-2248","page","type-page","status-publish","hentry"],"_links":{"self":[{"href":"https:\/\/sites.usp.br\/ppgeq\/wp-json\/wp\/v2\/pages\/2248","targetHints":{"allow":["GET"]}}],"collection":[{"href":"https:\/\/sites.usp.br\/ppgeq\/wp-json\/wp\/v2\/pages"}],"about":[{"href":"https:\/\/sites.usp.br\/ppgeq\/wp-json\/wp\/v2\/types\/page"}],"author":[{"embeddable":true,"href":"https:\/\/sites.usp.br\/ppgeq\/wp-json\/wp\/v2\/users\/993"}],"replies":[{"embeddable":true,"href":"https:\/\/sites.usp.br\/ppgeq\/wp-json\/wp\/v2\/comments?post=2248"}],"version-history":[{"count":3,"href":"https:\/\/sites.usp.br\/ppgeq\/wp-json\/wp\/v2\/pages\/2248\/revisions"}],"predecessor-version":[{"id":2281,"href":"https:\/\/sites.usp.br\/ppgeq\/wp-json\/wp\/v2\/pages\/2248\/revisions\/2281"}],"wp:attachment":[{"href":"https:\/\/sites.usp.br\/ppgeq\/wp-json\/wp\/v2\/media?parent=2248"}],"curies":[{"name":"wp","href":"https:\/\/api.w.org\/{rel}","templated":true}]}}