{"id":2878,"date":"2024-09-09T13:54:49","date_gmt":"2024-09-09T16:54:49","guid":{"rendered":"https:\/\/sites.usp.br\/ppget\/?page_id=2878"},"modified":"2025-04-16T13:46:27","modified_gmt":"2025-04-16T16:46:27","slug":"capes","status":"publish","type":"page","link":"https:\/\/sites.usp.br\/ppget\/programa\/capes\/","title":{"rendered":"Avalia\u00e7\u00e3o Quadrienal do CAPES"},"content":{"rendered":"<p><em>Em constru\u00e7\u00e3o.<\/em><\/p>\n","protected":false},"excerpt":{"rendered":"<p>Em constru\u00e7\u00e3o.<\/p>\n","protected":false},"author":24123,"featured_media":0,"parent":2871,"menu_order":6,"comment_status":"closed","ping_status":"closed","template":"","meta":{"_monsterinsights_skip_tracking":false,"_monsterinsights_sitenote_active":false,"_monsterinsights_sitenote_note":"","_monsterinsights_sitenote_category":0,"footnotes":"","_links_to":"","_links_to_target":""},"class_list":["post-2878","page","type-page","status-publish","hentry"],"_links":{"self":[{"href":"https:\/\/sites.usp.br\/ppget\/wp-json\/wp\/v2\/pages\/2878","targetHints":{"allow":["GET"]}}],"collection":[{"href":"https:\/\/sites.usp.br\/ppget\/wp-json\/wp\/v2\/pages"}],"about":[{"href":"https:\/\/sites.usp.br\/ppget\/wp-json\/wp\/v2\/types\/page"}],"author":[{"embeddable":true,"href":"https:\/\/sites.usp.br\/ppget\/wp-json\/wp\/v2\/users\/24123"}],"replies":[{"embeddable":true,"href":"https:\/\/sites.usp.br\/ppget\/wp-json\/wp\/v2\/comments?post=2878"}],"version-history":[{"count":2,"href":"https:\/\/sites.usp.br\/ppget\/wp-json\/wp\/v2\/pages\/2878\/revisions"}],"predecessor-version":[{"id":3043,"href":"https:\/\/sites.usp.br\/ppget\/wp-json\/wp\/v2\/pages\/2878\/revisions\/3043"}],"up":[{"embeddable":true,"href":"https:\/\/sites.usp.br\/ppget\/wp-json\/wp\/v2\/pages\/2871"}],"wp:attachment":[{"href":"https:\/\/sites.usp.br\/ppget\/wp-json\/wp\/v2\/media?parent=2878"}],"curies":[{"name":"wp","href":"https:\/\/api.w.org\/{rel}","templated":true}]}}