{"id":3051,"date":"2024-10-10T20:30:43","date_gmt":"2024-10-10T23:30:43","guid":{"rendered":"https:\/\/sites.usp.br\/ppget\/?page_id=3051"},"modified":"2025-10-03T13:50:35","modified_gmt":"2025-10-03T16:50:35","slug":"contato","status":"publish","type":"page","link":"https:\/\/sites.usp.br\/ppget\/contato\/","title":{"rendered":"Contato"},"content":{"rendered":"\t\t<div data-elementor-type=\"wp-page\" data-elementor-id=\"3051\" class=\"elementor elementor-3051\" data-elementor-post-type=\"page\">\n\t\t\t\t\t\t<section class=\"elementor-section elementor-top-section elementor-element elementor-element-633a6a1 elementor-section-boxed elementor-section-height-default elementor-section-height-default\" data-id=\"633a6a1\" data-element_type=\"section\">\n\t\t\t\t\t\t<div class=\"elementor-container elementor-column-gap-default\">\n\t\t\t\t\t<div class=\"elementor-column elementor-col-100 elementor-top-column elementor-element elementor-element-3576df9a\" data-id=\"3576df9a\" data-element_type=\"column\">\n\t\t\t<div class=\"elementor-widget-wrap elementor-element-populated\">\n\t\t\t\t\t\t<div class=\"elementor-element elementor-element-1da2eb19 elementor-widget elementor-widget-text-editor\" data-id=\"1da2eb19\" data-element_type=\"widget\" data-widget_type=\"text-editor.default\">\n\t\t\t\t<div class=\"elementor-widget-container\">\n\t\t\t\t\t\t\t<p><strong>Secretaria do Programa de P\u00f3s-gradua\u00e7\u00e3o em Engenharia de Transportes (PPGET)<\/strong><\/p><p><strong>Luciane Watanabe<\/strong>\u00a0(<em>Secret\u00e1ria do PPGET<\/em>)<\/p><p style=\"padding-left: 40px;\">E-mail: <a target=\"_blank\" rel=\"noopener\">ppget.poli@usp.br<\/a><\/p><p style=\"padding-left: 40px;\">Tel: +55 11 3091-5202<\/p><p><strong>Departamento de Engenharia de Transportes<\/strong><\/p><p style=\"padding-left: 40px;\"><a href=\"https:\/\/goo.gl\/maps\/pDF42PaHa112\" target=\"_blank\" rel=\"noopener\">Av. Prof. Almeida Prado, Travessa do Bi\u00eanio, n. 83 Edificio Engenharia Civil<\/a><\/p><p style=\"padding-left: 40px;\">Cidade Universit\u00e1ria \u2013 S\u00e3o Paulo \u2013 Brasil<\/p><p style=\"padding-left: 40px;\">CEP.: 05508-070<\/p><p style=\"padding-left: 40px;\"><strong>Secretaria do Departamento:<\/strong> +55 11 3091 5750<\/p><p style=\"padding-left: 40px;\"><strong>Secretaria de Gradua\u00e7\u00e3o:<\/strong> +55 11 3091 5208<\/p><p style=\"padding-left: 40px;\">\u00a0<\/p>\t\t\t\t\t\t<\/div>\n\t\t\t\t<\/div>\n\t\t\t\t\t<\/div>\n\t\t<\/div>\n\t\t\t\t\t<\/div>\n\t\t<\/section>\n\t\t\t\t<section class=\"elementor-section elementor-top-section elementor-element elementor-element-14488ae elementor-section-boxed elementor-section-height-default elementor-section-height-default\" data-id=\"14488ae\" data-element_type=\"section\">\n\t\t\t\t\t\t<div class=\"elementor-container elementor-column-gap-default\">\n\t\t\t\t\t<div class=\"elementor-column elementor-col-100 elementor-top-column elementor-element elementor-element-0f92e38\" data-id=\"0f92e38\" data-element_type=\"column\">\n\t\t\t<div class=\"elementor-widget-wrap elementor-element-populated\">\n\t\t\t\t\t\t<div class=\"elementor-element elementor-element-e2144e4 elementor-widget elementor-widget-google_maps\" data-id=\"e2144e4\" data-element_type=\"widget\" data-widget_type=\"google_maps.default\">\n\t\t\t\t<div class=\"elementor-widget-container\">\n\t\t\t\t\t<div class=\"elementor-custom-embed\">\n\t\t\t<iframe loading=\"lazy\"\n\t\t\t\t\tsrc=\"https:\/\/maps.google.com\/maps?q=ptr%20epusp&#038;t=m&#038;z=16&#038;output=embed&#038;iwloc=near\"\n\t\t\t\t\ttitle=\"ptr epusp\"\n\t\t\t\t\taria-label=\"ptr epusp\"\n\t\t\t><\/iframe>\n\t\t<\/div>\n\t\t\t\t<\/div>\n\t\t\t\t<\/div>\n\t\t\t\t\t<\/div>\n\t\t<\/div>\n\t\t\t\t\t<\/div>\n\t\t<\/section>\n\t\t\t\t<\/div>\n\t\t","protected":false},"excerpt":{"rendered":"<p>Secretaria do Programa de P\u00f3s-gradua\u00e7\u00e3o em Engenharia de Transportes (PPGET) Luciane Watanabe\u00a0(Secret\u00e1ria do PPGET) E-mail: ppget.poli@usp.br Tel: +55 11 3091-5202 Departamento de Engenharia de Transportes Av. Prof. Almeida Prado, Travessa do Bi\u00eanio, n. 83&#46;&#46;&#46;<\/p>\n","protected":false},"author":24123,"featured_media":0,"parent":0,"menu_order":0,"comment_status":"closed","ping_status":"closed","template":"","meta":{"_monsterinsights_skip_tracking":false,"_monsterinsights_sitenote_active":false,"_monsterinsights_sitenote_note":"","_monsterinsights_sitenote_category":0,"footnotes":"","_links_to":"","_links_to_target":""},"class_list":["post-3051","page","type-page","status-publish","hentry"],"_links":{"self":[{"href":"https:\/\/sites.usp.br\/ppget\/wp-json\/wp\/v2\/pages\/3051","targetHints":{"allow":["GET"]}}],"collection":[{"href":"https:\/\/sites.usp.br\/ppget\/wp-json\/wp\/v2\/pages"}],"about":[{"href":"https:\/\/sites.usp.br\/ppget\/wp-json\/wp\/v2\/types\/page"}],"author":[{"embeddable":true,"href":"https:\/\/sites.usp.br\/ppget\/wp-json\/wp\/v2\/users\/24123"}],"replies":[{"embeddable":true,"href":"https:\/\/sites.usp.br\/ppget\/wp-json\/wp\/v2\/comments?post=3051"}],"version-history":[{"count":4,"href":"https:\/\/sites.usp.br\/ppget\/wp-json\/wp\/v2\/pages\/3051\/revisions"}],"predecessor-version":[{"id":4423,"href":"https:\/\/sites.usp.br\/ppget\/wp-json\/wp\/v2\/pages\/3051\/revisions\/4423"}],"wp:attachment":[{"href":"https:\/\/sites.usp.br\/ppget\/wp-json\/wp\/v2\/media?parent=3051"}],"curies":[{"name":"wp","href":"https:\/\/api.w.org\/{rel}","templated":true}]}}