{"id":151,"date":"2025-03-12T16:44:36","date_gmt":"2025-03-12T18:44:36","guid":{"rendered":"https:\/\/sites.usp.br\/ppgfm\/?page_id=151"},"modified":"2025-11-28T11:48:39","modified_gmt":"2025-11-28T13:48:39","slug":"membros-da-ccp","status":"publish","type":"page","link":"https:\/\/sites.usp.br\/ppgfm\/membros-da-ccp\/","title":{"rendered":"Membros da CCP"},"content":{"rendered":"<h2>Coordena\u00e7\u00e3o do PPG:<\/h2>\n<p>Prof. Dr. Felipe Rebello Louren\u00e7o (Mandato: 20\/10\/2025 a 19\/10\/2027) &#8211; Coordenador<\/p>\n<p>Profa. Dra. Jeanine Giarolla Vargas (Mandato: 20\/10\/2025 a 19\/10\/2027) &#8211; Vice-Coordenador<\/p>\n<h2>Representantes docente (titulares):<\/h2>\n<p>Prof. Dr. Felipe Rebello Louren\u00e7o (Mandato: 04\/09\/2024 a 03\/09\/2026)<\/p>\n<p>Profa. Dra. Jeanine Giarolla Vargas. (Mandato: 04\/09\/2024 a 03\/09\/2025)<\/p>\n<p>Prof. Dr. Daniel Pecoraro Demarque (Mandato: 25\/09\/2025 a 24\/09\/2027)<\/p>\n<p>Profa. Dra. Mar\u00edlia Berlofa Visacri (Mandato: 25\/09\/2025 a 24\/09\/2027)<\/p>\n<h2>Representantes docente (suplentes):<\/h2>\n<p>Prof. Dr. Roberto Parise Filho (Mandato: 04\/09\/2024 a 03\/09\/2026)<\/p>\n<p>Prof. Dr. H\u00e9lio Alexandre Stefani (Mandato: 04\/09\/2024 a 03\/09\/2026)<\/p>\n<p>Profa. Dra. Fernanda Isadora Boni (Mandato: 25\/09\/2025 a 24\/09\/2027)<\/p>\n<p>Prof. Dr. Jhohann Richard de Lima Benzi (Mandato: 25\/09\/2025 a 24\/09\/2027)<\/p>\n<h2>Representante discente (titular):<\/h2>\n<p>Mestranda Gabriela Peres Salzedas (Mandato: 01\/04\/2025 a 31\/03\/2026)<\/p>\n<h2>Representante discente (suplente):<\/h2>\n<p>Mestrando Caio Rui Chiabai (Mandato: 01\/04\/2025 a 31\/03\/2026)<\/p>\n<h2>Secretaria do PPGFM:<\/h2>\n<p>David Ol\u00edmpio de Lima Filho<\/p>\n<p>E-mail: pgfm@usp.br<br \/>\nTelefone: (11) 3091.3668<br \/>\nEndere\u00e7o: Av. Prof. Lineu Prestes, 580 \u2013 Bloco 15 \u2013 Departamento de Farm\u00e1cia CEP 05508-000 &#8211; Butant\u00e3, S\u00e3o Paulo &#8211; SP<\/p>\n","protected":false},"excerpt":{"rendered":"<p>Coordena\u00e7\u00e3o do PPG: Prof. Dr. Felipe Rebello Louren\u00e7o (Mandato: 20\/10\/2025 a 19\/10\/2027) &#8211; Coordenador Profa. Dra. Jeanine Giarolla Vargas (Mandato: 20\/10\/2025 a 19\/10\/2027) &#8211; Vice-Coordenador Representantes docente (titulares): Prof. Dr. Felipe Rebello Louren\u00e7o (Mandato: 04\/09\/2024 a 03\/09\/2026) Profa. Dra. Jeanine Giarolla Vargas. (Mandato: 04\/09\/2024 a 03\/09\/2025) Prof. Dr. Daniel Pecoraro Demarque (Mandato: 25\/09\/2025 a 24\/09\/2027) [&hellip;]<\/p>\n","protected":false},"author":24578,"featured_media":0,"parent":0,"menu_order":0,"comment_status":"closed","ping_status":"closed","template":"","meta":{"footnotes":"","_links_to":"","_links_to_target":""},"class_list":["post-151","page","type-page","status-publish","hentry"],"_links":{"self":[{"href":"https:\/\/sites.usp.br\/ppgfm\/wp-json\/wp\/v2\/pages\/151","targetHints":{"allow":["GET"]}}],"collection":[{"href":"https:\/\/sites.usp.br\/ppgfm\/wp-json\/wp\/v2\/pages"}],"about":[{"href":"https:\/\/sites.usp.br\/ppgfm\/wp-json\/wp\/v2\/types\/page"}],"author":[{"embeddable":true,"href":"https:\/\/sites.usp.br\/ppgfm\/wp-json\/wp\/v2\/users\/24578"}],"replies":[{"embeddable":true,"href":"https:\/\/sites.usp.br\/ppgfm\/wp-json\/wp\/v2\/comments?post=151"}],"version-history":[{"count":4,"href":"https:\/\/sites.usp.br\/ppgfm\/wp-json\/wp\/v2\/pages\/151\/revisions"}],"predecessor-version":[{"id":777,"href":"https:\/\/sites.usp.br\/ppgfm\/wp-json\/wp\/v2\/pages\/151\/revisions\/777"}],"wp:attachment":[{"href":"https:\/\/sites.usp.br\/ppgfm\/wp-json\/wp\/v2\/media?parent=151"}],"curies":[{"name":"wp","href":"https:\/\/api.w.org\/{rel}","templated":true}]}}