{"id":199,"date":"2025-03-13T10:09:23","date_gmt":"2025-03-13T12:09:23","guid":{"rendered":"https:\/\/sites.usp.br\/ppgfm\/?page_id=199"},"modified":"2025-08-28T13:37:39","modified_gmt":"2025-08-28T15:37:39","slug":"relatorio-academico","status":"publish","type":"page","link":"https:\/\/sites.usp.br\/ppgfm\/relatorio-academico\/","title":{"rendered":"Relat\u00f3rio Acad\u00eamico"},"content":{"rendered":"\t\t<div data-elementor-type=\"wp-page\" data-elementor-id=\"199\" class=\"elementor elementor-199\" data-elementor-post-type=\"page\">\n\t\t\t\t\t\t<section class=\"elementor-section elementor-top-section elementor-element elementor-element-2049b2f elementor-section-boxed elementor-section-height-default elementor-section-height-default\" data-id=\"2049b2f\" data-element_type=\"section\">\n\t\t\t\t\t\t<div class=\"elementor-container elementor-column-gap-default\">\n\t\t\t\t\t<div class=\"elementor-column elementor-col-100 elementor-top-column elementor-element elementor-element-803cde4\" data-id=\"803cde4\" data-element_type=\"column\">\n\t\t\t<div class=\"elementor-widget-wrap elementor-element-populated\">\n\t\t\t\t\t\t<div class=\"elementor-element elementor-element-8d87018 elementor-widget elementor-widget-text-editor\" data-id=\"8d87018\" data-element_type=\"widget\" data-widget_type=\"text-editor.default\">\n\t\t\t\t<div class=\"elementor-widget-container\">\n\t\t\t\t\t\t\t<p>Os estudantes ser\u00e3o avaliados por meio de relat\u00f3rios de atividades, de acordo com cronograma estabelecido pela CCP.<\/p><p>O relat\u00f3rio dever\u00e1 conter, no m\u00ednimo, um resumo do projeto de pesquisa do estudante, descri\u00e7\u00e3o das atividades realizadas (resultados, discuss\u00e3o e conclus\u00f5es) e planejamento das atividades futuras. Poder\u00e1 ser apresentado na forma de artigo cient\u00edfico. Os estudantes dever\u00e3o enviar o relat\u00f3rio por meio de formul\u00e1rio eletr\u00f4nico, at\u00e9 o dia <strong>26 de setembro de 2025<\/strong>. A submiss\u00e3o do relat\u00f3rio acad\u00eamico dever\u00e1 ser feita por meio de <a href=\"https:\/\/forms.gle\/R4GjJsiYdEcMMR3v5\" target=\"_blank\" rel=\"noopener\">formul\u00e1rio eletr\u00f4nico<\/a>.<\/p>\t\t\t\t\t\t<\/div>\n\t\t\t\t<\/div>\n\t\t\t\t<div class=\"elementor-element elementor-element-c25fcae elementor-align-right elementor-widget elementor-widget-button\" data-id=\"c25fcae\" data-element_type=\"widget\" data-widget_type=\"button.default\">\n\t\t\t\t<div class=\"elementor-widget-container\">\n\t\t\t\t\t\t\t<div class=\"elementor-button-wrapper\">\n\t\t\t\t\t<a class=\"elementor-button elementor-button-link elementor-size-sm\" href=\"https:\/\/forms.gle\/R4GjJsiYdEcMMR3v5\" target=\"_blank\">\n\t\t\t\t\t\t<span class=\"elementor-button-content-wrapper\">\n\t\t\t\t\t\t\t\t\t<span class=\"elementor-button-text\">Relat\u00f3rio Acad\u00eamico<\/span>\n\t\t\t\t\t<\/span>\n\t\t\t\t\t<\/a>\n\t\t\t\t<\/div>\n\t\t\t\t\t\t<\/div>\n\t\t\t\t<\/div>\n\t\t\t\t<div class=\"elementor-element elementor-element-52ecaa5 elementor-widget elementor-widget-spacer\" data-id=\"52ecaa5\" data-element_type=\"widget\" data-widget_type=\"spacer.default\">\n\t\t\t\t<div class=\"elementor-widget-container\">\n\t\t\t\t\t<div class=\"elementor-spacer\">\n\t\t\t<div class=\"elementor-spacer-inner\"><\/div>\n\t\t<\/div>\n\t\t\t\t<\/div>\n\t\t\t\t<\/div>\n\t\t\t\t<div class=\"elementor-element elementor-element-9a56353 elementor-widget elementor-widget-text-editor\" data-id=\"9a56353\" data-element_type=\"widget\" data-widget_type=\"text-editor.default\">\n\t\t\t\t<div class=\"elementor-widget-container\">\n\t\t\t\t\t\t\t<p>O relat\u00f3rio ser\u00e1 avaliado pelo orientador que dever\u00e1 emitir parecer sobre o desempenho acad\u00eamico e cient\u00edfico do aluno. Os orientadores dever\u00e3o emitir parecer por meio de preenchimento de formul\u00e1rio eletr\u00f4nico, at\u00e9 <strong>31 de outubro de 2025<\/strong>. O parecer dever\u00e1 ser emitido por meio de <a href=\"https:\/\/docs.google.com\/forms\/d\/e\/1FAIpQLScvi8tsBAMQad1rHo3kx1wVhKmqtKXgA2LNUMjvwUsapE5gMQ\/viewform?usp=sharing\" target=\"_blank\" rel=\"noopener\">formul\u00e1rio eletr\u00f4nico<\/a>.<\/p>\t\t\t\t\t\t<\/div>\n\t\t\t\t<\/div>\n\t\t\t\t<div class=\"elementor-element elementor-element-28e8509 elementor-align-right elementor-widget elementor-widget-button\" data-id=\"28e8509\" data-element_type=\"widget\" data-widget_type=\"button.default\">\n\t\t\t\t<div class=\"elementor-widget-container\">\n\t\t\t\t\t\t\t<div class=\"elementor-button-wrapper\">\n\t\t\t\t\t<a class=\"elementor-button elementor-button-link elementor-size-sm\" href=\"https:\/\/docs.google.com\/forms\/d\/e\/1FAIpQLScvi8tsBAMQad1rHo3kx1wVhKmqtKXgA2LNUMjvwUsapE5gMQ\/viewform?usp=sharing\" target=\"_blank\">\n\t\t\t\t\t\t<span class=\"elementor-button-content-wrapper\">\n\t\t\t\t\t\t\t\t\t<span class=\"elementor-button-text\">Parecer do orientador<\/span>\n\t\t\t\t\t<\/span>\n\t\t\t\t\t<\/a>\n\t\t\t\t<\/div>\n\t\t\t\t\t\t<\/div>\n\t\t\t\t<\/div>\n\t\t\t\t<div class=\"elementor-element elementor-element-5029736 elementor-widget elementor-widget-spacer\" data-id=\"5029736\" data-element_type=\"widget\" data-widget_type=\"spacer.default\">\n\t\t\t\t<div class=\"elementor-widget-container\">\n\t\t\t\t\t<div class=\"elementor-spacer\">\n\t\t\t<div class=\"elementor-spacer-inner\"><\/div>\n\t\t<\/div>\n\t\t\t\t<\/div>\n\t\t\t\t<\/div>\n\t\t\t\t<div class=\"elementor-element elementor-element-dc1e62d elementor-widget elementor-widget-text-editor\" data-id=\"dc1e62d\" data-element_type=\"widget\" data-widget_type=\"text-editor.default\">\n\t\t\t\t<div class=\"elementor-widget-container\">\n\t\t\t\t\t\t\t<p>O estudante que tiver seu relat\u00f3rio reprovado dever\u00e1 providenciar a entrega de novo relat\u00f3rio no prazo m\u00e1ximo de trinta (30) dias, contados a partir da data de divulga\u00e7\u00e3o do resultado da avalia\u00e7\u00e3o pela secretaria do Programa. Em caso de nova reprova\u00e7\u00e3o, o aluno poder\u00e1 ser desligado do programa de p\u00f3s-gradua\u00e7\u00e3o.<\/p><p>Al\u00e9m das regras estabelecidas no Regimento de P\u00f3s-Gradua\u00e7\u00e3o da USP, o estudante poder\u00e1 ser desligado do programa de p\u00f3s-gradua\u00e7\u00e3o, em qualquer um dos cursos (Mestrado, Doutorado e Doutorado Direto), se ocorrer uma das seguintes situa\u00e7\u00f5es:<\/p><ol><li>reprova\u00e7\u00f5es consecutivas do relat\u00f3rio de atividades;<\/li><li>n\u00e3o houver a entrega do relat\u00f3rio de atividades na data limite prevista no calend\u00e1rio.<\/li><\/ol>\t\t\t\t\t\t<\/div>\n\t\t\t\t<\/div>\n\t\t\t\t\t<\/div>\n\t\t<\/div>\n\t\t\t\t\t<\/div>\n\t\t<\/section>\n\t\t\t\t<section class=\"elementor-section elementor-top-section elementor-element elementor-element-6cf82dd elementor-section-boxed elementor-section-height-default elementor-section-height-default\" data-id=\"6cf82dd\" data-element_type=\"section\">\n\t\t\t\t\t\t<div class=\"elementor-container elementor-column-gap-default\">\n\t\t\t\t\t<div class=\"elementor-column elementor-col-100 elementor-top-column elementor-element elementor-element-0850ecc\" data-id=\"0850ecc\" data-element_type=\"column\">\n\t\t\t<div class=\"elementor-widget-wrap elementor-element-populated\">\n\t\t\t\t\t\t<div class=\"elementor-element elementor-element-515c9bb elementor-widget elementor-widget-spacer\" data-id=\"515c9bb\" data-element_type=\"widget\" data-widget_type=\"spacer.default\">\n\t\t\t\t<div class=\"elementor-widget-container\">\n\t\t\t\t\t<div class=\"elementor-spacer\">\n\t\t\t<div class=\"elementor-spacer-inner\"><\/div>\n\t\t<\/div>\n\t\t\t\t<\/div>\n\t\t\t\t<\/div>\n\t\t\t\t\t<\/div>\n\t\t<\/div>\n\t\t\t\t\t<\/div>\n\t\t<\/section>\n\t\t\t\t<\/div>\n\t\t","protected":false},"excerpt":{"rendered":"<p>Os estudantes ser\u00e3o avaliados por meio de relat\u00f3rios de atividades, de acordo com cronograma estabelecido pela CCP. O relat\u00f3rio dever\u00e1 conter, no m\u00ednimo, um resumo do projeto de pesquisa do estudante, descri\u00e7\u00e3o das atividades realizadas (resultados, discuss\u00e3o e conclus\u00f5es) e planejamento das atividades futuras. Poder\u00e1 ser apresentado na forma de artigo cient\u00edfico. Os estudantes dever\u00e3o [&hellip;]<\/p>\n","protected":false},"author":24578,"featured_media":0,"parent":0,"menu_order":0,"comment_status":"closed","ping_status":"closed","template":"","meta":{"footnotes":"","_links_to":"","_links_to_target":""},"class_list":["post-199","page","type-page","status-publish","hentry"],"_links":{"self":[{"href":"https:\/\/sites.usp.br\/ppgfm\/wp-json\/wp\/v2\/pages\/199","targetHints":{"allow":["GET"]}}],"collection":[{"href":"https:\/\/sites.usp.br\/ppgfm\/wp-json\/wp\/v2\/pages"}],"about":[{"href":"https:\/\/sites.usp.br\/ppgfm\/wp-json\/wp\/v2\/types\/page"}],"author":[{"embeddable":true,"href":"https:\/\/sites.usp.br\/ppgfm\/wp-json\/wp\/v2\/users\/24578"}],"replies":[{"embeddable":true,"href":"https:\/\/sites.usp.br\/ppgfm\/wp-json\/wp\/v2\/comments?post=199"}],"version-history":[{"count":4,"href":"https:\/\/sites.usp.br\/ppgfm\/wp-json\/wp\/v2\/pages\/199\/revisions"}],"predecessor-version":[{"id":775,"href":"https:\/\/sites.usp.br\/ppgfm\/wp-json\/wp\/v2\/pages\/199\/revisions\/775"}],"wp:attachment":[{"href":"https:\/\/sites.usp.br\/ppgfm\/wp-json\/wp\/v2\/media?parent=199"}],"curies":[{"name":"wp","href":"https:\/\/api.w.org\/{rel}","templated":true}]}}