{"id":407,"date":"2025-03-15T13:12:39","date_gmt":"2025-03-15T15:12:39","guid":{"rendered":"https:\/\/sites.usp.br\/ppgfm\/?page_id=407"},"modified":"2025-03-15T13:34:43","modified_gmt":"2025-03-15T15:34:43","slug":"aproveitamento-de-creditos","status":"publish","type":"page","link":"https:\/\/sites.usp.br\/ppgfm\/aproveitamento-de-creditos\/","title":{"rendered":"Aproveitamento de Cr\u00e9ditos"},"content":{"rendered":"\t\t<div data-elementor-type=\"wp-page\" data-elementor-id=\"407\" class=\"elementor elementor-407\" data-elementor-post-type=\"page\">\n\t\t\t\t\t\t<section class=\"elementor-section elementor-top-section elementor-element elementor-element-b3a4ac2 elementor-section-boxed elementor-section-height-default elementor-section-height-default\" data-id=\"b3a4ac2\" data-element_type=\"section\">\n\t\t\t\t\t\t<div class=\"elementor-container elementor-column-gap-default\">\n\t\t\t\t\t<div class=\"elementor-column elementor-col-100 elementor-top-column elementor-element elementor-element-b2fa385\" data-id=\"b2fa385\" data-element_type=\"column\">\n\t\t\t<div class=\"elementor-widget-wrap elementor-element-populated\">\n\t\t\t\t\t\t<div class=\"elementor-element elementor-element-948b752 elementor-widget elementor-widget-heading\" data-id=\"948b752\" data-element_type=\"widget\" data-widget_type=\"heading.default\">\n\t\t\t\t<div class=\"elementor-widget-container\">\n\t\t\t<h2 class=\"elementor-heading-title elementor-size-default\">Aproveitamento de Cr\u00e9ditos<\/h2>\t\t<\/div>\n\t\t\t\t<\/div>\n\t\t\t\t<div class=\"elementor-element elementor-element-0064c45 elementor-widget elementor-widget-text-editor\" data-id=\"0064c45\" data-element_type=\"widget\" data-widget_type=\"text-editor.default\">\n\t\t\t\t<div class=\"elementor-widget-container\">\n\t\t\t\t\t\t\t<p>O requerimento de aproveitamento de cr\u00e9ditos dever\u00e1 ser enviado via \u201cRequerimentos\u201d do Sistema Janus. O processo envolve as seguintes etapas:<\/p><p>\u2013 Requerimento dirigido \u00e0 CCP, acompanhada da manifesta\u00e7\u00e3o do orientador;<\/p><p>\u2013 Delibera\u00e7\u00e3o da CCP;<\/p><p>\u2013 Delibera\u00e7\u00e3o da CPG;<\/p><p>\u2013 Comunica\u00e7\u00e3o da decis\u00e3o ao interessado pela secretaria do P\u00f3s-Gradua\u00e7\u00e3o.<\/p>\t\t\t\t\t\t<\/div>\n\t\t\t\t<\/div>\n\t\t\t\t<div class=\"elementor-element elementor-element-260750f elementor-widget elementor-widget-spacer\" data-id=\"260750f\" data-element_type=\"widget\" data-widget_type=\"spacer.default\">\n\t\t\t\t<div class=\"elementor-widget-container\">\n\t\t\t\t\t<div class=\"elementor-spacer\">\n\t\t\t<div class=\"elementor-spacer-inner\"><\/div>\n\t\t<\/div>\n\t\t\t\t<\/div>\n\t\t\t\t<\/div>\n\t\t\t\t<div class=\"elementor-element elementor-element-f884be7 elementor-widget elementor-widget-heading\" data-id=\"f884be7\" data-element_type=\"widget\" data-widget_type=\"heading.default\">\n\t\t\t\t<div class=\"elementor-widget-container\">\n\t\t\t<h2 class=\"elementor-heading-title elementor-size-default\">Aproveitamento de Cr\u00e9ditos por disciplina cursada como Aluno Especial<\/h2>\t\t<\/div>\n\t\t\t\t<\/div>\n\t\t\t\t<div class=\"elementor-element elementor-element-0a315f1 elementor-widget elementor-widget-text-editor\" data-id=\"0a315f1\" data-element_type=\"widget\" data-widget_type=\"text-editor.default\">\n\t\t\t\t<div class=\"elementor-widget-container\">\n\t\t\t\t\t\t\t<p>O aluno de Mestrado e Doutorado pode solicitar aproveitamento de cr\u00e9ditos referente a disciplinas cursadas como aluno especial nos \u00faltimos 36 meses anteriores \u00e0 matr\u00edcula regular, observadas as disposi\u00e7\u00f5es do Regulamento do PPGFM.<\/p>\t\t\t\t\t\t<\/div>\n\t\t\t\t<\/div>\n\t\t\t\t<div class=\"elementor-element elementor-element-c9417e1 elementor-widget elementor-widget-spacer\" data-id=\"c9417e1\" data-element_type=\"widget\" data-widget_type=\"spacer.default\">\n\t\t\t\t<div class=\"elementor-widget-container\">\n\t\t\t\t\t<div class=\"elementor-spacer\">\n\t\t\t<div class=\"elementor-spacer-inner\"><\/div>\n\t\t<\/div>\n\t\t\t\t<\/div>\n\t\t\t\t<\/div>\n\t\t\t\t<div class=\"elementor-element elementor-element-ca7f64f elementor-widget elementor-widget-heading\" data-id=\"ca7f64f\" data-element_type=\"widget\" data-widget_type=\"heading.default\">\n\t\t\t\t<div class=\"elementor-widget-container\">\n\t\t\t<h2 class=\"elementor-heading-title elementor-size-default\">Aproveitamento de Cr\u00e9ditos Especiais<\/h2>\t\t<\/div>\n\t\t\t\t<\/div>\n\t\t\t\t<div class=\"elementor-element elementor-element-bea9a7d elementor-widget elementor-widget-text-editor\" data-id=\"bea9a7d\" data-element_type=\"widget\" data-widget_type=\"text-editor.default\">\n\t\t\t\t<div class=\"elementor-widget-container\">\n\t\t\t\t\t\t\t<p>Poder\u00e3o ser concedidos, como cr\u00e9ditos especiais, at\u00e9 12 e 10 cr\u00e9ditos para os Cursos de Mestrado e Doutorado\/Doutorado Direto, respectivamente. Tais cr\u00e9ditos est\u00e3o especificados nos itens abaixo:<\/p><p>\u2013 Artigo publicado em peri\u00f3dico ou cap\u00edtulo de livro (2 cr\u00e9ditos especiais).<\/p><p>\u2013 Dep\u00f3sito de patentes (2 cr\u00e9ditos).<\/p><p>\u2013 Publica\u00e7\u00e3o de cap\u00edtulo em manual tecnol\u00f3gico reconhecido por \u00f3rg\u00e3os oficiais nacionais e internacionais (2 cr\u00e9ditos).<\/p><p>\u2013 Participa\u00e7\u00e3o em Congressos, Workshops, Simp\u00f3sios ou outro tipo de reuni\u00e3o cient\u00edfica com apresenta\u00e7\u00e3o de trabalho (1 cr\u00e9dito).<\/p><p>\u2013 Participa\u00e7\u00e3o no PAE \u2013 Programa de Aperfei\u00e7oamento de Ensino (2 cr\u00e9ditos).<\/p><p>\u00a0<\/p><p>Para maiores informa\u00e7\u00f5es, consultar o Regulamento do PPGFM.<\/p>\t\t\t\t\t\t<\/div>\n\t\t\t\t<\/div>\n\t\t\t\t<div class=\"elementor-element elementor-element-4c4300a elementor-align-center elementor-widget elementor-widget-button\" data-id=\"4c4300a\" data-element_type=\"widget\" data-widget_type=\"button.default\">\n\t\t\t\t<div class=\"elementor-widget-container\">\n\t\t\t\t\t\t\t<div class=\"elementor-button-wrapper\">\n\t\t\t\t\t<a class=\"elementor-button elementor-button-link elementor-size-sm\" href=\"https:\/\/sites.usp.br\/ppgfm\/regulamento-e-normas\/\">\n\t\t\t\t\t\t<span class=\"elementor-button-content-wrapper\">\n\t\t\t\t\t\t\t\t\t<span class=\"elementor-button-text\">Clique aqui<\/span>\n\t\t\t\t\t<\/span>\n\t\t\t\t\t<\/a>\n\t\t\t\t<\/div>\n\t\t\t\t\t\t<\/div>\n\t\t\t\t<\/div>\n\t\t\t\t<div class=\"elementor-element elementor-element-62bb248 elementor-widget elementor-widget-spacer\" data-id=\"62bb248\" data-element_type=\"widget\" data-widget_type=\"spacer.default\">\n\t\t\t\t<div class=\"elementor-widget-container\">\n\t\t\t\t\t<div class=\"elementor-spacer\">\n\t\t\t<div class=\"elementor-spacer-inner\"><\/div>\n\t\t<\/div>\n\t\t\t\t<\/div>\n\t\t\t\t<\/div>\n\t\t\t\t<div class=\"elementor-element elementor-element-aaa0d2b elementor-widget elementor-widget-heading\" data-id=\"aaa0d2b\" data-element_type=\"widget\" data-widget_type=\"heading.default\">\n\t\t\t\t<div class=\"elementor-widget-container\">\n\t\t\t<h2 class=\"elementor-heading-title elementor-size-default\">Aproveitamento de Cr\u00e9ditos Excedentes do Mestrado para o Doutorado<\/h2>\t\t<\/div>\n\t\t\t\t<\/div>\n\t\t\t\t<div class=\"elementor-element elementor-element-2e0ad43 elementor-widget elementor-widget-text-editor\" data-id=\"2e0ad43\" data-element_type=\"widget\" data-widget_type=\"text-editor.default\">\n\t\t\t\t<div class=\"elementor-widget-container\">\n\t\t\t\t\t\t\t<p>Os Cr\u00e9ditos excedentes de Mestrado, obtidos at\u00e9 36 meses anteriores \u00e0 matr\u00edcula no Doutorado, poder\u00e3o ser aproveitados para o curso.<\/p><p>Para isso, no momento da matr\u00edcula na disciplina (Sistema Janus), o aluno dever\u00e1 informar que a disciplina ficar\u00e1 \u201cDispon\u00edvel\u201d (D), ou, encaminhar, antes do dep\u00f3sito mediante aprova\u00e7\u00e3o do orientador para manifesta\u00e7\u00e3o da CPG.<\/p><p>Importante: As disciplinas que forem disponibilizadas para o Doutorado n\u00e3o aparecer\u00e3o em seu Hist\u00f3rico do Mestrado.<\/p>\t\t\t\t\t\t<\/div>\n\t\t\t\t<\/div>\n\t\t\t\t\t<\/div>\n\t\t<\/div>\n\t\t\t\t\t<\/div>\n\t\t<\/section>\n\t\t\t\t<\/div>\n\t\t","protected":false},"excerpt":{"rendered":"<p>Aproveitamento de Cr\u00e9ditos O requerimento de aproveitamento de cr\u00e9ditos dever\u00e1 ser enviado via \u201cRequerimentos\u201d do Sistema Janus. O processo envolve as seguintes etapas: \u2013 Requerimento dirigido \u00e0 CCP, acompanhada da manifesta\u00e7\u00e3o do orientador; \u2013 Delibera\u00e7\u00e3o da CCP; \u2013 Delibera\u00e7\u00e3o da CPG; \u2013 Comunica\u00e7\u00e3o da decis\u00e3o ao interessado pela secretaria do P\u00f3s-Gradua\u00e7\u00e3o. Aproveitamento de Cr\u00e9ditos por [&hellip;]<\/p>\n","protected":false},"author":24578,"featured_media":0,"parent":0,"menu_order":0,"comment_status":"closed","ping_status":"closed","template":"","meta":{"footnotes":"","_links_to":"","_links_to_target":""},"class_list":["post-407","page","type-page","status-publish","hentry"],"_links":{"self":[{"href":"https:\/\/sites.usp.br\/ppgfm\/wp-json\/wp\/v2\/pages\/407","targetHints":{"allow":["GET"]}}],"collection":[{"href":"https:\/\/sites.usp.br\/ppgfm\/wp-json\/wp\/v2\/pages"}],"about":[{"href":"https:\/\/sites.usp.br\/ppgfm\/wp-json\/wp\/v2\/types\/page"}],"author":[{"embeddable":true,"href":"https:\/\/sites.usp.br\/ppgfm\/wp-json\/wp\/v2\/users\/24578"}],"replies":[{"embeddable":true,"href":"https:\/\/sites.usp.br\/ppgfm\/wp-json\/wp\/v2\/comments?post=407"}],"version-history":[{"count":4,"href":"https:\/\/sites.usp.br\/ppgfm\/wp-json\/wp\/v2\/pages\/407\/revisions"}],"predecessor-version":[{"id":426,"href":"https:\/\/sites.usp.br\/ppgfm\/wp-json\/wp\/v2\/pages\/407\/revisions\/426"}],"wp:attachment":[{"href":"https:\/\/sites.usp.br\/ppgfm\/wp-json\/wp\/v2\/media?parent=407"}],"curies":[{"name":"wp","href":"https:\/\/api.w.org\/{rel}","templated":true}]}}