{"id":265,"date":"2020-09-09T10:15:52","date_gmt":"2020-09-09T12:15:52","guid":{"rendered":"http:\/\/sites.usp.br\/ppggastro\/?page_id=265"},"modified":"2020-09-09T10:15:52","modified_gmt":"2020-09-09T12:15:52","slug":"mgt5773","status":"publish","type":"page","link":"https:\/\/sites.usp.br\/ppggastro\/mgt5773\/","title":{"rendered":"MGT5773"},"content":{"rendered":"<h1>Relat\u00f3rio de Dados da Disciplina<\/h1>\n<p><strong>\u00a0<\/strong><\/p>\n<p>Sigla:\u00a0 MGT5773 &#8211; 2\u00a0\u00a0\u00a0\u00a0\u00a0\u00a0 Tipo: POS<\/p>\n<p>Nome: Desenvolvimento de Id\u00e9ias, Marcas e Patentes em Medicina<\/p>\n<p>\u00c1rea: Ci\u00eancias em Gastroenterologia (5168)<\/p>\n<p>&nbsp;<\/p>\n<p><strong>Datas de aprova\u00e7\u00e3o<\/strong><\/p>\n<p>CCP: 02\/10\/2018\u00a0\u00a0\u00a0\u00a0\u00a0\u00a0 CPG: 23\/10\/2018\u00a0\u00a0\u00a0\u00a0\u00a0\u00a0 CoPGr:<\/p>\n<p>Data de ativa\u00e7\u00e3o: 23\/11\/2018\u00a0\u00a0\u00a0\u00a0\u00a0\u00a0 Data de desativa\u00e7\u00e3o:<\/p>\n<p>&nbsp;<\/p>\n<p><strong>Carga hor\u00e1ria<\/strong><\/p>\n<p>Total: 60 h\u00a0\u00a0\u00a0\u00a0\u00a0\u00a0\u00a0 Te\u00f3rica: 5 h\u00a0\u00a0\u00a0\u00a0\u00a0\u00a0\u00a0 Pr\u00e1tica: 16 h\u00a0\u00a0\u00a0\u00a0\u00a0\u00a0\u00a0 Estudo: 9 h<\/p>\n<p>Cr\u00e9ditos: 4\u00a0\u00a0\u00a0\u00a0\u00a0\u00a0\u00a0 Dura\u00e7\u00e3o: 2 Semanas<\/p>\n<p>&nbsp;<\/p>\n<p><strong>Respons\u00e1veis<\/strong><\/p>\n<p>2183155 &#8211; Eduardo Guimar\u00e3es Hourneaux de Moura &#8211; 23\/11\/2018 at\u00e9 data atual<\/p>\n<p>&nbsp;<\/p>\n<p><strong>Objetivos<\/strong><\/p>\n<ul>\n<li>Apresentar aos alunos da p\u00f3s-gradua\u00e7\u00e3o quais s\u00e3o os conhecimentos, as habilidades e as atitudes que necessitam ser desenvolvidas para possibilitar, a partir da concep\u00e7\u00e3o da ideia, a obten\u00e7\u00e3o de uma marca e<\/li>\n<li>Estimular a criatividade do p\u00f3s-graduando na gera\u00e7\u00e3o de produtos inovadores, que possam se tornar marcos com seu dom\u00ednio institucional garantido.<\/li>\n<\/ul>\n<p>&nbsp;<\/p>\n<p><strong>Justificativa<\/strong><\/p>\n<p>A disciplina al\u00e9m de cumprir o objetivo principal da p\u00f3s-gradua\u00e7\u00e3o \u201csenso estrito\u201d de forma\u00e7\u00e3o de pesquisadores, alia a necessidade de estimular a partir de uma id\u00e9ia brilhante (Conceito de Capital Intelectual, onde o conhecimento ou criatividade pode ser convertido em valor econ\u00f4mico), o desenvolvimento de produtos, sua marca e patente.<\/p>\n<p>&nbsp;<\/p>\n<p><strong>Conte\u00fado<\/strong><\/p>\n<p>Definir o que \u00e9 propriedade intelectual e identificar a sua import\u00e2ncia para a ind\u00fastria brasileira Desde quando os homens buscam proteger a propriedade intelectual?<\/p>\n<p>O que \u00e9 propriedade intelectual<\/p>\n<p>O que a propriedade intelectual abrange<\/p>\n<p>Atual marco regulat\u00f3rio que trata da propriedade intelectual no Brasil<\/p>\n<p>Conceituar o que \u00e9 direito autoral e direitos conexos e suas implica\u00e7\u00f5es O que garante o direito autoral no Brasil<\/p>\n<p>Direitos de autor Direitos conexos<\/p>\n<p>Explicar quais s\u00e3o os direitos sobre programa de computador Programa de Computador<\/p>\n<p>Identificar o que \u00e9 propriedade industrial e suas aplica\u00e7\u00f5es: patente de inven\u00e7\u00e3o e de modelo de utilidade; registro de marca, de desenho industrial e de indica\u00e7\u00f5es geogr\u00e1ficas<\/p>\n<p>Quem garante e concede o direito da propriedade industrial no Brasil O que a express\u00e3o propriedade industrial abrange<\/p>\n<p>Para que serve a propriedade industrial<\/p>\n<p>Patente de Inven\u00e7\u00e3o e de Modelo de Utilidade Registro de Desenho Industrial<\/p>\n<p>Registro de Marca<\/p>\n<p>Registro de Indica\u00e7\u00f5es Geogr\u00e1ficas Repress\u00e3o \u00e0 Concorr\u00eancia Desleal<\/p>\n<p>Atual marco regulat\u00f3rio de apoio a inova\u00e7\u00e3o no Brasil<\/p>\n<ul>\n<li>Tendo id\u00e9ias em Gastroenterologia (a. inova\u00e7\u00f5es que podem ser patenteadas; b. m\u00e9todos para desenvolver cientificamente a id\u00e9ia; c. colocando em pr\u00e1tica o projeto.<\/li>\n<li>Projetos de Desenvolvimento de Id\u00e9ias, Marcas e Patentes em Endoscopia e Radiologia Intervencionista<\/li>\n<li>Projetos de Desenvolvimento de Id\u00e9ias, Marcas e Patentes em Cirurgia<\/li>\n<\/ul>\n<p>&nbsp;<\/p>\n<p>&nbsp;<\/p>\n<p><strong>Bibliografia<\/strong><\/p>\n<p><a href=\"http:\/\/www.mct.gov.br\/index.php\/content\/view\/4639.html\">Manuais de Inova\u00e7\u00e3o tecnol\u00f3gica. http:\/\/www.mct.gov.br\/index.php\/content\/view\/4639.html<\/a> Manual para o depositante de patentes (INPI, 2015)<\/p>\n<p>Paranagu\u00e1 P. Patentes e cria\u00e7\u00f5es industriais. Rio de Janeiro: Editora FGV; 2009. 150 p.<\/p>\n<p>Paranagu\u00e1 P, Branco S. Direitos autorais. Rio de Janeiro: Editora FGV; 2009. 144 p.(Santos, 2009)<\/p>\n<p>Santos MER, Toledo PTM, Lotufo RA, orgs. Transfer\u00eancia de tecnologia. Campinas, SP: Komedi; 2009.<\/p>\n<p>&nbsp;<\/p>\n<p><span style=\"text-decoration: underline;\">S\u00edtios de Interesse (sites)<\/span><\/p>\n<p><a href=\"http:\/\/www.inpi.gov.br\/\">INPI &#8211; Instituto Nacional da Propriedade Industria, http:\/\/www.inpi.gov.br<\/a> United States Patent and Trademark Office, <a href=\"http:\/\/www.uspto.gov\/\">http:\/\/www.uspto.gov<\/a><\/p>\n<p><em>UK Intellectual Property Office<\/em><\/p>\n<p>https<a href=\"http:\/\/www.gov.uk\/government\/organisations\/intellectual-property-office\">:\/\/www<\/a>.gov<a href=\"http:\/\/www.gov.uk\/government\/organisations\/intellectual-property-office\">.uk\/government\/organisations\/intellectual-property-of<\/a>fice<\/p>\n<p><em>Japan Patent Office<\/em><\/p>\n<p><a href=\"http:\/\/www.jpo.go.jp\/\">http:\/\/www.jpo.go.jp<\/a><\/p>\n<p>W<a href=\"http:\/\/www.wipo.int\/\">orld Intellectual Property Organization (WIPO), http:\/\/www.wipo.int<\/a><\/p>\n<p><a href=\"http:\/\/www.inventores.com.br\/\">ANI &#8211; Associa\u00e7\u00e3o Nacional dos Inventores , http:\/\/www.inventores.com.br<\/a><\/p>\n<p>FOR<a href=\"http:\/\/www.portalfortec.org\/\">TEC-BR &#8211; F\u00f3rum Nacional de Gestores de Inova\u00e7\u00e3o , http:\/\/www.portalfortec.org<\/a><\/p>\n<p>&nbsp;<\/p>\n<p><strong>Forma de avalia\u00e7\u00e3o<\/strong><\/p>\n<p>Vide campo Observa\u00e7\u00e3o.<\/p>\n<p>&nbsp;<\/p>\n<p><strong>Observac\u00e3o<\/strong><\/p>\n<p><span style=\"text-decoration: underline;\">Avalia\u00e7\u00e3o<\/span><\/p>\n<p>A disciplina ser\u00e1 oferecida a alunos matriculados em n\u00edvel de mestrado e doutorado. As atividades ser\u00e3o desenvolvidas exclusivamente \u00e0 dist\u00e2ncia, utilizando o ambiente interativo digital da MedUSP Digital. Ser\u00e3o utilizados recursos de v\u00eddeo-aulas, webconfer\u00eancias, listas de discuss\u00f5es e votadores. Ser\u00e1 avaliado a participa\u00e7\u00e3o nas atividades do ambiente digital, tais como acesso \u00e0s v\u00eddeo-aulas, aos materiais de estudo, aos votadores, presen\u00e7a nas<\/p>\n<p>webconfer\u00eancias e envio de s\u00edntese do conte\u00fado. Observa\u00e7\u00f5es:<\/p>\n<p>Conceitos que envolvem a disciplina proposta:<\/p>\n<ul>\n<li>Id\u00e9ia: A palavra deriva do grego idea ou eidea, cuja raiz etilol\u00f3gica \u00e9 eidos \u2013 imagem. O seu significado, desde a origem, implica a controv\u00e9rsia entre a teoria da extromiss\u00e3o (Plat\u00e3o) e a da intromiss\u00e3o (Arist\u00f3teles). No centro da pol\u00e9mica est\u00e1 o conceito de representa\u00e7\u00e3o do real (realidade).<\/li>\n<\/ul>\n<p>Para Plat\u00e3o, a ideia que fazemos de uma coisa prov\u00e9m do princ\u00edpio geral, do \u00abmundo intelig\u00edvel\u00bb, que constitui a Ideia Universal, categoria que est\u00e1 na base da sua filosofia, o idealismo. Assim, a ideia da coisa \u00e9 uma proje\u00e7\u00e3o do saber: ao verem a coisa, os olhos, emitindo raios de luz, projetam a imagem dessa mesma coisa, que existe em n\u00f3s como princ\u00edpio universal (extromiss\u00e3o). Esta doutrina \u00e9 designada por \u00abidealismo\u00bb.<\/p>\n<p>Para Arist\u00f3teles, a ideia da coisa prov\u00e9m da experi\u00eancia sens\u00edvel, do \u00abmundo dos fen\u00f3menos contingentes\u00bb: as coisas emitem c\u00f3pias de si pr\u00f3prias, atrav\u00e9s da luz, c\u00f3pias assimiladas pelos sentidos e interpretadas pelo saber inato ou adquirido (intromiss\u00e3o), doutrina que funda o conceito de \u00abrealismo\u00bb.<\/p>\n<p>A id\u00e9ia (brilhante) \u00e9 a base de tudo (quatro passos: prepara\u00e7\u00e3o, incuba\u00e7\u00e3o, ilumina\u00e7\u00e3o e verifica\u00e7\u00e3o). Qualquer tempo perdido ap\u00f3s a id\u00e9ia brilhante pode ser respons\u00e1vel por inibir a motiva\u00e7\u00e3o que gerou a id\u00e9ia ou mesmo, colocar d\u00favidas se a ideia brilhante \u00e9 realmente boa ou n\u00e3o.<\/p>\n<ul>\n<li>Propriedade intelectual: refere-se, em sentido amplo, \u00e0s cria\u00e7\u00f5es do esp\u00edrito humano e aos direitos de prote\u00e7\u00e3o dos interesses dos criadores sobre suas cria\u00e7\u00f5es.<\/li>\n<li>Marca:<\/li>\n<\/ul>\n<p>\u00c9 um sinal visualmente percept\u00edvel, capaz de distinguir os produtos ou servi\u00e7os de uma empresa, principalmente, em rela\u00e7\u00e3o a outros concorrentes.<\/p>\n<ul>\n<li>Patente: \u00e9 um t\u00edtulo de propriedade tempor\u00e1ria sobre uma inven\u00e7\u00e3o ou modelo de utilidade, outorgado pelo Estado.<\/li>\n<\/ul>\n<p>Com este direito, o inventor tem o direito de impedir terceiros, sem o seu consentimento, de produzir, usar, colocar a venda, vender ou importar produto objeto de sua patente e\/ou processo ou produto obtido diretamente por processo por ele patenteado.","protected":false},"excerpt":{"rendered":"<p>Relat\u00f3rio de Dados da Disciplina \u00a0 Sigla:\u00a0 MGT5773 &#8211; 2\u00a0\u00a0\u00a0\u00a0\u00a0\u00a0 Tipo: POS Nome: Desenvolvimento de Id\u00e9ias, Marcas e Patentes em Medicina \u00c1rea: Ci\u00eancias em Gastroenterologia (5168) &nbsp; Datas de aprova\u00e7\u00e3o CCP: 02\/10\/2018\u00a0\u00a0\u00a0\u00a0\u00a0\u00a0 CPG: 23\/10\/2018\u00a0\u00a0\u00a0\u00a0\u00a0\u00a0 CoPGr: Data de ativa\u00e7\u00e3o: 23\/11\/2018\u00a0\u00a0\u00a0\u00a0\u00a0\u00a0 Data de desativa\u00e7\u00e3o: &nbsp; Carga hor\u00e1ria Total: 60 h\u00a0\u00a0\u00a0\u00a0\u00a0\u00a0\u00a0 Te\u00f3rica: 5 h\u00a0\u00a0\u00a0\u00a0\u00a0\u00a0\u00a0 Pr\u00e1tica: 16 h\u00a0\u00a0\u00a0\u00a0\u00a0\u00a0\u00a0 Estudo: [&hellip;]<\/p>\n","protected":false},"author":21987,"featured_media":0,"parent":0,"menu_order":2,"comment_status":"closed","ping_status":"closed","template":"","meta":{"_monsterinsights_skip_tracking":false,"_monsterinsights_sitenote_active":false,"_monsterinsights_sitenote_note":"","_monsterinsights_sitenote_category":0,"footnotes":"","_links_to":"","_links_to_target":""},"class_list":["post-265","page","type-page","status-publish","hentry"],"_links":{"self":[{"href":"https:\/\/sites.usp.br\/ppggastro\/wp-json\/wp\/v2\/pages\/265","targetHints":{"allow":["GET"]}}],"collection":[{"href":"https:\/\/sites.usp.br\/ppggastro\/wp-json\/wp\/v2\/pages"}],"about":[{"href":"https:\/\/sites.usp.br\/ppggastro\/wp-json\/wp\/v2\/types\/page"}],"author":[{"embeddable":true,"href":"https:\/\/sites.usp.br\/ppggastro\/wp-json\/wp\/v2\/users\/21987"}],"replies":[{"embeddable":true,"href":"https:\/\/sites.usp.br\/ppggastro\/wp-json\/wp\/v2\/comments?post=265"}],"version-history":[{"count":4,"href":"https:\/\/sites.usp.br\/ppggastro\/wp-json\/wp\/v2\/pages\/265\/revisions"}],"predecessor-version":[{"id":299,"href":"https:\/\/sites.usp.br\/ppggastro\/wp-json\/wp\/v2\/pages\/265\/revisions\/299"}],"wp:attachment":[{"href":"https:\/\/sites.usp.br\/ppggastro\/wp-json\/wp\/v2\/media?parent=265"}],"curies":[{"name":"wp","href":"https:\/\/api.w.org\/{rel}","templated":true}]}}