{"id":502,"date":"2020-10-22T08:23:46","date_gmt":"2020-10-22T10:23:46","guid":{"rendered":"http:\/\/sites.usp.br\/ppggastro\/?page_id=502"},"modified":"2020-10-22T16:31:06","modified_gmt":"2020-10-22T18:31:06","slug":"apoio-a-pesquisa","status":"publish","type":"page","link":"https:\/\/sites.usp.br\/ppggastro\/apoio-a-pesquisa\/","title":{"rendered":"Apoio \u00e0 pesquisa"},"content":{"rendered":"<p>&nbsp;<\/p>\n<p>&nbsp;<\/p>\n<ul class=\"sub-menu\">\n<li class=\"menu-item menu-item-type-post_type menu-item-object-page menu-item-311\"><span style=\"font-size: 14pt;\"><a href=\"https:\/\/sites.usp.br\/ppggastro\/mgt5775\/\">M\u00e9todos de Avalia\u00e7\u00e3o de Qualidade de Vida Relacionada a Patologias e Cirurgias do Aparelho Digestivo e Coloproctologia<\/a><\/span><\/li>\n<\/ul>\n<p>&nbsp;<\/p>\n<ul class=\"sub-menu\">\n<li class=\"menu-item menu-item-type-post_type menu-item-object-page menu-item-316\"><span style=\"font-size: 14pt;\"><a href=\"https:\/\/sites.usp.br\/ppggastro\/mgt5744\/\">Gen\u00f4mica e Marcadores Moleculares em Cirurgia Oncol\u00f3gica do Aparelho Digestivo<\/a><\/span><\/li>\n<\/ul>\n<p>&nbsp;<\/p>\n<ul class=\"sub-menu\">\n<li class=\"menu-item menu-item-type-post_type menu-item-object-page menu-item-318\"><span style=\"font-size: 14pt;\"><a href=\"https:\/\/sites.usp.br\/ppggastro\/mgt5723\/\">Modelos Experimentais e Metodologia Cient\u00edfica em Doen\u00e7as Hep\u00e1ticas e Gastrointestinais<\/a><\/span><\/li>\n<\/ul>\n<p>&nbsp;<\/p>\n<ul class=\"sub-menu\">\n<li class=\"menu-item menu-item-type-post_type menu-item-object-page menu-item-319\"><span style=\"font-size: 14pt;\"><a href=\"https:\/\/sites.usp.br\/ppggastro\/mgt5721\/\">Metabolismo e F\u00e1rmaco-Nutri\u00e7\u00e3o em Cirurgia do Aparelho Digestivo<\/a><\/span><\/li>\n<\/ul>\n<p>&nbsp;<\/p>\n<ul>\n<li><a href=\"https:\/\/sites.usp.br\/ppggastro\/neurogastro\/\"><span style=\"font-size: 14pt;\">Neurogastroenterologia e Motilidade Digestiva<\/span><\/a><\/li>\n<\/ul>\n","protected":false},"excerpt":{"rendered":"<p>&nbsp; &nbsp; M\u00e9todos de Avalia\u00e7\u00e3o de Qualidade de Vida Relacionada a Patologias e Cirurgias do Aparelho Digestivo e Coloproctologia &nbsp; Gen\u00f4mica e Marcadores Moleculares em Cirurgia Oncol\u00f3gica do Aparelho Digestivo &nbsp; Modelos Experimentais e Metodologia Cient\u00edfica em Doen\u00e7as Hep\u00e1ticas e Gastrointestinais &nbsp; Metabolismo e F\u00e1rmaco-Nutri\u00e7\u00e3o em Cirurgia do Aparelho Digestivo &nbsp; Neurogastroenterologia e Motilidade Digestiva<\/p>\n","protected":false},"author":21987,"featured_media":0,"parent":0,"menu_order":2,"comment_status":"closed","ping_status":"closed","template":"","meta":{"_monsterinsights_skip_tracking":false,"_monsterinsights_sitenote_active":false,"_monsterinsights_sitenote_note":"","_monsterinsights_sitenote_category":0,"footnotes":"","_links_to":"","_links_to_target":""},"class_list":["post-502","page","type-page","status-publish","hentry"],"_links":{"self":[{"href":"https:\/\/sites.usp.br\/ppggastro\/wp-json\/wp\/v2\/pages\/502","targetHints":{"allow":["GET"]}}],"collection":[{"href":"https:\/\/sites.usp.br\/ppggastro\/wp-json\/wp\/v2\/pages"}],"about":[{"href":"https:\/\/sites.usp.br\/ppggastro\/wp-json\/wp\/v2\/types\/page"}],"author":[{"embeddable":true,"href":"https:\/\/sites.usp.br\/ppggastro\/wp-json\/wp\/v2\/users\/21987"}],"replies":[{"embeddable":true,"href":"https:\/\/sites.usp.br\/ppggastro\/wp-json\/wp\/v2\/comments?post=502"}],"version-history":[{"count":4,"href":"https:\/\/sites.usp.br\/ppggastro\/wp-json\/wp\/v2\/pages\/502\/revisions"}],"predecessor-version":[{"id":529,"href":"https:\/\/sites.usp.br\/ppggastro\/wp-json\/wp\/v2\/pages\/502\/revisions\/529"}],"wp:attachment":[{"href":"https:\/\/sites.usp.br\/ppggastro\/wp-json\/wp\/v2\/media?parent=502"}],"curies":[{"name":"wp","href":"https:\/\/api.w.org\/{rel}","templated":true}]}}