{"id":514,"date":"2020-10-22T16:15:32","date_gmt":"2020-10-22T18:15:32","guid":{"rendered":"http:\/\/sites.usp.br\/ppggastro\/?page_id=514"},"modified":"2020-10-22T16:17:59","modified_gmt":"2020-10-22T18:17:59","slug":"regulamento-do-programa","status":"publish","type":"page","link":"https:\/\/sites.usp.br\/ppggastro\/regulamento-do-programa\/","title":{"rendered":"Regulamento do Programa"},"content":{"rendered":"<p style=\"text-align: center;\"><span style=\"font-size: 14pt;\"><a href=\"https:\/\/sites.usp.br\/ppggastro\/wp-content\/uploads\/sites\/616\/2020\/10\/REGULAMENTO-DAGASTROENTEROLOGIA2019.pdf\">Regulamento do Programa de P\u00f3s-Gradua\u00e7\u00e3o em Ci\u00eancias em Gastroenterologia da Faculdade de Medicina &#8211; FM.<\/a><\/span><\/p>\n","protected":false},"excerpt":{"rendered":"<p>Regulamento do Programa de P\u00f3s-Gradua\u00e7\u00e3o em Ci\u00eancias em Gastroenterologia da Faculdade de Medicina &#8211; FM.<\/p>\n","protected":false},"author":21987,"featured_media":0,"parent":0,"menu_order":2,"comment_status":"closed","ping_status":"closed","template":"","meta":{"_monsterinsights_skip_tracking":false,"_monsterinsights_sitenote_active":false,"_monsterinsights_sitenote_note":"","_monsterinsights_sitenote_category":0,"footnotes":"","_links_to":"","_links_to_target":""},"class_list":["post-514","page","type-page","status-publish","hentry"],"_links":{"self":[{"href":"https:\/\/sites.usp.br\/ppggastro\/wp-json\/wp\/v2\/pages\/514","targetHints":{"allow":["GET"]}}],"collection":[{"href":"https:\/\/sites.usp.br\/ppggastro\/wp-json\/wp\/v2\/pages"}],"about":[{"href":"https:\/\/sites.usp.br\/ppggastro\/wp-json\/wp\/v2\/types\/page"}],"author":[{"embeddable":true,"href":"https:\/\/sites.usp.br\/ppggastro\/wp-json\/wp\/v2\/users\/21987"}],"replies":[{"embeddable":true,"href":"https:\/\/sites.usp.br\/ppggastro\/wp-json\/wp\/v2\/comments?post=514"}],"version-history":[{"count":3,"href":"https:\/\/sites.usp.br\/ppggastro\/wp-json\/wp\/v2\/pages\/514\/revisions"}],"predecessor-version":[{"id":519,"href":"https:\/\/sites.usp.br\/ppggastro\/wp-json\/wp\/v2\/pages\/514\/revisions\/519"}],"wp:attachment":[{"href":"https:\/\/sites.usp.br\/ppggastro\/wp-json\/wp\/v2\/media?parent=514"}],"curies":[{"name":"wp","href":"https:\/\/api.w.org\/{rel}","templated":true}]}}