{"id":525,"date":"2020-10-22T16:30:06","date_gmt":"2020-10-22T18:30:06","guid":{"rendered":"http:\/\/sites.usp.br\/ppggastro\/?page_id=525"},"modified":"2020-10-22T16:30:18","modified_gmt":"2020-10-22T18:30:18","slug":"neurogastro","status":"publish","type":"page","link":"https:\/\/sites.usp.br\/ppggastro\/neurogastro\/","title":{"rendered":"Neurogastroenterologia"},"content":{"rendered":"<p>Sigla: MGT5772 &#8211; 1<\/p>\n<p>&nbsp;<\/p>\n<p>Nome: Neurogastroenterologia e Motilidade Digestiva<\/p>\n<p>\u00c1rea: Ci\u00eancias em Gastroenterologia (5168)<\/p>\n<p>Datas de aprova\u00e7\u00e3o:<br \/>\nCCP: 10\/10\/2013 CPG: 13\/02\/2014 CoPGr:<br \/>\nData de ativa\u00e7\u00e3o: 13\/02\/2014 Data de desativa\u00e7\u00e3o:<\/p>\n<p>Carga hor\u00e1ria:<br \/>\nTotal: 60 h Te\u00f3rica: 5 h Pr\u00e1tica: 16 h Estudo: 9 h<br \/>\nCr\u00e9ditos: 4 Dura\u00e7\u00e3o: 2 Semanas<\/p>\n<p>Respons\u00e1veis:<br \/>\n1772567 &#8211; Tom\u00e1s Navarro Rodriguez &#8211; 13\/02\/2014 at\u00e9 data atual<\/p>\n<p style=\"text-align: left;\">Objetivos:<br \/>\nA Neurogastroenterologia engloba o estudo das intera\u00e7\u00f5es entre o c\u00e9rebro e trato digestivo. A avalia\u00e7\u00e3o das suas intera\u00e7\u00f5es se torna importante para o entendimento dos Dist\u00farbios de Motilidade e Funcionais do Trato Gastrointestinal, consequentemente melhor direcionamento em rela\u00e7\u00e3o ao diagn\u00f3stico e tratamento dessas enfermidades.<\/p>\n<p style=\"text-align: left;\">Justificativa:<br \/>\nA Neurogastroenterologia e a Motilidade do Trato Digestivo compreendem dist\u00farbios gastrointestinais muito frequentes na \u00e1rea da Gastroenterologia.<br \/>\nA Neurogastroenterologia engloba o estudo das intera\u00e7\u00f5es entre o c\u00e9rebro e o trato digestivo. Suas intera\u00e7\u00f5es apresentam relev\u00e2ncia para o entendimento e direcionamento dos Dist\u00farbios da Motilidade e Funcionais do Trato Gastrointestinal.<br \/>\nNa aus\u00eancia de biomarcadores espec\u00edficos da doen\u00e7a, cada uma das s\u00edndromes \u00e9 classificada pelos sintomas e pela aus\u00eancia de outras condi\u00e7\u00f5es que podem ser respons\u00e1veis pelos sintomas. Apesar do progn\u00f3stico benigno, as doen\u00e7as<br \/>\ngastrointestinais funcionais podem afetar a qualidade de vida, no que diz respeito \u00e0 sa\u00fade, tanto quanto as doen\u00e7as org\u00e2nicas. A fisiopatologia das doen\u00e7as gastrointestinais funcionais ainda n\u00e3o \u00e9 totalmente compreendida, mas essas doen\u00e7as s\u00e3o<br \/>\ncaracterizadas por altera\u00e7\u00f5es nas intera\u00e7\u00f5es bidirecionais entre o c\u00e9rebro e o trato digestivo, com contribui\u00e7\u00f5es vari\u00e1veis da percep\u00e7\u00e3o elevada de sinais vitais pelo sistema nervoso central (hipersensibilidade visceral) e sinaliza\u00e7\u00e3o alterada do sistema nervoso para o trato gastrointestinal, atrav\u00e9s da atividade do sistema nervoso aut\u00f4nomo. Cada<br \/>\ncategoria diagn\u00f3stica da doen\u00e7a gastrointestinal funcional \u00e9 definida por crit\u00e9rios sintom\u00e1ticos que incluem diferentes subconjuntos de pacientes que exibem diferentes padr\u00f5es de altera\u00e7\u00f5es do eixo c\u00e9rebro-intestinal e que resultam em<br \/>\nv\u00e1rias anomalias da secre\u00e7\u00e3o, fun\u00e7\u00e3o imunol\u00f3gica, sensibilidade visceral e motilidade gastrointestinal. Dentre os Dist\u00farbios de Motilidade e Funcionais do Trato Gastrointestinal podemos citar, entre os mais frequentes a<br \/>\nDoen\u00e7a do Refluxo Gastroesof\u00e1gico, a Dispepsia Funcional, a S\u00edndrome do Intestino Irrit\u00e1vel e a Constipa\u00e7\u00e3o Intestinal. A Doen\u00e7a do Refluxo Gastroesof\u00e1gico apresenta grande preval\u00eancia, acometendo 12,5% da popula\u00e7\u00e3o brasileira. Al\u00e9m<br \/>\ndos sintomas altamente incomodativos, das complica\u00e7\u00f5es (dentre as quais se destaca o es\u00f4fago de Barrett que \u00e9 considerada les\u00e3o pr\u00e9-cancerosa) e do comprometimento da qualidade de vida dos pacientes \u00e9 importante considerar o seguinte: 1) as manifesta\u00e7\u00f5es t\u00edpicas e at\u00edpicas da enfermidade requerem conhecimento detalhado de sua fisiopatologia<br \/>\na qual, infelizmente, apresenta numerosos aspectos a esclarecer e; 2) os m\u00e9todos diagn\u00f3sticos, embora com elevada especificidade, n\u00e3o t\u00eam sensibilidade igualmente elevada como, por exemplo, 50% relativos ao exame endosc\u00f3pico.<br \/>\nTendo em vista as considera\u00e7\u00f5es acima, programou-se o presente curso que visa discutir criticamente a fisiopatologia e diagn\u00f3stico da DRGE e apresentar propostas de investiga\u00e7\u00e3o. \u00c9 importante destacar que a DRGE n\u00e3o apresenta um marcador diagn\u00f3stico. Recentemente o estudo do espa\u00e7o intercelular da mucosa esof\u00e1gica tem se mostrado um passo interessante nesse sentido. Com efeito, este parece ser um<br \/>\nfator importante no desencadeamento de sintomas quando o exame de endoscopia digestiva alta \u00e9 normal e o paciente apresenta sintomas. O mecanismo, no entanto, que faz com que esse espa\u00e7o esteja dilatado ainda \u00e9 controverso, pois<br \/>\npode ocorrer a dilata\u00e7\u00e3o do espa\u00e7o consequente \u00e0 destrui\u00e7\u00e3o das tights junctions ou, a desidrata\u00e7\u00e3o celular levando ao aumento desse espa\u00e7o. Estudos t\u00eam sido realizados com gradiente de osmolaridade da c\u00e9lula e altera\u00e7\u00f5es do<br \/>\nmecanismo de transporte i\u00f4nico no epit\u00e9lio celular. Estes aspectos constituem, na verdade um campo aberto para discuss\u00f5es e novas investiga\u00e7\u00f5es, podendo futuramente fazer parte dos recursos diagn\u00f3sticos da DRGE de forma mais efetiva e com maior acur\u00e1cia. N\u00e3o menos importante para an\u00e1lise e discuss\u00e3o \u00e9 a controversa associa\u00e7\u00e3o da DRGE com Helicobacter pylori (Hp). A resposta do hospedeiro \u00e9 essencial na patog\u00eanese da infec\u00e7\u00e3o pelo Hp. Esta rea\u00e7\u00e3o imune Th1 tende a ser mais agressiva e relacionada com o aparecimento de les\u00e3o g\u00e1strica. Uma hip\u00f3tese para a falta de doen\u00e7as associadas a esta<br \/>\nbact\u00e9ria na \u00c1frica, apesar de alta preval\u00eancia bacteriana, seria o predom\u00ednio de resposta imune Th2 em negros africanos, provavelmente, facilitada por infesta\u00e7\u00f5es helm\u00ednticas ou predisposi\u00e7\u00e3o gen\u00e9tica induzida pela mal\u00e1ria. Em pa\u00edses em desenvolvimento, como o Brasil, o padr\u00e3o da resposta do hospedeiro tenderia a ser parecido com a do<br \/>\nafricano, j\u00e1 que s\u00e3o comuns infesta\u00e7\u00f5es helm\u00ednticas em nosso meio, al\u00e9m da presen\u00e7a de n\u00famero elevado de pacientes com ascend\u00eancia africana. Tais fatos poderiam levar a menor inflama\u00e7\u00e3o f\u00fandica, mesmo com cepas mais agressivas<br \/>\n(cag A+), diminuindo pouco sua capacidade secretora. Existem ainda outras vari\u00e1veis que controlam a resposta imune. Um exemplo importante com rela\u00e7\u00e3o \u00e0 capacidade gen\u00e9tica de promover maior ou menor inflama\u00e7\u00e3o \u00e9 o gene IL-1beta.<br \/>\nT\u00e3o importante quanto \u00e0s doen\u00e7as funcionais do trato digestivo alto est\u00e3o as do trato digestivo baixo como a S\u00edndrome do Intestino Irrit\u00e1vel (SII) e a Constipa\u00e7\u00e3o Intestinal. Na SII estudos de imagens cerebrais em sugerem respostas<br \/>\nmelhoradas tanto para a dor visceral esperada quanto para o real, incluindo as regi\u00f5es do c\u00e9rebro relacionadas ao processamento sensorial, interesse emocional e modula\u00e7\u00e3o cognitiva. Assim como, as altera\u00e7\u00f5es nas respostas neuroend\u00f3crinas em pacientes com SII podem ser refletidas por n\u00edveis plasm\u00e1ticos alterados de horm\u00f4nio<br \/>\nadrenocorticotr\u00f3fico e cortisol.<\/p>\n<p style=\"text-align: left;\">Conte\u00fado:<br \/>\nO curso \u00e9 dividido em dois m\u00f3dulos:<br \/>\nM\u00f3dulo 1. Neurogastroenterologia e Motilidade Esof\u00e1gica e G\u00e1strica<br \/>\nNeste m\u00f3dulo ser\u00e3o enfocadas as altera\u00e7\u00f5es da motilidade esof\u00e1gica, suas inter-rela\u00e7\u00f5es com o c\u00e9rebro como, por exemplo: altera\u00e7\u00f5es do sono em pacientes com doen\u00e7a do refluxo gastroesof\u00e1gico (DRGE), entre outras. Ser\u00e3o abordados os mecanismos que fazem com que os pacientes tenham v\u00f4mitos frequentemente. Dor tor\u00e1cica de origem<br \/>\nn\u00e3o card\u00edaca, DRGE n\u00e3o-erosiva, Pirose funcional, Disfagia e o papel das altera\u00e7\u00f5es auto-imunes como mecanismo do sistema nervoso central na aclasia idiop\u00e1tica. Tamb\u00e9m, ser\u00e3o enfocadas as altera\u00e7\u00f5es da motilidade g\u00e1strica e suas inter-rela\u00e7\u00f5es com o trato digestivo e sintomatologia do paciente como na gastroparesias diab\u00e9ticas ou n\u00e3o e dispepsia<br \/>\nfuncional.<br \/>\nAvalia\u00e7\u00e3o e indica\u00e7\u00f5es e contra-indica\u00e7\u00f5es dos efeitos dos probi\u00f3ticos em doen\u00e7as do trato disgestivo e sist\u00eamicas.<br \/>\nM\u00f3dulo 2. Neurogastroenterologia e Motilidade Intestinal e Anal<br \/>\nEntendimento da serotonina na motilidade intestinal em especial na s\u00edndrome do intestino irrit\u00e1vel. Avalia\u00e7\u00e3o das<br \/>\naltera\u00e7\u00f5es no Sistema Nervoso Central em pacientes com S\u00edndrome do Intestino Irrit\u00e1vel.<br \/>\nAvalia\u00e7\u00e3o e indica\u00e7\u00f5es e contraindica\u00e7\u00f5es dos efeitos dos probi\u00f3ticos em doen\u00e7as do trato digestivo e sist\u00eamicas.<br \/>\nAvalia\u00e7\u00e3o da constipa\u00e7\u00e3o intestinal cr\u00f4nica refrat\u00e1ria e interpreta\u00e7\u00e3o de seus padr\u00f5es alterados quanto ao tempo de<br \/>\ntr\u00e2nsito: in\u00e9rcia col\u00f4nica ou obstru\u00e7\u00e3o funcional distal (ou \u201cde sa\u00edda\u201d). No padr\u00e3o funcional distal ser\u00e3o enfocadas<br \/>\ncausas como a s\u00edndrome da contra\u00e7\u00e3o paradoxal do puborretal ou anismo, a s\u00edndrome da descida excessiva do per\u00edneo,<br \/>\nretocele, enterocele e prolapso interno (ou intussuscep\u00e7\u00e3o) do reto.<\/p>\n<p>&nbsp;<\/p>\n<p style=\"text-align: left;\">Bibliografia:<br \/>\n1. Navarro-Rodriguez T, Silva FM, Barbuti RC, Mattar R, Moraes-Filho JP, Oliveira MN, Bogsan CS, Chinzon D, Eisig JN.<br \/>\nAssociation of a probiotic to a Helicobacter pylori eradication regimen does not increase efficacy or decreases the<br \/>\nadverse effects of the treatment: a prospective, randomized, double-blind, placebo-controlled study. BMC<br \/>\nGastroenterology. 2013; 13(1): 56.<br \/>\n2. Silva RCV, S\u00e1 CC, Pascual-Vaca AO, Fontes LHS, Chaves RM, Dib RA, Blanco CR, Queiroz RA, Navarro-Rodriguez<br \/>\nT. Increase of lower esophageal sphincter pressure after osteopathic intervention on the diaphragm in patients with<br \/>\ngastroesophageal reflux. Dis Esophagus 2012; Jun 7. doi: 10.1111\/j.1442-2050.2012.01372.x.<br \/>\n3. Fontes LHS, Herbella FAM, Navarro-Rodriguez T, Trivino T, Farah JFM. Progression of diffuse esophageal spasm to<br \/>\nachalasia: incidence and predictive factors. Dis Esophagus 2012; Jul 20. doi: 10.1111\/j.1442-2050.2012.01377.x.<br \/>\n4. Chaves RCM, Suesada M, Polisel F, S\u00e1 CC, Navarro-Rodriguez T. Respiratory physiotherapy can increase lower<br \/>\nesophageal sphincter pressure in GERD patients. Respir Med 2012; 106(12):1794-9.<br \/>\n5. Fontes LHS &amp; Navarro-Rodriguez T. Esofagomanometria e pH-metria Esof\u00e1gica: guia pr\u00e1tico. Editora Atheneu \u2013 S\u00e3o<br \/>\nPaulo. 2012.<br \/>\n6. Hershcovici T, Navarro-Rodriguez T, Fass R. Noncardiac Chest Pain: an Update. Current Medical Literature &#8211;<br \/>\n22\/10\/2020 Dados da Disciplina<br \/>\nhttps:\/\/uspdigital.usp.br\/janus\/disciplina\/disciplinasCredenciadas.jsf 3\/3<br \/>\nSistema Administrativo da P\u00f3s-Gradua\u00e7\u00e3o<br \/>\nRelat\u00f3rio de Dados da Disciplina<br \/>\nGerado em 22\/10\/2020 08:52:26<br \/>\nGastroenterology 2011; 30(2):37-54.<br \/>\n7. Poh CH, Hershcovici T, Gasiorowska A, Navarro-Rodriguez T, Willis MR, Powers J, Ashpole N, Wendel CS, Noelck N,<br \/>\nFass R. The effect of antireflux treatment on patients with gastroesophageal reflux disease undergoing a mental<br \/>\narithmetic stressor. Neurogastroenterol. Motil. 2011; 23(11): e489-96.<br \/>\n8. Bogsan CSB, Florence ACR, Perina N, Barbuti RC, Navarro-Rodriguez T, Eisig JN, Oliveira MN. Probiotics intake and<br \/>\nmetabolic syndrome: A proposal. Trends in Food Science &amp; Technology 2011; 22: 457-464.<br \/>\n9. Poh CH, Gasiorowska A, Allen L, Navarro-Rodriguez T, Mizved I, Powers J, Moty B, Quan SF, Willis MR, Ashpole N,<br \/>\nMalagon I, Fass. Reassessment of the principal characteristics of gastroesophageal reflux during the recumbent period<br \/>\nusing integrated actigraphy-acquired information. Am. J. Gastroenterol 2010; 105(5): 1024-31.<br \/>\n10. Poh CH, Allen L, Gasiorowska A, Navarro-Rodriguez T, Quan SF, Malagon I, Powers J, Willis MR, Ashpole N, Fass<br \/>\nR. Conscious Awakenings Are Commonly Associated With Acid Reflux Events in Patients With Gastroesophageal Reflux<br \/>\nDisease. Clin Gastroenterol Hepatol 2010; 8(10):851-7<br \/>\n11. Miranda RC, Dantas-J\u00fanior JP, Navarro-Rodriguez T. Constipa\u00e7\u00e3o Intestinal Funcional. Rev. Bras. Med. 2010; vol.67<br \/>\n(edi\u00e7\u00e3o especial): 12-19.<br \/>\n12. Silva Rossi-Aguiar VP, Navarro-Rodriguez T, Mattar R, Siqueira de Melo Peres MP, Correa Barbuti R, Silva FM,<br \/>\nCarrilho FJ, Eisig JN. Oral cavity is not a reservoir for Helicobacter pylori in infected patients with functional dyspepsia.<br \/>\nOral Microbiol Immunol. 2009;24(3):255-9.<br \/>\n13. Zaterka S, Eisig JN, Chinzon D, Rothstein W. Factors related to Helicobacter pylori prevalence in an adult population<br \/>\nin Brazil. Helicobacter. 2007;12(1):82-8.<br \/>\n14. Shapiro, M.; Green, C.; Bautista, J. M. P.; Raniero, L.; Malagon, I. B.; Corvo, M.; Risner-Adler, S.; Beeler, J.N.;<br \/>\nTuchinsky, I.; Fass, R. Functional heartburn patients demonstrate traits of functional bowel disorder but lack a uniform<br \/>\nincrease of chemoreceptor sensitivity to acid. Am J Gastroenterol. 101 (5):1084-91, 2006.<br \/>\nForma de avalia\u00e7\u00e3o:<br \/>\nOs alunos ser\u00e3o avaliados segundo sua frequ\u00eancia nas aulas te\u00f3ricas e pr\u00e1ticas e nos semin\u00e1rios. Ser\u00e1 considerada<br \/>\ntamb\u00e9m a participa\u00e7\u00e3o ativa dos alunos nas aul<br \/>\nObservac\u00e3o:<br \/>\nn\u00e3o consta.<\/p>\n","protected":false},"excerpt":{"rendered":"<p>Sigla: MGT5772 &#8211; 1 &nbsp; Nome: Neurogastroenterologia e Motilidade Digestiva \u00c1rea: Ci\u00eancias em Gastroenterologia (5168) Datas de aprova\u00e7\u00e3o: CCP: 10\/10\/2013 CPG: 13\/02\/2014 CoPGr: Data de ativa\u00e7\u00e3o: 13\/02\/2014 Data de desativa\u00e7\u00e3o: Carga hor\u00e1ria: Total: 60 h Te\u00f3rica: 5 h Pr\u00e1tica: 16 h Estudo: 9 h Cr\u00e9ditos: 4 Dura\u00e7\u00e3o: 2 Semanas Respons\u00e1veis: 1772567 &#8211; Tom\u00e1s Navarro Rodriguez [&hellip;]<\/p>\n","protected":false},"author":21987,"featured_media":0,"parent":0,"menu_order":2,"comment_status":"closed","ping_status":"closed","template":"","meta":{"_monsterinsights_skip_tracking":false,"_monsterinsights_sitenote_active":false,"_monsterinsights_sitenote_note":"","_monsterinsights_sitenote_category":0,"footnotes":"","_links_to":"","_links_to_target":""},"class_list":["post-525","page","type-page","status-publish","hentry"],"_links":{"self":[{"href":"https:\/\/sites.usp.br\/ppggastro\/wp-json\/wp\/v2\/pages\/525","targetHints":{"allow":["GET"]}}],"collection":[{"href":"https:\/\/sites.usp.br\/ppggastro\/wp-json\/wp\/v2\/pages"}],"about":[{"href":"https:\/\/sites.usp.br\/ppggastro\/wp-json\/wp\/v2\/types\/page"}],"author":[{"embeddable":true,"href":"https:\/\/sites.usp.br\/ppggastro\/wp-json\/wp\/v2\/users\/21987"}],"replies":[{"embeddable":true,"href":"https:\/\/sites.usp.br\/ppggastro\/wp-json\/wp\/v2\/comments?post=525"}],"version-history":[{"count":2,"href":"https:\/\/sites.usp.br\/ppggastro\/wp-json\/wp\/v2\/pages\/525\/revisions"}],"predecessor-version":[{"id":527,"href":"https:\/\/sites.usp.br\/ppggastro\/wp-json\/wp\/v2\/pages\/525\/revisions\/527"}],"wp:attachment":[{"href":"https:\/\/sites.usp.br\/ppggastro\/wp-json\/wp\/v2\/media?parent=525"}],"curies":[{"name":"wp","href":"https:\/\/api.w.org\/{rel}","templated":true}]}}